{"id":704305,"date":"2025-08-27T15:34:12","date_gmt":"2025-08-27T12:34:12","guid":{"rendered":"https:\/\/roveyayinevi.com.tr\/index.php\/urun\/klasik-sosyolojik-teori\/"},"modified":"2025-10-02T03:31:57","modified_gmt":"2025-10-02T00:31:57","slug":"klasik-sosyolojik-teori","status":"publish","type":"product","link":"https:\/\/roveyayinevi.com.tr\/index.php\/urun\/klasik-sosyolojik-teori\/","title":{"rendered":"Klasik Sosyolojik Teori"},"content":{"rendered":"<p>Klas ik Sosyolojik Teori: Sosyolojinin Vaadinin Yeniden Ke\u015ffi kl\u00e2s ik sosyolojik teori \u00fczerine 60 y\u0131ldan fazla s\u00fcredir \u015fekillenen lisans ve lisans\u00fcst\u00fc \u00f6\u011fretim deneyimlerimizin bir \u00fcr\u00fcn\u00fcd\u00fcr. Burada hem tutkuyla \u00fczerinde \u00e7al\u0131\u015fmay\u0131 s\u00fcrd\u00fcrd\u00fc\u011f\u00fcm\u00fcz hem de h\u00e2len yeterince ortaya konulmad\u0131\u011f\u0131n\u0131 d\u00fc\u015f\u00fcnd\u00fc\u011f\u00fcm\u00fcz bir inceleme konusunu ara\u015ft\u0131r\u0131yoruz ve elinizdeki metnin hem \u00f6\u011frencilerde ve kl\u00e2s ik teori konusunda \u00e7al\u0131\u015fanlarda benzer bir tutku yaratabilece\u011fine hem de sosyolojinin kad\u0131n ve erkek kurucular\u0131n\u0131n temel fikirlerini ortaya koyabilece\u011fine inan\u0131yoruz. Kl\u00e2s ik sosyolojik teoriyi \u00f6\u011frenmeye \u00e7al\u0131\u015fan lisans ve lisans\u00fcst\u00fc \u00f6\u011frencileri kendilerini \u00e7o\u011fu kez herhangi bir referans \u00e7er\u00e7evesinden veya ortak bir temadan yoksun, kafa kar\u0131\u015ft\u0131r\u0131c\u0131 ve \u015fa\u015f\u0131rt\u0131c\u0131 bir fikirler kalabal\u0131\u011f\u0131 i\u00e7inde bulurlar. Metnimizde bu s\u0131n\u0131rl\u0131l\u0131klar \u00e7e\u015fitli yollarla a\u015f\u0131lmaktad\u0131r. <\/p>\n","protected":false},"excerpt":{"rendered":"<p>Klas ik Sosyolojik Teori: Sosyolojinin Vaadinin Yeniden Ke\u015ffi kl\u00e2s ik sosyolojik teori \u00fczerine 60 y\u0131ldan fazla s\u00fcredir \u015fekillenen lisans ve lisans\u00fcst\u00fc \u00f6\u011fretim deneyimlerimizin bir \u00fcr\u00fcn\u00fcd\u00fcr. Burada<span class=\"excerpt-hellip\"> [\u2026]<\/span><\/p>\n","protected":false},"featured_media":0,"template":"","meta":{"_monsterinsights_skip_tracking":false,"_monsterinsights_sitenote_active":false,"_monsterinsights_sitenote_note":"","_monsterinsights_sitenote_category":0},"product_brand":[],"product_cat":[12312,12304],"product_tag":[],"class_list":{"0":"post-704305","1":"product","2":"type-product","3":"status-publish","5":"product_cat-diger","6":"product_cat-tarih","7":"pa_cilt-ciltsiz","8":"pa_tur-kitap","9":"pa_yayinevi-say-yayinlari","10":"pa_yazar-joseph-a-scimecca","12":"first","13":"instock","14":"sale","15":"shipping-taxable","16":"purchasable","17":"product-type-simple"},"_links":{"self":[{"href":"https:\/\/roveyayinevi.com.tr\/index.php\/wp-json\/wp\/v2\/product\/704305","targetHints":{"allow":["GET"]}}],"collection":[{"href":"https:\/\/roveyayinevi.com.tr\/index.php\/wp-json\/wp\/v2\/product"}],"about":[{"href":"https:\/\/roveyayinevi.com.tr\/index.php\/wp-json\/wp\/v2\/types\/product"}],"wp:attachment":[{"href":"https:\/\/roveyayinevi.com.tr\/index.php\/wp-json\/wp\/v2\/media?parent=704305"}],"wp:term":[{"taxonomy":"product_brand","embeddable":true,"href":"https:\/\/roveyayinevi.com.tr\/index.php\/wp-json\/wp\/v2\/product_brand?post=704305"},{"taxonomy":"product_cat","embeddable":true,"href":"https:\/\/roveyayinevi.com.tr\/index.php\/wp-json\/wp\/v2\/product_cat?post=704305"},{"taxonomy":"product_tag","embeddable":true,"href":"https:\/\/roveyayinevi.com.tr\/index.php\/wp-json\/wp\/v2\/product_tag?post=704305"}],"curies":[{"name":"wp","href":"https:\/\/api.w.org\/{rel}","templated":true}]}}