{"id":704290,"date":"2025-08-27T15:34:05","date_gmt":"2025-08-27T12:34:05","guid":{"rendered":"https:\/\/roveyayinevi.com.tr\/index.php\/urun\/bay-kucuk\/"},"modified":"2026-04-16T02:13:23","modified_gmt":"2026-04-15T23:13:23","slug":"bay-kucuk","status":"publish","type":"product","link":"https:\/\/roveyayinevi.com.tr\/index.php\/urun\/bay-kucuk\/","title":{"rendered":"Bay K\u00fc\u00e7\u00fck"},"content":{"rendered":"<p>\u201cBen 8 Ocak 1942\u2019de, Galileo\u2019nun \u00f6l\u00fcm\u00fcnden tam \u00fc\u00e7 y\u00fcz y\u0131l sonra do\u011fdum. Tabii, benimle ayn\u0131 g\u00fcn iki y\u00fcz bin civar\u0131nda ba\u015fka bebek de do\u011fdu. Onlardan herhangi biri sonradan astronomiyle ilgilendi mi, bilmiyorum.\u201dG\u00fcn\u00fcm\u00fcz bilim d\u00fcnyas\u0131na damgas\u0131n\u0131 vuran Stephen Hawking Benim K\u0131sa Tarihim\u2019de kendi ya\u015fam\u00f6yk\u00fcs\u00fcn\u00fc payla\u015f\u0131yor.  Stephen Hawking, \u0130kinci D\u00fcnya Sava\u015f\u0131 sonras\u0131 yokluk y\u0131llar\u0131nda ge\u00e7en \u00e7ocuklu\u011funu, arkada\u015flar\u0131n\u0131n kendisine \u201cEinstein\u201d lakab\u0131n\u0131 takt\u0131\u011f\u0131 okul g\u00fcnlerini, 21 ya\u015f\u0131nda yakaland\u0131\u011f\u0131 hastal\u0131\u011f\u0131n\u0131, Oxford ve Cambridge y\u0131llar\u0131n\u0131, evlili\u011fini, \u00e7ocuklar\u0131n\u0131 kendine has \u00fcslubu ve espri anlay\u0131\u015f\u0131yla anlat\u0131yor\u2026 Stephen Hawking\u2019in, kendi hayat\u0131na ve entelekt\u00fcel evrimine i\u00e7eriden bakt\u0131\u011f\u0131 Benim K\u0131sa Tarihim, bir biyografiden \u00e7ok daha fazlas\u0131\u2026 \u201cEngelli insanlar\u0131n, yapamad\u0131klar\u0131 \u015feylere \u00fcz\u00fclmek yerine yapabildikleri \u015feylere yo\u011funla\u015fmalar\u0131 gerekti\u011fini d\u00fc\u015f\u00fcn\u00fcyorum\u201d diyen Hawking\u2019den hayata dair bir g\u00fczelleme\u2026\ufffcTan\u0131t\u0131m Metni<\/p>\n","protected":false},"excerpt":{"rendered":"<p>\u201cBen 8 Ocak 1942\u2019de, Galileo\u2019nun \u00f6l\u00fcm\u00fcnden tam \u00fc\u00e7 y\u00fcz y\u0131l sonra do\u011fdum. Tabii, benimle ayn\u0131 g\u00fcn iki y\u00fcz bin civar\u0131nda ba\u015fka bebek de do\u011fdu. Onlardan herhangi<span class=\"excerpt-hellip\"> [\u2026]<\/span><\/p>\n","protected":false},"featured_media":0,"template":"","meta":{"_monsterinsights_skip_tracking":false,"_monsterinsights_sitenote_active":false,"_monsterinsights_sitenote_note":"","_monsterinsights_sitenote_category":0},"product_brand":[],"product_cat":[12274,12518],"product_tag":[],"class_list":{"0":"post-704290","1":"product","2":"type-product","3":"status-publish","5":"product_cat-cocuk-ve-genclik-kitaplari","6":"product_cat-okul-oncesi-kitaplar","7":"pa_cilt-ciltsiz","8":"pa_tur-kitap","9":"pa_yayinevi-dogan-egmont-yayincilik","10":"pa_yazar-roger-hargreaves","12":"first","13":"instock","14":"sale","15":"shipping-taxable","16":"purchasable","17":"product-type-simple"},"_links":{"self":[{"href":"https:\/\/roveyayinevi.com.tr\/index.php\/wp-json\/wp\/v2\/product\/704290","targetHints":{"allow":["GET"]}}],"collection":[{"href":"https:\/\/roveyayinevi.com.tr\/index.php\/wp-json\/wp\/v2\/product"}],"about":[{"href":"https:\/\/roveyayinevi.com.tr\/index.php\/wp-json\/wp\/v2\/types\/product"}],"wp:attachment":[{"href":"https:\/\/roveyayinevi.com.tr\/index.php\/wp-json\/wp\/v2\/media?parent=704290"}],"wp:term":[{"taxonomy":"product_brand","embeddable":true,"href":"https:\/\/roveyayinevi.com.tr\/index.php\/wp-json\/wp\/v2\/product_brand?post=704290"},{"taxonomy":"product_cat","embeddable":true,"href":"https:\/\/roveyayinevi.com.tr\/index.php\/wp-json\/wp\/v2\/product_cat?post=704290"},{"taxonomy":"product_tag","embeddable":true,"href":"https:\/\/roveyayinevi.com.tr\/index.php\/wp-json\/wp\/v2\/product_tag?post=704290"}],"curies":[{"name":"wp","href":"https:\/\/api.w.org\/{rel}","templated":true}]}}

Bay Küçük

<p>“Ben 8 Ocak 1942’de, Galileo’nun ölümünden tam üç yüz yıl sonra doğdum. Tabii, benimle aynı gün iki yüz bin civarında başka bebek de doğdu. Onlardan herhangi biri sonradan astronomiyle ilgilendi mi, bilmiyorum.”Günümüz bilim dünyasına damgasını vuran Stephen Hawking Benim Kısa Tarihim’de kendi yaşamöyküsünü paylaşıyor.  Stephen Hawking, İkinci Dünya Savaşı sonrası yokluk yıllarında geçen çocukluğunu, arkadaşlarının kendisine “Einstein” lakabını taktığı okul günlerini, 21 yaşında yakalandığı hastalığını, Oxford ve Cambridge yıllarını, evliliğini, çocuklarını kendine has üslubu ve espri anlayışıyla anlatıyor… Stephen Hawking’in, kendi hayatına ve entelektüel evrimine içeriden baktığı Benim Kısa Tarihim, bir biyografiden çok daha fazlası… “Engelli insanların, yapamadıkları şeylere üzülmek yerine yapabildikleri şeylere yoğunlaşmaları gerektiğini düşünüyorum” diyen Hawking’den hayata dair bir güzelleme…￼Tanıtım Metni</p>

<p>“Ben 8 Ocak 1942’de, Galileo’nun ölümünden tam üç yüz yıl sonra doğdum. Tabii, benimle aynı gün iki yüz bin civarında başka bebek de doğdu. Onlardan herhangi<span class="excerpt-hellip"> […]</span></p>
