{"id":704289,"date":"2025-08-27T15:34:05","date_gmt":"2025-08-27T12:34:05","guid":{"rendered":"https:\/\/roveyayinevi.com.tr\/index.php\/urun\/iste-y-kusagi\/"},"modified":"2026-04-16T02:13:23","modified_gmt":"2026-04-15T23:13:23","slug":"iste-y-kusagi","status":"publish","type":"product","link":"https:\/\/roveyayinevi.com.tr\/index.php\/urun\/iste-y-kusagi\/","title":{"rendered":"\u0130\u015f&#8217;te Y Ku\u015fa\u011f\u0131"},"content":{"rendered":"<p>&#8220;\u0130\u015e&#8221;te Y Ku\u015fa\u011f\u0131\u2026 Elma Yay\u0131nevi yepyeni bir kitapla okuyucular\u0131n\u0131n kar\u015f\u0131s\u0131na \u00e7\u0131k\u0131yor. Ku\u015faklar aras\u0131 farklar ili\u015fkilerimizde ve \u00e7al\u0131\u015fma hayat\u0131m\u0131zda ne kadar belirleyici oluyor, birbirimizi anlamakta zorluk mu \u00e7ekiyoruz? &#8220;Bizim zaman\u0131m\u0131zda\u2026&#8221; diye ba\u015flayan c\u00fcmlelerde ya da &#8220;Bizi anlam\u0131yorsunuz, art\u0131k her \u015fey farkl\u0131!&#8221; diyen ba\u015fkald\u0131r\u0131\u015flarda ortak bir nokta bulamaz m\u0131y\u0131z? X ve Y Ku\u015fa\u011f\u0131 bu kitap hepiniz i\u00e7in\u2026 Daha iyi ili\u015fkilere, daha verimli \u00e7al\u0131\u015fma ortamlar\u0131na bir kaynak\u2026 En \u00e7ok da i\u015f hayat\u0131n\u0131n ilerideki ortaklar\u0131 Z Ku\u015fa\u011f\u0131&#8217;n\u0131 anlamak i\u00e7in bir haz\u0131rl\u0131k\u2026 Elma Yay\u0131nevi ger\u00e7ek \u00f6rneklerle i\u015fteki Y Ku\u015fa\u011f\u0131&#8217;n\u0131 sunuyor sizlere ve evinizdeki, sokaktaki Y Ku\u015fa\u011f\u0131 \u00fcyelerini anlaman\u0131za rehberlik ediyor. <\/p>\n","protected":false},"excerpt":{"rendered":"<p>&#8220;\u0130\u015e&#8221;te Y Ku\u015fa\u011f\u0131\u2026 Elma Yay\u0131nevi yepyeni bir kitapla okuyucular\u0131n\u0131n kar\u015f\u0131s\u0131na \u00e7\u0131k\u0131yor. Ku\u015faklar aras\u0131 farklar ili\u015fkilerimizde ve \u00e7al\u0131\u015fma hayat\u0131m\u0131zda ne kadar belirleyici oluyor, birbirimizi anlamakta zorluk mu<span class=\"excerpt-hellip\"> [\u2026]<\/span><\/p>\n","protected":false},"featured_media":0,"template":"","meta":{"_monsterinsights_skip_tracking":false,"_monsterinsights_sitenote_active":false,"_monsterinsights_sitenote_note":"","_monsterinsights_sitenote_category":0},"product_brand":[],"product_cat":[13043],"product_tag":[],"class_list":{"0":"post-704289","1":"product","2":"type-product","3":"status-publish","5":"product_cat-ekonomi","6":"pa_cilt-ciltsiz","7":"pa_tur-kitap","8":"pa_yayinevi-elma-yayinevi","9":"pa_yazar-inan-acilioglu","11":"first","12":"instock","13":"sale","14":"shipping-taxable","15":"purchasable","16":"product-type-simple"},"_links":{"self":[{"href":"https:\/\/roveyayinevi.com.tr\/index.php\/wp-json\/wp\/v2\/product\/704289","targetHints":{"allow":["GET"]}}],"collection":[{"href":"https:\/\/roveyayinevi.com.tr\/index.php\/wp-json\/wp\/v2\/product"}],"about":[{"href":"https:\/\/roveyayinevi.com.tr\/index.php\/wp-json\/wp\/v2\/types\/product"}],"wp:attachment":[{"href":"https:\/\/roveyayinevi.com.tr\/index.php\/wp-json\/wp\/v2\/media?parent=704289"}],"wp:term":[{"taxonomy":"product_brand","embeddable":true,"href":"https:\/\/roveyayinevi.com.tr\/index.php\/wp-json\/wp\/v2\/product_brand?post=704289"},{"taxonomy":"product_cat","embeddable":true,"href":"https:\/\/roveyayinevi.com.tr\/index.php\/wp-json\/wp\/v2\/product_cat?post=704289"},{"taxonomy":"product_tag","embeddable":true,"href":"https:\/\/roveyayinevi.com.tr\/index.php\/wp-json\/wp\/v2\/product_tag?post=704289"}],"curies":[{"name":"wp","href":"https:\/\/api.w.org\/{rel}","templated":true}]}}