{"id":704288,"date":"2025-08-27T15:34:05","date_gmt":"2025-08-27T12:34:05","guid":{"rendered":"https:\/\/roveyayinevi.com.tr\/index.php\/urun\/siir-nasil-okunur\/"},"modified":"2026-04-16T02:13:23","modified_gmt":"2026-04-15T23:13:23","slug":"siir-nasil-okunur","status":"publish","type":"product","link":"https:\/\/roveyayinevi.com.tr\/index.php\/urun\/siir-nasil-okunur\/","title":{"rendered":"\u015eiir Nas\u0131l Okunur"},"content":{"rendered":"<p>\u015eiir Nas\u0131l Okunur? \u2019da Terry Eagleton edebiyat ele\u015ftirisinde neredeyse \u201c\u00f6lmeye y\u00fcz tutmu\u015f\u201d \u00f6nemli bir prati\u011fi, \u015fiir ele\u015ftirisini masaya yat\u0131r\u0131yor. Elbette s\u0131n\u0131rlar\u0131 ge\u00e7irimsiz form\u00fcller, \u015fablonlar \u00f6nermiyor. Ele\u015ftirinin i\u015flevlerini, mant\u0131k ve ama\u00e7lar\u0131n\u0131 g\u00f6zler \u00f6n\u00fcne seriyor. \u015eiir ele\u015ftirisinin i\u00e7inde bulundu\u011fu krize farkl\u0131 a\u00e7\u0131lardan bak\u0131l\u0131yor kitapta. \u015eiir ele\u015ftirisine y\u00f6nelik ilgi azalmas\u0131nda, hatta bu prati\u011fin \u201c\u00f6l\u00fcm\u00fcn\u00fc\u201d ilan etmekte, Eagleton\u2019a g\u00f6re, mevcut e\u011fitim sisteminin de (edebiyat e\u011fitiminin) yabana at\u0131lmayacak bir pay\u0131 var. Edebiyat e\u011fitiminden kas\u0131t da, \u015fiiri bildik \u201cbi\u00e7im\u201d teknikleri \u00fczerinden de\u011ferlendiren, sadece ama sadece uyaklara, kafiyelere, seslerin hareketine odaklanan; s\u00f6z\u00fcmona bi\u00e7im incelemesi yap\u0131ld\u0131ktan sonra da \u015fiirdeki kimi belli temalar\u0131 ve fikirleri \u00f6ne \u00e7\u0131karan tutumdur. Eagleton i\u00e7in kabul edilebilir bir mant\u0131k ve strateji de\u011fildir bu. Edebiyat ele\u015ftirisinin olmazsa olmaz bile\u015fenlerinden olan \u015fiir ele\u015ftirisinin yeniden toparlanmas\u0131 i\u00e7in \u00f6ncelikle mevcut stratejilerin ele\u015ftirilerek terk edilmesi gerekmektedir. \u015eiirin daha geni\u015f bir s\u00f6ylem d\u00fczleminde kal\u0131narak, tarihle, siyaset ve felsefeyle alakas\u0131 g\u00f6z \u00f6n\u00fcnde bulundurularak anlamland\u0131r\u0131lmas\u0131 manas\u0131nda \u015fiir ele\u015ftirisi, edebi faaliyetin vazge\u00e7ilmez bir aya\u011f\u0131n\u0131 olu\u015fturmaktad\u0131r ve edebiyat ele\u015ftirisi bu ayaktan asla \u00f6d\u00fcn vermemelidir. \ufffcTan\u0131t\u0131m Metni<\/p>\n","protected":false},"excerpt":{"rendered":"<p>\u015eiir Nas\u0131l Okunur? \u2019da Terry Eagleton edebiyat ele\u015ftirisinde neredeyse \u201c\u00f6lmeye y\u00fcz tutmu\u015f\u201d \u00f6nemli bir prati\u011fi, \u015fiir ele\u015ftirisini masaya yat\u0131r\u0131yor. Elbette s\u0131n\u0131rlar\u0131 ge\u00e7irimsiz form\u00fcller, \u015fablonlar \u00f6nermiyor. Ele\u015ftirinin<span class=\"excerpt-hellip\"> [\u2026]<\/span><\/p>\n","protected":false},"featured_media":0,"template":"","meta":{"_monsterinsights_skip_tracking":false,"_monsterinsights_sitenote_active":false,"_monsterinsights_sitenote_note":"","_monsterinsights_sitenote_category":0},"product_brand":[],"product_cat":[13590,12337],"product_tag":[],"class_list":{"0":"post-704288","1":"product","2":"type-product","3":"status-publish","5":"product_cat-arastirma-inceleme-politika-siyaset","6":"product_cat-politika-siyaset","7":"pa_cilt-ciltsiz","8":"pa_tur-kitap","9":"pa_yayinevi-ayrinti-yayinlari","10":"pa_yazar-terry-eagleton","12":"first","13":"instock","14":"sale","15":"shipping-taxable","16":"purchasable","17":"product-type-simple"},"_links":{"self":[{"href":"https:\/\/roveyayinevi.com.tr\/index.php\/wp-json\/wp\/v2\/product\/704288","targetHints":{"allow":["GET"]}}],"collection":[{"href":"https:\/\/roveyayinevi.com.tr\/index.php\/wp-json\/wp\/v2\/product"}],"about":[{"href":"https:\/\/roveyayinevi.com.tr\/index.php\/wp-json\/wp\/v2\/types\/product"}],"wp:attachment":[{"href":"https:\/\/roveyayinevi.com.tr\/index.php\/wp-json\/wp\/v2\/media?parent=704288"}],"wp:term":[{"taxonomy":"product_brand","embeddable":true,"href":"https:\/\/roveyayinevi.com.tr\/index.php\/wp-json\/wp\/v2\/product_brand?post=704288"},{"taxonomy":"product_cat","embeddable":true,"href":"https:\/\/roveyayinevi.com.tr\/index.php\/wp-json\/wp\/v2\/product_cat?post=704288"},{"taxonomy":"product_tag","embeddable":true,"href":"https:\/\/roveyayinevi.com.tr\/index.php\/wp-json\/wp\/v2\/product_tag?post=704288"}],"curies":[{"name":"wp","href":"https:\/\/api.w.org\/{rel}","templated":true}]}}