{"id":704272,"date":"2025-08-27T15:33:58","date_gmt":"2025-08-27T12:33:58","guid":{"rendered":"https:\/\/roveyayinevi.com.tr\/index.php\/urun\/cilgin-kalem-penna-ve-arkadaslari-safari-gezisinde\/"},"modified":"2026-04-16T02:13:23","modified_gmt":"2026-04-15T23:13:23","slug":"cilgin-kalem-penna-ve-arkadaslari-safari-gezisinde","status":"publish","type":"product","link":"https:\/\/roveyayinevi.com.tr\/index.php\/urun\/cilgin-kalem-penna-ve-arkadaslari-safari-gezisinde\/","title":{"rendered":"\u00c7\u0131lg\u0131n Kalem Penna ve Arkada\u015flar\u0131 Safari Gezisinde"},"content":{"rendered":"<p>Macera sona eriyor! Birbirinden sevimli ve \u00e7\u0131lg\u0131n arkada\u015flar\u0131yla maceradan maceraya at\u0131lan Penna, bu son kitapta kendisini bir hayvanat bah\u00e7esinde buluyor. Bir yandan ezeli d\u00fc\u015fmanlar\u0131 Karake\u00e7eli ile ba\u015fa \u00e7\u0131kmaya \u00e7al\u0131\u015fan Penna ve arkada\u015flar\u0131, di\u011fer yandan kapat\u0131lma tehlikesi ile kar\u015f\u0131 kar\u015f\u0131ya kalan hayvanat bah\u00e7esi ve orada ya\u015fayan hayvanlar i\u00e7in \u00e7\u00f6z\u00fcm \u00fcretmeye \u00e7al\u0131\u015f\u0131yor&#8230;  Penna, bu macera boyunca yeni dostlar edinip hayvanat bah\u00e7esinin i\u00e7inde bulundu\u011fu duruma \u00e7\u00f6z\u00fcm \u00fcretirken  maceraya tan\u0131kl\u0131k eden okurlar hem keyifli vakit ge\u00e7irecek hem de belki daha \u00f6nce ad\u0131n\u0131 bile duymad\u0131klar\u0131 pek \u00e7ok hayvan hakk\u0131nda bilgi sahibi olacaklar&#8230; <\/p>\n","protected":false},"excerpt":{"rendered":"<p>Macera sona eriyor! Birbirinden sevimli ve \u00e7\u0131lg\u0131n arkada\u015flar\u0131yla maceradan maceraya at\u0131lan Penna, bu son kitapta kendisini bir hayvanat bah\u00e7esinde buluyor. Bir yandan ezeli d\u00fc\u015fmanlar\u0131 Karake\u00e7eli ile<span class=\"excerpt-hellip\"> [\u2026]<\/span><\/p>\n","protected":false},"featured_media":0,"template":"","meta":{"_monsterinsights_skip_tracking":false,"_monsterinsights_sitenote_active":false,"_monsterinsights_sitenote_note":"","_monsterinsights_sitenote_category":0},"product_brand":[],"product_cat":[12274,12284],"product_tag":[],"class_list":{"0":"post-704272","1":"product","2":"type-product","3":"status-publish","5":"product_cat-cocuk-ve-genclik-kitaplari","6":"product_cat-hikayeler","7":"pa_cilt-ciltsiz","8":"pa_tur-kitap","9":"pa_yayinevi-timas-cocuk","10":"pa_yazar-eileen-ohely","12":"first","13":"instock","14":"sale","15":"shipping-taxable","16":"purchasable","17":"product-type-simple"},"_links":{"self":[{"href":"https:\/\/roveyayinevi.com.tr\/index.php\/wp-json\/wp\/v2\/product\/704272","targetHints":{"allow":["GET"]}}],"collection":[{"href":"https:\/\/roveyayinevi.com.tr\/index.php\/wp-json\/wp\/v2\/product"}],"about":[{"href":"https:\/\/roveyayinevi.com.tr\/index.php\/wp-json\/wp\/v2\/types\/product"}],"wp:attachment":[{"href":"https:\/\/roveyayinevi.com.tr\/index.php\/wp-json\/wp\/v2\/media?parent=704272"}],"wp:term":[{"taxonomy":"product_brand","embeddable":true,"href":"https:\/\/roveyayinevi.com.tr\/index.php\/wp-json\/wp\/v2\/product_brand?post=704272"},{"taxonomy":"product_cat","embeddable":true,"href":"https:\/\/roveyayinevi.com.tr\/index.php\/wp-json\/wp\/v2\/product_cat?post=704272"},{"taxonomy":"product_tag","embeddable":true,"href":"https:\/\/roveyayinevi.com.tr\/index.php\/wp-json\/wp\/v2\/product_tag?post=704272"}],"curies":[{"name":"wp","href":"https:\/\/api.w.org\/{rel}","templated":true}]}}