{"id":704269,"date":"2025-08-27T15:33:56","date_gmt":"2025-08-27T12:33:56","guid":{"rendered":"https:\/\/roveyayinevi.com.tr\/index.php\/urun\/degerler-egitimi-okul-basarisi\/"},"modified":"2026-04-16T02:13:23","modified_gmt":"2026-04-15T23:13:23","slug":"degerler-egitimi-okul-basarisi","status":"publish","type":"product","link":"https:\/\/roveyayinevi.com.tr\/index.php\/urun\/degerler-egitimi-okul-basarisi\/","title":{"rendered":"De\u011ferler E\u011fitimi &#8211; Okul Ba\u015far\u0131s\u0131"},"content":{"rendered":"<p>Okula ba\u015flarken arkada\u015flar\u0131 ile uyum i\u00e7inde olmas\u0131 gerekti\u011fini anlay\u0131p fark etmesi i\u00e7in \u00e7ocu\u011funuza yard\u0131mc\u0131 olun. Tekrar kullan\u0131labilir \u00e7\u0131kartmalar her konuyu e\u011flenceli hale getirirken \u00e7ocuklar\u0131n resimlere daha dikkatli bakmalar\u0131n\u0131 sa\u011flayacakt\u0131r. B\u00f6ylece karakterlerden ders al\u0131p okul ba\u015far\u0131s\u0131n\u0131n ya\u015famlar\u0131nda ne denli \u00f6nemli oldu\u011funu \u00f6\u011frenecektir. \ufffcTan\u0131t\u0131m Metni<\/p>\n","protected":false},"excerpt":{"rendered":"<p>Okula ba\u015flarken arkada\u015flar\u0131 ile uyum i\u00e7inde olmas\u0131 gerekti\u011fini anlay\u0131p fark etmesi i\u00e7in \u00e7ocu\u011funuza yard\u0131mc\u0131 olun. Tekrar kullan\u0131labilir \u00e7\u0131kartmalar her konuyu e\u011flenceli hale getirirken \u00e7ocuklar\u0131n resimlere daha<span class=\"excerpt-hellip\"> [\u2026]<\/span><\/p>\n","protected":false},"featured_media":0,"template":"","meta":{"_monsterinsights_skip_tracking":false,"_monsterinsights_sitenote_active":false,"_monsterinsights_sitenote_note":"","_monsterinsights_sitenote_category":0},"product_brand":[],"product_cat":[12554,12274],"product_tag":[],"class_list":{"0":"post-704269","1":"product","2":"type-product","3":"status-publish","5":"product_cat-cikartmali-kitaplar","6":"product_cat-cocuk-ve-genclik-kitaplari","7":"pa_cilt-ciltsiz","8":"pa_tur-kitap","9":"pa_yayinevi-altin-kitaplar","10":"pa_yazar-kolektif","12":"first","13":"instock","14":"sale","15":"shipping-taxable","16":"purchasable","17":"product-type-simple"},"_links":{"self":[{"href":"https:\/\/roveyayinevi.com.tr\/index.php\/wp-json\/wp\/v2\/product\/704269","targetHints":{"allow":["GET"]}}],"collection":[{"href":"https:\/\/roveyayinevi.com.tr\/index.php\/wp-json\/wp\/v2\/product"}],"about":[{"href":"https:\/\/roveyayinevi.com.tr\/index.php\/wp-json\/wp\/v2\/types\/product"}],"wp:attachment":[{"href":"https:\/\/roveyayinevi.com.tr\/index.php\/wp-json\/wp\/v2\/media?parent=704269"}],"wp:term":[{"taxonomy":"product_brand","embeddable":true,"href":"https:\/\/roveyayinevi.com.tr\/index.php\/wp-json\/wp\/v2\/product_brand?post=704269"},{"taxonomy":"product_cat","embeddable":true,"href":"https:\/\/roveyayinevi.com.tr\/index.php\/wp-json\/wp\/v2\/product_cat?post=704269"},{"taxonomy":"product_tag","embeddable":true,"href":"https:\/\/roveyayinevi.com.tr\/index.php\/wp-json\/wp\/v2\/product_tag?post=704269"}],"curies":[{"name":"wp","href":"https:\/\/api.w.org\/{rel}","templated":true}]}}