{"id":704267,"date":"2025-08-27T15:33:56","date_gmt":"2025-08-27T12:33:56","guid":{"rendered":"https:\/\/roveyayinevi.com.tr\/index.php\/urun\/nefretten-sonra-2\/"},"modified":"2026-04-16T02:13:23","modified_gmt":"2026-04-15T23:13:23","slug":"nefretten-sonra-2","status":"publish","type":"product","link":"https:\/\/roveyayinevi.com.tr\/index.php\/urun\/nefretten-sonra-2\/","title":{"rendered":"Nefretten Sonra"},"content":{"rendered":"<p>Babas\u0131n\u0131n ani intihar\u0131 ile Natalia&#8217;n\u0131n t\u00fcm hayat\u0131 de\u011fi\u015fmi\u015fti. Kaderin bir cilvesi olarak, babas\u0131 onu en b\u00fcy\u00fck d\u00fc\u015fman\u0131na emanet etti. K\u00fc\u00e7\u00fck k\u0131z\u0131n vasisi art\u0131k nefret edilecek bir T\u00fcrk&#8217;t\u00fc! Babas\u0131n\u0131n intihar\u0131ndan \u00f6nce s\u00f6yledi\u011fi s\u00f6zler, gen\u00e7 y\u00fcre\u011fine i\u015fledi. Natalia! Seni seviyorum, k\u0131z\u0131m&#8230; Beni asla unutma! Ondan intikam\u0131m\u0131 al&#8230; \ufffcTan\u0131t\u0131m Metni<\/p>\n","protected":false},"excerpt":{"rendered":"<p>Babas\u0131n\u0131n ani intihar\u0131 ile Natalia&#8217;n\u0131n t\u00fcm hayat\u0131 de\u011fi\u015fmi\u015fti. Kaderin bir cilvesi olarak, babas\u0131 onu en b\u00fcy\u00fck d\u00fc\u015fman\u0131na emanet etti. K\u00fc\u00e7\u00fck k\u0131z\u0131n vasisi art\u0131k nefret edilecek bir<span class=\"excerpt-hellip\"> [\u2026]<\/span><\/p>\n","protected":false},"featured_media":0,"template":"","meta":{"_monsterinsights_skip_tracking":false,"_monsterinsights_sitenote_active":false,"_monsterinsights_sitenote_note":"","_monsterinsights_sitenote_category":0},"product_brand":[],"product_cat":[12291,12711],"product_tag":[],"class_list":{"0":"post-704267","1":"product","2":"type-product","3":"status-publish","5":"product_cat-edebiyat","6":"product_cat-roman-oyku","7":"pa_tur-kitap","8":"pa_yayinevi-ephesus-yayinlari","9":"pa_yazar-fatih-murat-arsal","11":"first","12":"instock","13":"sale","14":"shipping-taxable","15":"purchasable","16":"product-type-simple"},"_links":{"self":[{"href":"https:\/\/roveyayinevi.com.tr\/index.php\/wp-json\/wp\/v2\/product\/704267","targetHints":{"allow":["GET"]}}],"collection":[{"href":"https:\/\/roveyayinevi.com.tr\/index.php\/wp-json\/wp\/v2\/product"}],"about":[{"href":"https:\/\/roveyayinevi.com.tr\/index.php\/wp-json\/wp\/v2\/types\/product"}],"wp:attachment":[{"href":"https:\/\/roveyayinevi.com.tr\/index.php\/wp-json\/wp\/v2\/media?parent=704267"}],"wp:term":[{"taxonomy":"product_brand","embeddable":true,"href":"https:\/\/roveyayinevi.com.tr\/index.php\/wp-json\/wp\/v2\/product_brand?post=704267"},{"taxonomy":"product_cat","embeddable":true,"href":"https:\/\/roveyayinevi.com.tr\/index.php\/wp-json\/wp\/v2\/product_cat?post=704267"},{"taxonomy":"product_tag","embeddable":true,"href":"https:\/\/roveyayinevi.com.tr\/index.php\/wp-json\/wp\/v2\/product_tag?post=704267"}],"curies":[{"name":"wp","href":"https:\/\/api.w.org\/{rel}","templated":true}]}}