{"id":704235,"date":"2025-08-27T15:33:30","date_gmt":"2025-08-27T12:33:30","guid":{"rendered":"https:\/\/roveyayinevi.com.tr\/index.php\/urun\/moderniteyi-yeniden-dusunmek-post-kolonyalizm-ve-sosyolojik-tahayyul\/"},"modified":"2026-04-16T02:13:22","modified_gmt":"2026-04-15T23:13:22","slug":"moderniteyi-yeniden-dusunmek-post-kolonyalizm-ve-sosyolojik-tahayyul","status":"publish","type":"product","link":"https:\/\/roveyayinevi.com.tr\/index.php\/urun\/moderniteyi-yeniden-dusunmek-post-kolonyalizm-ve-sosyolojik-tahayyul\/","title":{"rendered":"Moderniteyi Yeniden D\u00fc\u015f\u00fcnmek: Post-Kolonyalizm ve Sosyolojik Tahayy\u00fcl"},"content":{"rendered":"<p>Moderniteyi Yeniden D\u00fc\u015f\u00fcnmek, modernite fikrine dair \u00e7a\u011fda\u015f sosyoloji ve toplumsal kuram d\u00fcnyas\u0131na yeni bir temel sunmaktad\u0131r. Kolonyal ba\u011flam\u0131yla birlikte Avrupa modernle\u015fmesine ele\u015ftiri getiren kitap, ayn\u0131 zamanda Bat\u0131l\u0131 olmayan \u00fclkelerin bu ba\u011flama katk\u0131 sunamayaca\u011f\u0131na dair anlay\u0131\u015f\u0131 yermektedir. Modernite olu\u015fumu ve geli\u015fiminin yaratt\u0131\u011f\u0131 Avrupa-merkezci ve egemen anlat\u0131ma meydan okuyan Gurminder Bhambra, \u201cba\u011flant\u0131l\u0131 tarihler\u201d kavram\u0131n\u0131 ortaya koyarak tarihsel sosyolojinin yeniden in\u015fas\u0131n\u0131 k\u00fcresel bir boyuta ta\u015f\u0131m\u0131\u015ft\u0131r. R\u00f6nesans, Frans\u0131z Devrimi ve Sanayi Devrimi gibi \u00fc\u00e7 temel olaydan yola \u00e7\u0131karak modernite anlat\u0131s\u0131n\u0131n olu\u015fturdu\u011fu mitlerin orijinini tan\u0131mlamay\u0131 ama\u00e7lam\u0131\u015ft\u0131r. <\/p>\n","protected":false},"excerpt":{"rendered":"<p>Moderniteyi Yeniden D\u00fc\u015f\u00fcnmek, modernite fikrine dair \u00e7a\u011fda\u015f sosyoloji ve toplumsal kuram d\u00fcnyas\u0131na yeni bir temel sunmaktad\u0131r. Kolonyal ba\u011flam\u0131yla birlikte Avrupa modernle\u015fmesine ele\u015ftiri getiren kitap, ayn\u0131 zamanda<span class=\"excerpt-hellip\"> [\u2026]<\/span><\/p>\n","protected":false},"featured_media":0,"template":"","meta":{"_monsterinsights_skip_tracking":false,"_monsterinsights_sitenote_active":false,"_monsterinsights_sitenote_note":"","_monsterinsights_sitenote_category":0},"product_brand":[],"product_cat":[12325,12324],"product_tag":[],"class_list":{"0":"post-704235","1":"product","2":"type-product","3":"status-publish","5":"product_cat-diger-sosyoloji","6":"product_cat-sosyoloji","7":"pa_tur-kitap","8":"pa_yayinevi-bilgi-universitesi-yayinlari","9":"pa_yazar-gurminder-k-bhambra","11":"first","12":"instock","13":"sale","14":"shipping-taxable","15":"purchasable","16":"product-type-simple"},"_links":{"self":[{"href":"https:\/\/roveyayinevi.com.tr\/index.php\/wp-json\/wp\/v2\/product\/704235","targetHints":{"allow":["GET"]}}],"collection":[{"href":"https:\/\/roveyayinevi.com.tr\/index.php\/wp-json\/wp\/v2\/product"}],"about":[{"href":"https:\/\/roveyayinevi.com.tr\/index.php\/wp-json\/wp\/v2\/types\/product"}],"wp:attachment":[{"href":"https:\/\/roveyayinevi.com.tr\/index.php\/wp-json\/wp\/v2\/media?parent=704235"}],"wp:term":[{"taxonomy":"product_brand","embeddable":true,"href":"https:\/\/roveyayinevi.com.tr\/index.php\/wp-json\/wp\/v2\/product_brand?post=704235"},{"taxonomy":"product_cat","embeddable":true,"href":"https:\/\/roveyayinevi.com.tr\/index.php\/wp-json\/wp\/v2\/product_cat?post=704235"},{"taxonomy":"product_tag","embeddable":true,"href":"https:\/\/roveyayinevi.com.tr\/index.php\/wp-json\/wp\/v2\/product_tag?post=704235"}],"curies":[{"name":"wp","href":"https:\/\/api.w.org\/{rel}","templated":true}]}}