{"id":704222,"date":"2025-08-27T15:33:21","date_gmt":"2025-08-27T12:33:21","guid":{"rendered":"https:\/\/roveyayinevi.com.tr\/index.php\/urun\/islam-teolojisine-giris\/"},"modified":"2026-04-16T02:13:10","modified_gmt":"2026-04-15T23:13:10","slug":"islam-teolojisine-giris","status":"publish","type":"product","link":"https:\/\/roveyayinevi.com.tr\/index.php\/urun\/islam-teolojisine-giris\/","title":{"rendered":"\u0130slam Teolojisine Giri\u015f"},"content":{"rendered":"<p>Louis Massignon\u2019un elinizdeki kitaba yazd\u0131\u011f\u0131 \u00f6ns\u00f6zde belirtti\u011fi gibi, \u201cI\u0307slam Teolojisine Giris\u0327\u2019te Gardet ve Anawati teoloji problemini ele almakta ve Bat\u0131 H\u0131ristiyanlar\u0131n\u0131n \u00e7abalar\u0131 kars\u0327\u0131s\u0131nda, M\u00fcsl\u00fcman bilginlerin \u00e7abalar\u0131n\u0131n y\u00f6ntemli bir deg\u0306erlendirmesine yer vermektedir.\u201d Katolik bir rahip ve \u0130slam k\u00fclt\u00fcr\u00fc \u00fczerine \u00e7ok say\u0131da kitab\u0131n sahibi olan Louis Gardet ile yine bir rahip ve \u0130slam uzman\u0131 olan G.C. Anawati\u2019nin birlikte yazd\u0131klar\u0131 bu eser, kendi alan\u0131nda bir ilktir. Gardet-Anawati, I\u0307slam kelam\u0131 ile H\u0131ristiyan teolojisi aras\u0131nda gerek tarihsel gerek \u00f6g\u0306retisel bak\u0131mdan s\u0131k\u0131 ilis\u0327kiler kurman\u0131n, gereg\u0306inden fazla veya temeli olmayan yak\u0131nl\u0131klar veya es\u0327 deg\u0306erlikler tesis etmenin dog\u0306ru olmad\u0131g\u0306\u0131n\u0131 d\u00fcs\u0327\u00fcnmektedir. Ancak bir\u00e7ok farkl\u0131l\u0131g\u0306\u0131n varl\u0131g\u0306\u0131, Anawati-Gardet\u2019ye g\u00f6re, I\u0307slam kelam\u0131 ile H\u0131ristiyan Katolik teolojisi aras\u0131nda, tarihsel baz\u0131 ilis\u0327kilerin, paralelliklerin var oldug\u0306unu g\u00f6rmemize engel tes\u0327kil etmemelidir. \u00d6rneg\u0306in, kelam\u0131n tarihsel olarak gelis\u0327mesinde \u00f6nemli rol oynayan \u00f6zg\u00fcr se\u00e7im ve kader, Tanr\u0131\u2019n\u0131n kelam\u0131 olarak Kur\u2019an, tanr\u0131sal s\u0131fatlar gibi meselelerin tart\u0131s\u0327\u0131lmas\u0131nda, M\u00fcsl\u00fcmanlar\u0131n Hicret\u2019in II. y\u00fczy\u0131l\u0131nda S\u0327am\u2019da H\u0131ristiyan teolojisiyle kars\u0327\u0131las\u0327malar\u0131n\u0131n \u00f6nemli bir etkisi olmus\u0327tur.  Buna kars\u0327\u0131l\u0131k kelam\u0131n dog\u0306rudan Gazali, dolayl\u0131 olarak Maimonides arac\u0131l\u0131g\u0306\u0131yla Aziz Thomas gibi bir ge\u00e7 d\u00f6nem H\u0131ristiyan teologu \u00fczerinde bile belli bir etkisinin oldug\u0306u da kabul edilmesi gereken tarihsel bir olgudur. \u00d6te yandan, H\u0131ristiyan teolojisinin antik Yunan felsefesinden, kelam\u0131n ise I\u0307slam\u2019da bu felsefeyi devam ettiren felasifeden etkilenmeleri, onlar aras\u0131nda bir bas\u0327ka ve son derecede \u00f6nemli bir temas noktas\u0131n\u0131 ve ortak ekseni olus\u0327turmaktad\u0131r.  Elinizdeki kitap, esas olarak I\u0307slam d\u00fcnyas\u0131nda gelis\u0327tirilmi\u015f s\u0327ekliyle kelam d\u00fcs\u0327\u00fcncesi ile H\u0131ristiyan d\u00fcnyas\u0131nda gelis\u0327tirilmis\u0327 olan H\u0131ristiyan teolojisi aras\u0131nda yap\u0131lan bir kars\u0327\u0131las\u0327t\u0131rmad\u0131r. I\u0307slam kelam\u0131 ile H\u0131ristiyan teolojisini bir b\u00fct\u00fcn olarak ele al\u0131p onlar\u0131 \u00e7es\u0327itli bak\u0131mlardan (yap\u0131, y\u00f6ntem, ama\u00e7, dog\u0306a vb bak\u0131m\u0131ndan) kar\u015f\u0131la\u015ft\u0131ran bir \u00e7al\u0131\u015fma olmas\u0131 nedeniyle, kendi alan\u0131nda yol a\u00e7\u0131c\u0131 bir niteli\u011fe sahiptir. Daha \u00f6nce Gardet\u2019nin M\u00fcsl\u00fcman Site -Toplumsal ve Siyasi Hayat- adl\u0131 kitab\u0131n\u0131 da T\u00fcrk\u00e7e\u2019ye kazand\u0131ran Prof. Dr. Ahmet Arslan\u2019\u0131n \u00e7evirdi\u011fi \u0130slam Teolojisine Giri\u015f, I\u0307slam kelam\u0131 ve H\u0131ristiyan teolojisi alan\u0131ndaki \u00e7al\u0131s\u0327malara bir kap\u0131 a\u00e7makta, bu \u00f6zelli\u011fiyle bir kaynak eser olma \u00f6zelli\u011fi ta\u015f\u0131maktad\u0131r. <\/p>\n","protected":false},"excerpt":{"rendered":"<p>Louis Massignon\u2019un elinizdeki kitaba yazd\u0131\u011f\u0131 \u00f6ns\u00f6zde belirtti\u011fi gibi, \u201cI\u0307slam Teolojisine Giris\u0327\u2019te Gardet ve Anawati teoloji problemini ele almakta ve Bat\u0131 H\u0131ristiyanlar\u0131n\u0131n \u00e7abalar\u0131 kars\u0327\u0131s\u0131nda, M\u00fcsl\u00fcman bilginlerin \u00e7abalar\u0131n\u0131n<span class=\"excerpt-hellip\"> [\u2026]<\/span><\/p>\n","protected":false},"featured_media":0,"template":"","meta":{"_monsterinsights_skip_tracking":false,"_monsterinsights_sitenote_active":false,"_monsterinsights_sitenote_note":"","_monsterinsights_sitenote_category":0},"product_brand":[],"product_cat":[12718,12719],"product_tag":[],"class_list":{"0":"post-704222","1":"product","2":"type-product","3":"status-publish","5":"product_cat-din","6":"product_cat-islam","7":"pa_cilt-ciltsiz","8":"pa_tur-kitap","9":"pa_yayinevi-ayrinti-yayinlari","10":"pa_yazar-louis-gardet","12":"first","13":"instock","14":"sale","15":"shipping-taxable","16":"purchasable","17":"product-type-simple"},"_links":{"self":[{"href":"https:\/\/roveyayinevi.com.tr\/index.php\/wp-json\/wp\/v2\/product\/704222","targetHints":{"allow":["GET"]}}],"collection":[{"href":"https:\/\/roveyayinevi.com.tr\/index.php\/wp-json\/wp\/v2\/product"}],"about":[{"href":"https:\/\/roveyayinevi.com.tr\/index.php\/wp-json\/wp\/v2\/types\/product"}],"wp:attachment":[{"href":"https:\/\/roveyayinevi.com.tr\/index.php\/wp-json\/wp\/v2\/media?parent=704222"}],"wp:term":[{"taxonomy":"product_brand","embeddable":true,"href":"https:\/\/roveyayinevi.com.tr\/index.php\/wp-json\/wp\/v2\/product_brand?post=704222"},{"taxonomy":"product_cat","embeddable":true,"href":"https:\/\/roveyayinevi.com.tr\/index.php\/wp-json\/wp\/v2\/product_cat?post=704222"},{"taxonomy":"product_tag","embeddable":true,"href":"https:\/\/roveyayinevi.com.tr\/index.php\/wp-json\/wp\/v2\/product_tag?post=704222"}],"curies":[{"name":"wp","href":"https:\/\/api.w.org\/{rel}","templated":true}]}}