{"id":704217,"date":"2025-08-27T15:33:18","date_gmt":"2025-08-27T12:33:18","guid":{"rendered":"https:\/\/roveyayinevi.com.tr\/index.php\/urun\/nana-3\/"},"modified":"2026-04-16T02:13:10","modified_gmt":"2026-04-15T23:13:10","slug":"nana-3","status":"publish","type":"product","link":"https:\/\/roveyayinevi.com.tr\/index.php\/urun\/nana-3\/","title":{"rendered":"Nana"},"content":{"rendered":"<p>Emile Zola (1840-1902): Nat\u00fcralizm ak\u0131m\u0131n\u0131n en \u00f6nemli temsilcilerinden biri olan Zola, romanc\u0131n\u0131n olaylar\u0131 bir izleyici gibi kaydetmekle yetinmemesi, ki\u015fileri ve tutkular\u0131n\u0131 bir dizi deneye tabi tutarken, duygusal ve toplumsal olaylar\u0131 da bir kimyac\u0131 gibi ele almas\u0131 gerekti\u011fini savundu. Zola i\u00e7inde ya\u015fad\u0131\u011f\u0131 eski d\u00fcnyan\u0131n y\u0131k\u0131nt\u0131lar\u0131n\u0131 inceledi, gelecekteki bir d\u00fcnyan\u0131n olgular\u0131n\u0131 saptamaya \u00e7al\u0131\u015ft\u0131. Bu niyetle yirmi iki y\u0131lda yazd\u0131\u011f\u0131 yirmi romandan olu\u015fan Rougon-Macquartlar dizisi ba\u015fta olmak \u00fczere \u00e7ok say\u0131da b\u00fcy\u00fck eser verdi. \u0130kinci \u0130mparatorluk D\u00f6nemi\u2019ni anlatan bu dizinin dokuzuncu kitab\u0131 Nana (Paris Ya\u015fam\u0131) kitap olarak ilk kez 1880 y\u0131l\u0131nda yay\u0131mland\u0131. Bu romanda Zola, etraf\u0131ndaki her ya\u015fama adeta felaketi getiren Nana ad\u0131ndaki bir hayat kad\u0131n\u0131n\u0131n eliyle aristokrasinin ve burjuvazinin maskesini d\u00fc\u015f\u00fcr\u00fcr; maskenin alt\u0131nda beliren \u00e7\u00fcr\u00fcm\u00fc\u015fl\u00fc\u011f\u00fc, ikiy\u00fczl\u00fcl\u00fc\u011f\u00fc ger\u00e7eklikten bir an bile \u00f6d\u00fcn vermeden, a\u00e7\u0131ky\u00fcreklilikle anlat\u0131r. Zola, Nana\u2019da Flaubert\u2019in de s\u00f6yledi\u011fi gibi bir Paris miti yaratm\u0131\u015f, edebiyata bir hayat kad\u0131n\u0131 arketipi arma\u011fan etmi\u015ftir. \ufffcTan\u0131t\u0131m Metni<\/p>\n","protected":false},"excerpt":{"rendered":"<p>Emile Zola (1840-1902): Nat\u00fcralizm ak\u0131m\u0131n\u0131n en \u00f6nemli temsilcilerinden biri olan Zola, romanc\u0131n\u0131n olaylar\u0131 bir izleyici gibi kaydetmekle yetinmemesi, ki\u015fileri ve tutkular\u0131n\u0131 bir dizi deneye tabi tutarken,<span class=\"excerpt-hellip\"> [\u2026]<\/span><\/p>\n","protected":false},"featured_media":0,"template":"","meta":{"_monsterinsights_skip_tracking":false,"_monsterinsights_sitenote_active":false,"_monsterinsights_sitenote_note":"","_monsterinsights_sitenote_category":0},"product_brand":[],"product_cat":[12291,12711],"product_tag":[],"class_list":{"0":"post-704217","1":"product","2":"type-product","3":"status-publish","5":"product_cat-edebiyat","6":"product_cat-roman-oyku","7":"pa_cilt-ciltsiz","8":"pa_tur-kitap","9":"pa_yayinevi-is-bankasi-kultur-yayinlari","10":"pa_yazar-emile-zola","12":"first","13":"instock","14":"sale","15":"shipping-taxable","16":"purchasable","17":"product-type-simple"},"_links":{"self":[{"href":"https:\/\/roveyayinevi.com.tr\/index.php\/wp-json\/wp\/v2\/product\/704217","targetHints":{"allow":["GET"]}}],"collection":[{"href":"https:\/\/roveyayinevi.com.tr\/index.php\/wp-json\/wp\/v2\/product"}],"about":[{"href":"https:\/\/roveyayinevi.com.tr\/index.php\/wp-json\/wp\/v2\/types\/product"}],"wp:attachment":[{"href":"https:\/\/roveyayinevi.com.tr\/index.php\/wp-json\/wp\/v2\/media?parent=704217"}],"wp:term":[{"taxonomy":"product_brand","embeddable":true,"href":"https:\/\/roveyayinevi.com.tr\/index.php\/wp-json\/wp\/v2\/product_brand?post=704217"},{"taxonomy":"product_cat","embeddable":true,"href":"https:\/\/roveyayinevi.com.tr\/index.php\/wp-json\/wp\/v2\/product_cat?post=704217"},{"taxonomy":"product_tag","embeddable":true,"href":"https:\/\/roveyayinevi.com.tr\/index.php\/wp-json\/wp\/v2\/product_tag?post=704217"}],"curies":[{"name":"wp","href":"https:\/\/api.w.org\/{rel}","templated":true}]}}