{"id":704214,"date":"2025-08-27T15:33:16","date_gmt":"2025-08-27T12:33:16","guid":{"rendered":"https:\/\/roveyayinevi.com.tr\/index.php\/urun\/anne-baba-cocuk-oykuleri\/"},"modified":"2026-04-16T02:13:10","modified_gmt":"2026-04-15T23:13:10","slug":"anne-baba-cocuk-oykuleri","status":"publish","type":"product","link":"https:\/\/roveyayinevi.com.tr\/index.php\/urun\/anne-baba-cocuk-oykuleri\/","title":{"rendered":"Anne Baba \u00c7ocuk \u00d6yk\u00fcleri"},"content":{"rendered":"<p>Anne-babal\u0131k, d\u00fcnyan\u0131n en g\u00fczel mesleklerinden biri olsa gerek. Bir \u00e7ocu\u011fun d\u00fcnyada yere sa\u011flam bas\u0131p dimdik duracak bir karaktere ula\u015fmas\u0131nda hi\u00e7 \u015f\u00fcphe yok ki anne baban\u0131n etkisi b\u00fcy\u00fck. Anne babas\u0131 ilgisiz ve \u015fefkatsiz davrand\u0131\u011f\u0131nda, \u00e7ocuk bir yetim gibi yeti\u015fiyor. Ancak anne baba, kutsal mesle\u011fini bilin\u00e7li bir \u015fekilde uygularsa, o zaman gelece\u011fin mimarlar\u0131 yeti\u015fmi\u015f oluyor. Anne-Baba-\u00c7ocuk \u00d6yk\u00fcleri, \u00e7ekirdek aile dedi\u011fimiz toplumun en k\u00fc\u00e7\u00fck birimine y\u00f6nelik \u00f6yk\u00fclerle kar\u015f\u0131n\u0131zda. Birbirinden \u00f6zel ve i\u00e7ten aile \u00f6yk\u00fcc\u00fckleri anne, baba ve \u00e7ocuklar\u0131n beraber yapacaklar\u0131 okumalarda g\u00f6n\u00fcl \u015fenlendirici bir \u00f6zellik sergileyecek. Hava, Su, Toprak, \u00d6yk\u00fc serisinin sekizinci kitab\u0131 Anne Baba \u00c7ocuk \u00d6yk\u00fcleri, serinin di\u011fer kitaplar\u0131 gibi ak\u0131c\u0131 ve s\u0131ms\u0131cak! <\/p>\n","protected":false},"excerpt":{"rendered":"<p>Anne-babal\u0131k, d\u00fcnyan\u0131n en g\u00fczel mesleklerinden biri olsa gerek. Bir \u00e7ocu\u011fun d\u00fcnyada yere sa\u011flam bas\u0131p dimdik duracak bir karaktere ula\u015fmas\u0131nda hi\u00e7 \u015f\u00fcphe yok ki anne baban\u0131n etkisi<span class=\"excerpt-hellip\"> [\u2026]<\/span><\/p>\n","protected":false},"featured_media":0,"template":"","meta":{"_monsterinsights_skip_tracking":false,"_monsterinsights_sitenote_active":false,"_monsterinsights_sitenote_note":"","_monsterinsights_sitenote_category":0},"product_brand":[],"product_cat":[12274,12284],"product_tag":[],"class_list":{"0":"post-704214","1":"product","2":"type-product","3":"status-publish","5":"product_cat-cocuk-ve-genclik-kitaplari","6":"product_cat-hikayeler","7":"pa_cilt-ciltsiz","8":"pa_tur-kitap","9":"pa_yayinevi-hayat-yayinlari","10":"pa_yazar-murat-ciftkaya","12":"first","13":"instock","14":"sale","15":"shipping-taxable","16":"purchasable","17":"product-type-simple"},"_links":{"self":[{"href":"https:\/\/roveyayinevi.com.tr\/index.php\/wp-json\/wp\/v2\/product\/704214","targetHints":{"allow":["GET"]}}],"collection":[{"href":"https:\/\/roveyayinevi.com.tr\/index.php\/wp-json\/wp\/v2\/product"}],"about":[{"href":"https:\/\/roveyayinevi.com.tr\/index.php\/wp-json\/wp\/v2\/types\/product"}],"wp:attachment":[{"href":"https:\/\/roveyayinevi.com.tr\/index.php\/wp-json\/wp\/v2\/media?parent=704214"}],"wp:term":[{"taxonomy":"product_brand","embeddable":true,"href":"https:\/\/roveyayinevi.com.tr\/index.php\/wp-json\/wp\/v2\/product_brand?post=704214"},{"taxonomy":"product_cat","embeddable":true,"href":"https:\/\/roveyayinevi.com.tr\/index.php\/wp-json\/wp\/v2\/product_cat?post=704214"},{"taxonomy":"product_tag","embeddable":true,"href":"https:\/\/roveyayinevi.com.tr\/index.php\/wp-json\/wp\/v2\/product_tag?post=704214"}],"curies":[{"name":"wp","href":"https:\/\/api.w.org\/{rel}","templated":true}]}}