{"id":704205,"date":"2025-08-27T15:33:11","date_gmt":"2025-08-27T12:33:11","guid":{"rendered":"https:\/\/roveyayinevi.com.tr\/index.php\/urun\/olaganustu-bir-gece\/"},"modified":"2026-04-16T02:13:10","modified_gmt":"2026-04-15T23:13:10","slug":"olaganustu-bir-gece","status":"publish","type":"product","link":"https:\/\/roveyayinevi.com.tr\/index.php\/urun\/olaganustu-bir-gece\/","title":{"rendered":"Ola\u011fan\u00fcst\u00fc Bir Gece"},"content":{"rendered":"<p>Ola\u011fan\u00fcst\u00fc Bir Gece, se\u00e7kin bir burjuva olarak rahat ve tasas\u0131z varolu\u015funu s\u00fcrd\u00fcr\u00fcrken giderek duyars\u0131zla\u015fan bir adam\u0131n hayat\u0131ndaki d\u00f6n\u00fc\u015ft\u00fcr\u00fcc\u00fc deneyimin hik\u00e2yesidir. S\u0131radan bir Pazar g\u00fcn\u00fcn\u00fc at yar\u0131\u015flar\u0131nda ge\u00e7irirken, belki de ilk kez burjuva ahlak\u0131ndan saparak \u201csu\u00e7\u201d i\u015fler. B\u00f6ylece yeniden \u201chissetmeye\u201d ba\u015flad\u0131\u011f\u0131n\u0131, k\u00f6t\u00fcc\u00fcl ve ate\u015fli hazlar\u0131 olan ger\u00e7ek bir insan oldu\u011funu fark eder. \u0130\u00e7indeki haz dolu esrime, ayn\u0131 g\u00fcn\u00fcn ak\u015fam\u0131nda onu gece aleminin son at\u0131klar\u0131n\u0131n aras\u0131na, \u201chayat\u0131n en dibindeki la\u011f\u0131mlara\u201d s\u00fcr\u00fckleyecek, var\u0131\u015f noktas\u0131 ise ruhani bir uyan\u0131\u015f olacakt\u0131r. \ufffc<\/p>\n","protected":false},"excerpt":{"rendered":"<p>Ola\u011fan\u00fcst\u00fc Bir Gece, se\u00e7kin bir burjuva olarak rahat ve tasas\u0131z varolu\u015funu s\u00fcrd\u00fcr\u00fcrken giderek duyars\u0131zla\u015fan bir adam\u0131n hayat\u0131ndaki d\u00f6n\u00fc\u015ft\u00fcr\u00fcc\u00fc deneyimin hik\u00e2yesidir. S\u0131radan bir Pazar g\u00fcn\u00fcn\u00fc at yar\u0131\u015flar\u0131nda<span class=\"excerpt-hellip\"> [\u2026]<\/span><\/p>\n","protected":false},"featured_media":0,"template":"","meta":{"_monsterinsights_skip_tracking":false,"_monsterinsights_sitenote_active":false,"_monsterinsights_sitenote_note":"","_monsterinsights_sitenote_category":0},"product_brand":[],"product_cat":[12782,12291],"product_tag":[],"class_list":{"0":"post-704205","1":"product","2":"type-product","3":"status-publish","5":"product_cat-alman-edebiyati","6":"product_cat-edebiyat","7":"pa_cilt-ciltsiz","8":"pa_tur-kitap","9":"pa_yayinevi-is-bankasi-kultur-yayinlari","10":"pa_yazar-stefan-zweig","12":"first","13":"instock","14":"sale","15":"shipping-taxable","16":"purchasable","17":"product-type-simple"},"_links":{"self":[{"href":"https:\/\/roveyayinevi.com.tr\/index.php\/wp-json\/wp\/v2\/product\/704205","targetHints":{"allow":["GET"]}}],"collection":[{"href":"https:\/\/roveyayinevi.com.tr\/index.php\/wp-json\/wp\/v2\/product"}],"about":[{"href":"https:\/\/roveyayinevi.com.tr\/index.php\/wp-json\/wp\/v2\/types\/product"}],"wp:attachment":[{"href":"https:\/\/roveyayinevi.com.tr\/index.php\/wp-json\/wp\/v2\/media?parent=704205"}],"wp:term":[{"taxonomy":"product_brand","embeddable":true,"href":"https:\/\/roveyayinevi.com.tr\/index.php\/wp-json\/wp\/v2\/product_brand?post=704205"},{"taxonomy":"product_cat","embeddable":true,"href":"https:\/\/roveyayinevi.com.tr\/index.php\/wp-json\/wp\/v2\/product_cat?post=704205"},{"taxonomy":"product_tag","embeddable":true,"href":"https:\/\/roveyayinevi.com.tr\/index.php\/wp-json\/wp\/v2\/product_tag?post=704205"}],"curies":[{"name":"wp","href":"https:\/\/api.w.org\/{rel}","templated":true}]}}