{"id":704191,"date":"2025-08-27T15:33:04","date_gmt":"2025-08-27T12:33:04","guid":{"rendered":"https:\/\/roveyayinevi.com.tr\/index.php\/urun\/sifirdan-sonsuza-matematigin-oykusu\/"},"modified":"2026-04-16T02:13:09","modified_gmt":"2026-04-15T23:13:09","slug":"sifirdan-sonsuza-matematigin-oykusu","status":"publish","type":"product","link":"https:\/\/roveyayinevi.com.tr\/index.php\/urun\/sifirdan-sonsuza-matematigin-oykusu\/","title":{"rendered":"S\u0131f\u0131rdan Sonsuza Matemati\u011fin \u00d6yk\u00fcs\u00fc"},"content":{"rendered":"<p>G\u00fcn\u00fcm\u00fczden 20.000 y\u0131l \u00f6nce ya\u015fam\u0131\u015f insanlar asal say\u0131 fikrini biliyordu! \u0130nanmazsan\u0131z \u0130\u015fango kemi\u011fi \u00fczerindeki \u00e7entikleri say\u0131n.Matematik dininin mensubu olan Pisagorculara g\u00f6re say\u0131lar hem kutsal hem de rasyoneldi ve Pisagor irrasyonel say\u0131 kavram\u0131n\u0131 icat eden m\u00fcridi Hippassus\u2019u kendi elleriyle \u00f6ld\u00fcrm\u00fc\u015ft\u00fc!Avrupal\u0131lar, Arap rakamlar\u0131n\u0131 almasalar ekonomi, bilim ve teknolojide b\u00fcy\u00fck bir at\u0131l\u0131m yapamazd\u0131!Filozof Ren\u00e9 Descartes analitik geometriyi, hasta yata\u011f\u0131nda tavanda gezen sine\u011fin hareketlerini g\u00f6zlerken ke\u015ffetti!Frans\u0131z matematik\u00e7i Pierre de Fermat 1637 y\u0131l\u0131nda \u00f6yle bir matematik sorusu sordu ki, 350 y\u0131l boyunca bu soruyu hi\u00e7 kimse \u00e7\u00f6zemedi!\u0130kinci D\u00fcnya Sava\u015f\u0131 s\u0131ras\u0131nda, \u0130ngiliz Gizli Servisi i\u00e7in \u00e7al\u0131\u015fan Alan Turing ve di\u011fer matematik\u00e7iler, Almanlar\u0131n Enigma \u015fifrelerini k\u0131rarak sava\u015f\u0131n seyrini de\u011fi\u015ftirdi! <\/p>\n","protected":false},"excerpt":{"rendered":"<p>G\u00fcn\u00fcm\u00fczden 20.000 y\u0131l \u00f6nce ya\u015fam\u0131\u015f insanlar asal say\u0131 fikrini biliyordu! \u0130nanmazsan\u0131z \u0130\u015fango kemi\u011fi \u00fczerindeki \u00e7entikleri say\u0131n.Matematik dininin mensubu olan Pisagorculara g\u00f6re say\u0131lar hem kutsal hem de<span class=\"excerpt-hellip\"> [\u2026]<\/span><\/p>\n","protected":false},"featured_media":0,"template":"","meta":{"_monsterinsights_skip_tracking":false,"_monsterinsights_sitenote_active":false,"_monsterinsights_sitenote_note":"","_monsterinsights_sitenote_category":0},"product_brand":[],"product_cat":[13005,13006],"product_tag":[],"class_list":{"0":"post-704191","1":"product","2":"type-product","3":"status-publish","5":"product_cat-bilim-muhendislik","6":"product_cat-populer-bilim","7":"pa_cilt-ciltsiz","8":"pa_tur-kitap","9":"pa_yayinevi-say-yayinlari","10":"pa_yazar-chris-waring","12":"first","13":"instock","14":"sale","15":"shipping-taxable","16":"purchasable","17":"product-type-simple"},"_links":{"self":[{"href":"https:\/\/roveyayinevi.com.tr\/index.php\/wp-json\/wp\/v2\/product\/704191","targetHints":{"allow":["GET"]}}],"collection":[{"href":"https:\/\/roveyayinevi.com.tr\/index.php\/wp-json\/wp\/v2\/product"}],"about":[{"href":"https:\/\/roveyayinevi.com.tr\/index.php\/wp-json\/wp\/v2\/types\/product"}],"wp:attachment":[{"href":"https:\/\/roveyayinevi.com.tr\/index.php\/wp-json\/wp\/v2\/media?parent=704191"}],"wp:term":[{"taxonomy":"product_brand","embeddable":true,"href":"https:\/\/roveyayinevi.com.tr\/index.php\/wp-json\/wp\/v2\/product_brand?post=704191"},{"taxonomy":"product_cat","embeddable":true,"href":"https:\/\/roveyayinevi.com.tr\/index.php\/wp-json\/wp\/v2\/product_cat?post=704191"},{"taxonomy":"product_tag","embeddable":true,"href":"https:\/\/roveyayinevi.com.tr\/index.php\/wp-json\/wp\/v2\/product_tag?post=704191"}],"curies":[{"name":"wp","href":"https:\/\/api.w.org\/{rel}","templated":true}]}}