{"id":704184,"date":"2025-08-27T15:33:00","date_gmt":"2025-08-27T12:33:00","guid":{"rendered":"https:\/\/roveyayinevi.com.tr\/index.php\/urun\/farsca-ogrenim-seti-1-seviye-baslangic-uc-damla-kan\/"},"modified":"2026-04-16T02:13:09","modified_gmt":"2026-04-15T23:13:09","slug":"farsca-ogrenim-seti-1-seviye-baslangic-uc-damla-kan","status":"publish","type":"product","link":"https:\/\/roveyayinevi.com.tr\/index.php\/urun\/farsca-ogrenim-seti-1-seviye-baslangic-uc-damla-kan\/","title":{"rendered":"Fars\u00e7a \u00d6\u011frenim Seti 1 (Seviye-Ba\u015flang\u0131\u00e7-\u00dc\u00e7 Damla Kan)"},"content":{"rendered":"<p>Temel Fars\u00e7a bilgisine sahip olan ki\u015filer i\u00e7in haz\u0131rlanan bu \u00e7al\u0131\u015fma ile dildeki h\u00e2kimiyetinizi art\u0131racak, ba\u015flang\u0131\u00e7 seviyesinden ileri seviyeye kadar olan farkl\u0131 metinlerle a\u015famal\u0131 olarak Fars\u00e7a bilginizi peki\u015ftireceksiniz. Fars\u00e7a \u00d6\u011frenim Seti ba\u015fl\u0131\u011f\u0131 alt\u0131nda sunulan bu \u00e7\u00f6z\u00fcml\u00fc metinler ile, \u2022 Seviyenize g\u00f6re kitap se\u00e7ebilecek, \u2022 Kelime da\u011farc\u0131\u011f\u0131n\u0131z\u0131 geni\u015fletecek, \u2022 Bilmedi\u011finiz kelimeler i\u00e7in s\u00f6zl\u00fck kar\u0131\u015ft\u0131rmaya gerek duymadan kitab\u0131n arkas\u0131ndaki s\u00f6zl\u00fckten faydalanabilecek, \u2022 Metnin Fars\u00e7as\u0131n\u0131, \u00e7evriyaz\u0131s\u0131n\u0131 ve T\u00fcrk\u00e7esini ayn\u0131 sayfada g\u00f6rerek hem telaffuz, hem \u00f6\u011fe dizimi hem de \u00e7eviri yetene\u011finizi geli\u015ftirecek, \u2022 Ayr\u0131ca, Fars edebiyat\u0131n\u0131n en bilindik eserleri ve isimleri hakk\u0131nda da bilgi sahibi olacaks\u0131n\u0131z. <\/p>\n","protected":false},"excerpt":{"rendered":"<p>Temel Fars\u00e7a bilgisine sahip olan ki\u015filer i\u00e7in haz\u0131rlanan bu \u00e7al\u0131\u015fma ile dildeki h\u00e2kimiyetinizi art\u0131racak, ba\u015flang\u0131\u00e7 seviyesinden ileri seviyeye kadar olan farkl\u0131 metinlerle a\u015famal\u0131 olarak Fars\u00e7a bilginizi<span class=\"excerpt-hellip\"> [\u2026]<\/span><\/p>\n","protected":false},"featured_media":0,"template":"","meta":{"_monsterinsights_skip_tracking":false,"_monsterinsights_sitenote_active":false,"_monsterinsights_sitenote_note":"","_monsterinsights_sitenote_category":0},"product_brand":[],"product_cat":[14597,12566],"product_tag":[],"class_list":{"0":"post-704184","1":"product","2":"type-product","3":"status-publish","5":"product_cat-dil-ogrenimi","6":"product_cat-egitim","7":"pa_cilt-ciltsiz","8":"pa_tur-kitap","9":"pa_yayinevi-say-yayinlari","10":"pa_yazar-sadik-hidayet","12":"first","13":"instock","14":"sale","15":"shipping-taxable","16":"purchasable","17":"product-type-simple"},"_links":{"self":[{"href":"https:\/\/roveyayinevi.com.tr\/index.php\/wp-json\/wp\/v2\/product\/704184","targetHints":{"allow":["GET"]}}],"collection":[{"href":"https:\/\/roveyayinevi.com.tr\/index.php\/wp-json\/wp\/v2\/product"}],"about":[{"href":"https:\/\/roveyayinevi.com.tr\/index.php\/wp-json\/wp\/v2\/types\/product"}],"wp:attachment":[{"href":"https:\/\/roveyayinevi.com.tr\/index.php\/wp-json\/wp\/v2\/media?parent=704184"}],"wp:term":[{"taxonomy":"product_brand","embeddable":true,"href":"https:\/\/roveyayinevi.com.tr\/index.php\/wp-json\/wp\/v2\/product_brand?post=704184"},{"taxonomy":"product_cat","embeddable":true,"href":"https:\/\/roveyayinevi.com.tr\/index.php\/wp-json\/wp\/v2\/product_cat?post=704184"},{"taxonomy":"product_tag","embeddable":true,"href":"https:\/\/roveyayinevi.com.tr\/index.php\/wp-json\/wp\/v2\/product_tag?post=704184"}],"curies":[{"name":"wp","href":"https:\/\/api.w.org\/{rel}","templated":true}]}}