{"id":704152,"date":"2025-08-27T15:32:43","date_gmt":"2025-08-27T12:32:43","guid":{"rendered":"https:\/\/roveyayinevi.com.tr\/index.php\/urun\/kotuluk-cicekleri\/"},"modified":"2025-10-20T03:33:28","modified_gmt":"2025-10-20T00:33:28","slug":"kotuluk-cicekleri","status":"publish","type":"product","link":"https:\/\/roveyayinevi.com.tr\/index.php\/urun\/kotuluk-cicekleri\/","title":{"rendered":"K\u00f6t\u00fcl\u00fck \u00c7i\u00e7ekleri"},"content":{"rendered":"<p>Charles Baudelaire (1821-1867): Frans\u0131z \u015fair, \u00e7evirmen ve sanat ele\u015ftirmeni. \u0130lk yay\u0131mlad\u0131\u011f\u0131 eser Salon 1845 ba\u015fl\u0131kl\u0131 sanat ele\u015ftirisidir, bu metinle modernist esteti\u011fin \u00f6nc\u00fcleri aras\u0131ndaki yerini alm\u0131\u015ft\u0131r. 19.y\u00fczy\u0131l\u0131n en b\u00fcy\u00fck \u015fairlerinden biri olarak gerek \u00e7a\u011fda\u015flar\u0131 gerekse kendinden sonra gelen sanat\u00e7\u0131lar, A. Rimbaud\u2019dan S. Mallarm\u00e9\u2019ye, T.S. Eliot\u2019tan W. Benjamin\u2019e uzanan modernist \u00e7izginin hem teorisi hem de prati\u011fi \u00fczerinde muazzam bir etki b\u0131rakm\u0131\u015ft\u0131r. K\u00f6t\u00fcl\u00fck \u00c7i\u00e7ekleri, yaban\u0131l, korkun\u00e7 ve kara bir ger\u00e7ekli\u011fin kitab\u0131, Romantizm\u2019in yeniden ke\u015ffi, Benjamin\u2019in s\u00f6yledi\u011fi gibi Avrupa\u2019y\u0131 etkileyen son lirik ba\u015fyap\u0131tt\u0131r. \ufffcTan\u0131t\u0131m Metni<\/p>\n","protected":false},"excerpt":{"rendered":"<p>Charles Baudelaire (1821-1867): Frans\u0131z \u015fair, \u00e7evirmen ve sanat ele\u015ftirmeni. \u0130lk yay\u0131mlad\u0131\u011f\u0131 eser Salon 1845 ba\u015fl\u0131kl\u0131 sanat ele\u015ftirisidir, bu metinle modernist esteti\u011fin \u00f6nc\u00fcleri aras\u0131ndaki yerini alm\u0131\u015ft\u0131r. 19.y\u00fczy\u0131l\u0131n<span class=\"excerpt-hellip\"> [\u2026]<\/span><\/p>\n","protected":false},"featured_media":0,"template":"","meta":{"_monsterinsights_skip_tracking":false,"_monsterinsights_sitenote_active":false,"_monsterinsights_sitenote_note":"","_monsterinsights_sitenote_category":0},"product_brand":[],"product_cat":[12291,12509],"product_tag":[],"class_list":{"0":"post-704152","1":"product","2":"type-product","3":"status-publish","5":"product_cat-edebiyat","6":"product_cat-siir","7":"pa_cilt-ciltsiz","8":"pa_tur-kitap","9":"pa_yayinevi-is-bankasi-kultur-yayinlari","10":"pa_yazar-charles-baudelaire","12":"first","13":"instock","14":"sale","15":"shipping-taxable","16":"purchasable","17":"product-type-simple"},"_links":{"self":[{"href":"https:\/\/roveyayinevi.com.tr\/index.php\/wp-json\/wp\/v2\/product\/704152","targetHints":{"allow":["GET"]}}],"collection":[{"href":"https:\/\/roveyayinevi.com.tr\/index.php\/wp-json\/wp\/v2\/product"}],"about":[{"href":"https:\/\/roveyayinevi.com.tr\/index.php\/wp-json\/wp\/v2\/types\/product"}],"wp:attachment":[{"href":"https:\/\/roveyayinevi.com.tr\/index.php\/wp-json\/wp\/v2\/media?parent=704152"}],"wp:term":[{"taxonomy":"product_brand","embeddable":true,"href":"https:\/\/roveyayinevi.com.tr\/index.php\/wp-json\/wp\/v2\/product_brand?post=704152"},{"taxonomy":"product_cat","embeddable":true,"href":"https:\/\/roveyayinevi.com.tr\/index.php\/wp-json\/wp\/v2\/product_cat?post=704152"},{"taxonomy":"product_tag","embeddable":true,"href":"https:\/\/roveyayinevi.com.tr\/index.php\/wp-json\/wp\/v2\/product_tag?post=704152"}],"curies":[{"name":"wp","href":"https:\/\/api.w.org\/{rel}","templated":true}]}}