{"id":704133,"date":"2025-08-27T15:32:33","date_gmt":"2025-08-27T12:32:33","guid":{"rendered":"https:\/\/roveyayinevi.com.tr\/index.php\/urun\/avcunuzdaki-kelebek\/"},"modified":"2026-04-16T02:13:08","modified_gmt":"2026-04-15T23:13:08","slug":"avcunuzdaki-kelebek","status":"publish","type":"product","link":"https:\/\/roveyayinevi.com.tr\/index.php\/urun\/avcunuzdaki-kelebek\/","title":{"rendered":"Avcunuzdaki Kelebek"},"content":{"rendered":"<p>Harika bir kitapt\u0131, hayat\u0131mda bir \u00e7ok de\u011fi\u015fiklik yapmama neden oldunuz Fikret Odaba\u015f\u0131 Tebrikler! \u00c7ok net ba\u015fka bir \u015fey s\u00f6ylemem m\u00fcmk\u00fcn de\u011fil.San\u0131r\u0131m h\u0131zl\u0131 okuma rekoru k\u0131rd\u0131m Filiz \u015eahin \/ DPT Y\u00f6netim Bilgi Merkezi \u00dcrettikleriniz ve payla\u015ft\u0131klar\u0131n\u0131z i\u00e7in \u015fahs\u0131m ve kitaplar\u0131n\u0131z\u0131 okuyan binlerce \u00f6\u011frencim ad\u0131na elinize, dilinize, y\u00fcre\u011finize sa\u011fl\u0131k Do\u00e7. Dr. Mustafa Do\u011faner \/ AD\u00dc Nazilli \u0130\u0130BF \u0130\u015fletme B\u00f6l\u00fcm\u00fc \ufffcTan\u0131t\u0131m Metni<\/p>\n","protected":false},"excerpt":{"rendered":"<p>Harika bir kitapt\u0131, hayat\u0131mda bir \u00e7ok de\u011fi\u015fiklik yapmama neden oldunuz Fikret Odaba\u015f\u0131 Tebrikler! \u00c7ok net ba\u015fka bir \u015fey s\u00f6ylemem m\u00fcmk\u00fcn de\u011fil.San\u0131r\u0131m h\u0131zl\u0131 okuma rekoru k\u0131rd\u0131m Filiz<span class=\"excerpt-hellip\"> [\u2026]<\/span><\/p>\n","protected":false},"featured_media":0,"template":"","meta":{"_monsterinsights_skip_tracking":false,"_monsterinsights_sitenote_active":false,"_monsterinsights_sitenote_note":"","_monsterinsights_sitenote_category":0},"product_brand":[],"product_cat":[12364,12376],"product_tag":[],"class_list":{"0":"post-704133","1":"product","2":"type-product","3":"status-publish","5":"product_cat-genel-konular","6":"product_cat-kisisel-gelisim","7":"pa_cilt-ciltsiz","8":"pa_tur-kitap","9":"pa_yayinevi-elma-yayinevi","10":"pa_yazar-ahmet-serif-izgoren","12":"first","13":"instock","14":"sale","15":"shipping-taxable","16":"purchasable","17":"product-type-simple"},"_links":{"self":[{"href":"https:\/\/roveyayinevi.com.tr\/index.php\/wp-json\/wp\/v2\/product\/704133","targetHints":{"allow":["GET"]}}],"collection":[{"href":"https:\/\/roveyayinevi.com.tr\/index.php\/wp-json\/wp\/v2\/product"}],"about":[{"href":"https:\/\/roveyayinevi.com.tr\/index.php\/wp-json\/wp\/v2\/types\/product"}],"wp:attachment":[{"href":"https:\/\/roveyayinevi.com.tr\/index.php\/wp-json\/wp\/v2\/media?parent=704133"}],"wp:term":[{"taxonomy":"product_brand","embeddable":true,"href":"https:\/\/roveyayinevi.com.tr\/index.php\/wp-json\/wp\/v2\/product_brand?post=704133"},{"taxonomy":"product_cat","embeddable":true,"href":"https:\/\/roveyayinevi.com.tr\/index.php\/wp-json\/wp\/v2\/product_cat?post=704133"},{"taxonomy":"product_tag","embeddable":true,"href":"https:\/\/roveyayinevi.com.tr\/index.php\/wp-json\/wp\/v2\/product_tag?post=704133"}],"curies":[{"name":"wp","href":"https:\/\/api.w.org\/{rel}","templated":true}]}}