{"id":704126,"date":"2025-08-27T15:32:30","date_gmt":"2025-08-27T12:32:30","guid":{"rendered":"https:\/\/roveyayinevi.com.tr\/index.php\/urun\/alper-her-yemekten-yemek-zorunda-miyim\/"},"modified":"2026-04-16T02:13:08","modified_gmt":"2026-04-15T23:13:08","slug":"alper-her-yemekten-yemek-zorunda-miyim","status":"publish","type":"product","link":"https:\/\/roveyayinevi.com.tr\/index.php\/urun\/alper-her-yemekten-yemek-zorunda-miyim\/","title":{"rendered":"Alper &#8211; Her Yemekten Yemek Zorunda m\u0131y\u0131m?"},"content":{"rendered":"<p>Alper ile ikiz karde\u015fi Burcu o g\u00fcn \u00e7ok heyecanl\u0131yd\u0131lar. \u00c7\u00fcnk\u00fc \u00e7iftlikte ya\u015fayan halalar\u0131n\u0131 ziyarete gideceklerdi. Haz\u0131rlan\u0131p ne\u015fe i\u00e7inde yola \u00e7\u0131kt\u0131lar. \u00c7iftli\u011fe var\u0131nca daha \u00f6nce birlikte ekmi\u015f olduklar\u0131 domatesleri g\u00f6rmek i\u00e7in sebze bah\u00e7esine ko\u015ftular. Yemye\u015fil domatesler b\u00fcy\u00fcm\u00fc\u015f k\u0131pk\u0131rm\u0131z\u0131 olmu\u015ftu. \u0130ki karde\u015f \u00e7ok sevindi. Halalar\u0131yla birlikte domatesleri toplad\u0131lar. Anneleri domateslerden salata yaparken Alper\u2019le Burcu da ona yard\u0131m etti. <\/p>\n","protected":false},"excerpt":{"rendered":"<p>Alper ile ikiz karde\u015fi Burcu o g\u00fcn \u00e7ok heyecanl\u0131yd\u0131lar. \u00c7\u00fcnk\u00fc \u00e7iftlikte ya\u015fayan halalar\u0131n\u0131 ziyarete gideceklerdi. Haz\u0131rlan\u0131p ne\u015fe i\u00e7inde yola \u00e7\u0131kt\u0131lar. \u00c7iftli\u011fe var\u0131nca daha \u00f6nce birlikte ekmi\u015f<span class=\"excerpt-hellip\"> [\u2026]<\/span><\/p>\n","protected":false},"featured_media":0,"template":"","meta":{"_monsterinsights_skip_tracking":false,"_monsterinsights_sitenote_active":false,"_monsterinsights_sitenote_note":"","_monsterinsights_sitenote_category":0},"product_brand":[],"product_cat":[12364],"product_tag":[],"class_list":{"0":"post-704126","1":"product","2":"type-product","3":"status-publish","5":"product_cat-genel-konular","6":"pa_cilt-ciltsiz","7":"pa_tur-kitap","8":"pa_yayinevi-timas-cocuk","9":"pa_yazar-nursen-sirin","11":"first","12":"instock","13":"sale","14":"shipping-taxable","15":"purchasable","16":"product-type-simple"},"_links":{"self":[{"href":"https:\/\/roveyayinevi.com.tr\/index.php\/wp-json\/wp\/v2\/product\/704126","targetHints":{"allow":["GET"]}}],"collection":[{"href":"https:\/\/roveyayinevi.com.tr\/index.php\/wp-json\/wp\/v2\/product"}],"about":[{"href":"https:\/\/roveyayinevi.com.tr\/index.php\/wp-json\/wp\/v2\/types\/product"}],"wp:attachment":[{"href":"https:\/\/roveyayinevi.com.tr\/index.php\/wp-json\/wp\/v2\/media?parent=704126"}],"wp:term":[{"taxonomy":"product_brand","embeddable":true,"href":"https:\/\/roveyayinevi.com.tr\/index.php\/wp-json\/wp\/v2\/product_brand?post=704126"},{"taxonomy":"product_cat","embeddable":true,"href":"https:\/\/roveyayinevi.com.tr\/index.php\/wp-json\/wp\/v2\/product_cat?post=704126"},{"taxonomy":"product_tag","embeddable":true,"href":"https:\/\/roveyayinevi.com.tr\/index.php\/wp-json\/wp\/v2\/product_tag?post=704126"}],"curies":[{"name":"wp","href":"https:\/\/api.w.org\/{rel}","templated":true}]}}