{"id":704120,"date":"2025-08-27T15:32:27","date_gmt":"2025-08-27T12:32:27","guid":{"rendered":"https:\/\/roveyayinevi.com.tr\/index.php\/urun\/benim-adim-messi\/"},"modified":"2026-04-13T02:15:51","modified_gmt":"2026-04-12T23:15:51","slug":"benim-adim-messi","status":"publish","type":"product","link":"https:\/\/roveyayinevi.com.tr\/index.php\/urun\/benim-adim-messi\/","title":{"rendered":"Benim Ad\u0131m Messi"},"content":{"rendered":"<p>Messi\u2019nin film gibi hayat\u0131n\u0131n inan\u0131lmaz \u00f6yk\u00fcs\u00fc\u2026Lionel Messi de \u00e7ocuktu\u2026 B\u00fcy\u00fcme hormonu yeterince \u00e7al\u0131\u015fm\u0131yordu ama o, ne \u00e7ok sevdi\u011fi futboldan ne de babas\u0131n\u0131n be\u015f kural\u0131ndan vazge\u00e7ti: Nezaket, d\u00fcr\u00fcstl\u00fck, azim, kendine hakim olmak ve boyun e\u011fmemek\u2026Bu kitapta Messi\u2019nin, ailesinin sevgisi ve fedakarl\u0131\u011f\u0131 sayesinde nas\u0131l Barselona futbol tak\u0131m\u0131n\u0131n ve d\u00fcnyan\u0131n bir numaral\u0131 futbolcusuna d\u00f6n\u00fc\u015ft\u00fc\u011f\u00fcn\u00fc okuyacaks\u0131n\u0131z.<\/p>\n","protected":false},"excerpt":{"rendered":"<p>Messi\u2019nin film gibi hayat\u0131n\u0131n inan\u0131lmaz \u00f6yk\u00fcs\u00fc\u2026Lionel Messi de \u00e7ocuktu\u2026 B\u00fcy\u00fcme hormonu yeterince \u00e7al\u0131\u015fm\u0131yordu ama o, ne \u00e7ok sevdi\u011fi futboldan ne de babas\u0131n\u0131n be\u015f kural\u0131ndan vazge\u00e7ti: Nezaket,<span class=\"excerpt-hellip\"> [\u2026]<\/span><\/p>\n","protected":false},"featured_media":0,"template":"","meta":{"_monsterinsights_skip_tracking":false,"_monsterinsights_sitenote_active":false,"_monsterinsights_sitenote_note":"","_monsterinsights_sitenote_category":0},"product_brand":[],"product_cat":[14009,12291],"product_tag":[],"class_list":{"0":"post-704120","1":"product","2":"type-product","3":"status-publish","5":"product_cat-biyografi-otobiyografi-edebiyat","6":"product_cat-edebiyat","7":"pa_cilt-ciltsiz","8":"pa_tur-kitap","9":"pa_yayinevi-beyaz-balina-yayinlari","10":"pa_yazar-michael-part","12":"first","13":"instock","14":"sale","15":"shipping-taxable","16":"purchasable","17":"product-type-simple"},"_links":{"self":[{"href":"https:\/\/roveyayinevi.com.tr\/index.php\/wp-json\/wp\/v2\/product\/704120","targetHints":{"allow":["GET"]}}],"collection":[{"href":"https:\/\/roveyayinevi.com.tr\/index.php\/wp-json\/wp\/v2\/product"}],"about":[{"href":"https:\/\/roveyayinevi.com.tr\/index.php\/wp-json\/wp\/v2\/types\/product"}],"wp:attachment":[{"href":"https:\/\/roveyayinevi.com.tr\/index.php\/wp-json\/wp\/v2\/media?parent=704120"}],"wp:term":[{"taxonomy":"product_brand","embeddable":true,"href":"https:\/\/roveyayinevi.com.tr\/index.php\/wp-json\/wp\/v2\/product_brand?post=704120"},{"taxonomy":"product_cat","embeddable":true,"href":"https:\/\/roveyayinevi.com.tr\/index.php\/wp-json\/wp\/v2\/product_cat?post=704120"},{"taxonomy":"product_tag","embeddable":true,"href":"https:\/\/roveyayinevi.com.tr\/index.php\/wp-json\/wp\/v2\/product_tag?post=704120"}],"curies":[{"name":"wp","href":"https:\/\/api.w.org\/{rel}","templated":true}]}}