{"id":704105,"date":"2025-08-27T15:32:19","date_gmt":"2025-08-27T12:32:19","guid":{"rendered":"https:\/\/roveyayinevi.com.tr\/index.php\/urun\/turkiye-tarihi-osmanli-imparatorlugundan-gunumuze\/"},"modified":"2026-04-16T02:13:07","modified_gmt":"2026-04-15T23:13:07","slug":"turkiye-tarihi-osmanli-imparatorlugundan-gunumuze","status":"publish","type":"product","link":"https:\/\/roveyayinevi.com.tr\/index.php\/urun\/turkiye-tarihi-osmanli-imparatorlugundan-gunumuze\/","title":{"rendered":"T\u00fcrkiye Tarihi  Osmanl\u0131 \u0130mparatorlu\u011fu&#8217;ndan G\u00fcn\u00fcm\u00fcze"},"content":{"rendered":"<p>Tarih\u00e7i ve siyaset uzman\u0131 Hamit Bozarslan, 13. y\u00fczy\u0131lda Bizans \u0130mparatorlu\u011fu&#8217;nun ve Sel\u00e7uklu Devleti&#8217;nin kal\u0131nt\u0131lar\u0131 \u00fczerine kurulan ve yedi y\u00fczy\u0131la yak\u0131n h\u00fck\u00fcm s\u00fcren Osmanl\u0131 \u0130mparatorlu\u011fu&#8217;nun tarihi \u00fczerinden g\u00fcn\u00fcm\u00fcz T\u00fcrkiyesi&#8217;ni anlamaya \u00e7al\u0131\u015f\u0131yor. Bir d\u00fcnya imparatorlu\u011fu ve mutlak bir M\u00fcsl\u00fcman g\u00fcc\u00fc olmay\u0131 ba\u015faran bu s\u0131rad\u0131\u015f\u0131 devletteki s\u00fcrekliliklerin, ayn\u0131 zamanda y\u00fczy\u0131llar i\u00e7indeki sert kopu\u015flar\u0131n izini s\u00fcrerek, T\u00fcrkiye tarihi denen karma\u015f\u0131k konuyu, kendi \u00f6zg\u00fcll\u00fckleri i\u00e7inde oldu\u011fu kadar ba\u015fka mek\u00e2nlarla etkile\u015fimleri ve ba\u011f\u0131ml\u0131l\u0131klar\u0131 i\u00e7inde de ele alarak tart\u0131\u015f\u0131yor. Bozarslan, T\u00fcrk\u00e7e bask\u0131ya yazd\u0131\u011f\u0131 \u00f6ns\u00f6zle, ayr\u0131ca bug\u00fcn siyaset g\u00fcndemimizi belirleyen dinamikleri anlamam\u0131z\u0131 sa\u011flayacak \u00f6nemli ipu\u00e7lar\u0131 veriyor. \u201cT\u00fcrkiye\u2019de \u2018toplum yaratmak\u2019, ge\u00e7mi\u015fteki \u0130ttihat\u00e7\u0131 te\u015febb\u00fcslerin yenilgisini kabul ederek, etnik, inan\u00e7sal, politik ve \u2018uygarl\u0131ksal\u2019 \u00e7o\u011fulculuklar\u0131n me\u015frulu\u011funu \u2013bunlar\u0131n g\u00fcncel kamusal sahnede ifade ettikleri kopukluklarla birlikte\u2013 nihayet kabul etmeyi gerektirir. T\u00fcrkiye\u2019nin, b\u00fct\u00fcn 19. ve 20. y\u00fczy\u0131llar boyunca s\u0131kl\u0131kla ve \u015fiddetli bir \u015fekilde zemini oldu\u011fu radikal ba\u015fkald\u0131r\u0131lar\u0131n yeni dalgalar\u0131n\u0131 \u00f6nlemesini, bi\u00e7imsel kurumsal \u00e7er\u00e7evelerin \u00f6tesinde, sadece radikal bi\u00e7imde yeniden tan\u0131mlanm\u0131\u015f bir demokrasi sa\u011flayabilir.\u201d HAM\u0130T BOZARSLAN\ufffc<\/p>\n","protected":false},"excerpt":{"rendered":"<p>Tarih\u00e7i ve siyaset uzman\u0131 Hamit Bozarslan, 13. y\u00fczy\u0131lda Bizans \u0130mparatorlu\u011fu&#8217;nun ve Sel\u00e7uklu Devleti&#8217;nin kal\u0131nt\u0131lar\u0131 \u00fczerine kurulan ve yedi y\u00fczy\u0131la yak\u0131n h\u00fck\u00fcm s\u00fcren Osmanl\u0131 \u0130mparatorlu\u011fu&#8217;nun tarihi \u00fczerinden<span class=\"excerpt-hellip\"> [\u2026]<\/span><\/p>\n","protected":false},"featured_media":0,"template":"","meta":{"_monsterinsights_skip_tracking":false,"_monsterinsights_sitenote_active":false,"_monsterinsights_sitenote_note":"","_monsterinsights_sitenote_category":0},"product_brand":[],"product_cat":[12304,13493],"product_tag":[],"class_list":{"0":"post-704105","1":"product","2":"type-product","3":"status-publish","5":"product_cat-tarih","6":"product_cat-turkiye-ve-cumhuriyet-tarihi","7":"pa_cilt-ciltsiz","8":"pa_tur-kitap","9":"pa_yayinevi-iletisim-yayinlari","10":"pa_yazar-hamit-bozarslan","12":"first","13":"instock","14":"sale","15":"shipping-taxable","16":"purchasable","17":"product-type-simple"},"_links":{"self":[{"href":"https:\/\/roveyayinevi.com.tr\/index.php\/wp-json\/wp\/v2\/product\/704105","targetHints":{"allow":["GET"]}}],"collection":[{"href":"https:\/\/roveyayinevi.com.tr\/index.php\/wp-json\/wp\/v2\/product"}],"about":[{"href":"https:\/\/roveyayinevi.com.tr\/index.php\/wp-json\/wp\/v2\/types\/product"}],"wp:attachment":[{"href":"https:\/\/roveyayinevi.com.tr\/index.php\/wp-json\/wp\/v2\/media?parent=704105"}],"wp:term":[{"taxonomy":"product_brand","embeddable":true,"href":"https:\/\/roveyayinevi.com.tr\/index.php\/wp-json\/wp\/v2\/product_brand?post=704105"},{"taxonomy":"product_cat","embeddable":true,"href":"https:\/\/roveyayinevi.com.tr\/index.php\/wp-json\/wp\/v2\/product_cat?post=704105"},{"taxonomy":"product_tag","embeddable":true,"href":"https:\/\/roveyayinevi.com.tr\/index.php\/wp-json\/wp\/v2\/product_tag?post=704105"}],"curies":[{"name":"wp","href":"https:\/\/api.w.org\/{rel}","templated":true}]}}