{"id":704096,"date":"2025-08-27T15:32:14","date_gmt":"2025-08-27T12:32:14","guid":{"rendered":"https:\/\/roveyayinevi.com.tr\/index.php\/urun\/teorinin-sefaleti\/"},"modified":"2026-04-16T02:13:07","modified_gmt":"2026-04-15T23:13:07","slug":"teorinin-sefaleti","status":"publish","type":"product","link":"https:\/\/roveyayinevi.com.tr\/index.php\/urun\/teorinin-sefaleti\/","title":{"rendered":"Teorinin Sefaleti"},"content":{"rendered":"<p>K\u0131l\u0131 k\u0131rk yaran titizli\u011fi ve i\u015f bilmezler i\u015fine kar\u0131\u015ft\u0131\u011f\u0131nda sergiledi\u011fi asabiyeti ile Thompson\u2019\u0131n sosyalbilimsel bilgi \u00fcretimine dair s\u00f6yledikleri son derece sarihtir: Teori ile karine aras\u0131ndaki diyalog kesintisizce s\u00fcrd\u00fcr\u00fclmelidir. Bu kesintisiz diyalog hayat\u00ee \u00f6nemi haizdir ve fakat bu diyalog esnas\u0131nda teorinin empirik \u00e7al\u0131\u015fmay\u0131 manip\u00fcle etmesine asla izin verilmemelidir. Her ne kadar bilim insanlar\u0131n\u0131n, fiiliyatta, yani bilim felsefelerinin normatif buyruklar\u0131na kar\u015f\u0131t bir bi\u00e7imde, teorilerinde \u0131srar etmeleri do\u011fal, anla\u015f\u0131l\u0131r ve kimi zaman gerekli bir durum olsa da, \u201csoyutlaman\u0131n \u015fiddeti\u201dnden ka\u00e7\u0131nmak sosyalbilimsel etkinli\u011fin m\u00fctemmim c\u00fcz\u00fc olmal\u0131d\u0131r. <\/p>\n","protected":false},"excerpt":{"rendered":"<p>K\u0131l\u0131 k\u0131rk yaran titizli\u011fi ve i\u015f bilmezler i\u015fine kar\u0131\u015ft\u0131\u011f\u0131nda sergiledi\u011fi asabiyeti ile Thompson\u2019\u0131n sosyalbilimsel bilgi \u00fcretimine dair s\u00f6yledikleri son derece sarihtir: Teori ile karine aras\u0131ndaki diyalog<span class=\"excerpt-hellip\"> [\u2026]<\/span><\/p>\n","protected":false},"featured_media":0,"template":"","meta":{"_monsterinsights_skip_tracking":false,"_monsterinsights_sitenote_active":false,"_monsterinsights_sitenote_note":"","_monsterinsights_sitenote_category":0},"product_brand":[],"product_cat":[12388,15536],"product_tag":[],"class_list":{"0":"post-704096","1":"product","2":"type-product","3":"status-publish","5":"product_cat-felsefe","6":"product_cat-siyaset-felsefesi","7":"pa_cilt-ciltsiz","8":"pa_tur-kitap","9":"pa_yayinevi-nika-yayinevi","10":"pa_yazar-e-p-thompson","12":"first","13":"instock","14":"sale","15":"shipping-taxable","16":"purchasable","17":"product-type-simple"},"_links":{"self":[{"href":"https:\/\/roveyayinevi.com.tr\/index.php\/wp-json\/wp\/v2\/product\/704096","targetHints":{"allow":["GET"]}}],"collection":[{"href":"https:\/\/roveyayinevi.com.tr\/index.php\/wp-json\/wp\/v2\/product"}],"about":[{"href":"https:\/\/roveyayinevi.com.tr\/index.php\/wp-json\/wp\/v2\/types\/product"}],"wp:attachment":[{"href":"https:\/\/roveyayinevi.com.tr\/index.php\/wp-json\/wp\/v2\/media?parent=704096"}],"wp:term":[{"taxonomy":"product_brand","embeddable":true,"href":"https:\/\/roveyayinevi.com.tr\/index.php\/wp-json\/wp\/v2\/product_brand?post=704096"},{"taxonomy":"product_cat","embeddable":true,"href":"https:\/\/roveyayinevi.com.tr\/index.php\/wp-json\/wp\/v2\/product_cat?post=704096"},{"taxonomy":"product_tag","embeddable":true,"href":"https:\/\/roveyayinevi.com.tr\/index.php\/wp-json\/wp\/v2\/product_tag?post=704096"}],"curies":[{"name":"wp","href":"https:\/\/api.w.org\/{rel}","templated":true}]}}