{"id":704093,"date":"2025-08-27T15:32:13","date_gmt":"2025-08-27T12:32:13","guid":{"rendered":"https:\/\/roveyayinevi.com.tr\/index.php\/urun\/amator-psikanalizi\/"},"modified":"2026-04-16T02:13:07","modified_gmt":"2026-04-15T23:13:07","slug":"amator-psikanalizi","status":"publish","type":"product","link":"https:\/\/roveyayinevi.com.tr\/index.php\/urun\/amator-psikanalizi\/","title":{"rendered":"Amat\u00f6r Psikanalizi"},"content":{"rendered":"<p>Psikanalizin do\u011fas\u0131n\u0131 pek \u00e7ok eserinde derinlemesine kaleme alan psikanaliz ekol\u00fcn\u00fcn kurucusu Freud, bu sefer, uzman olmayanlar\u0131n, bir ba\u015fka deyi\u015fle \u201calayl\u0131lar\u0131n\u201d psikanaliz yapmalar\u0131 konusundaki d\u00fc\u015f\u00fcncelerini payla\u015f\u0131yor. Freud bu kitapta, t\u0131bbi e\u011fitimin psikanalistler i\u00e7in gerekli olmad\u0131\u011f\u0131n\u0131 s\u00f6ylerken amat\u00f6r psikanalizine liberal bir bak\u0131\u015f a\u00e7\u0131s\u0131 getiriyor. Psikanalistlerin hekim olup olmama gereklilikleri \u00fczerine yay\u0131mlanm\u0131\u015f bu eser, hi\u00e7 \u015f\u00fcphe yok ki konunun tarih i\u00e7indeki ele al\u0131n\u0131\u015f bi\u00e7imleri bak\u0131m\u0131ndan son derece \u00f6nemli.<\/p>\n","protected":false},"excerpt":{"rendered":"<p>Psikanalizin do\u011fas\u0131n\u0131 pek \u00e7ok eserinde derinlemesine kaleme alan psikanaliz ekol\u00fcn\u00fcn kurucusu Freud, bu sefer, uzman olmayanlar\u0131n, bir ba\u015fka deyi\u015fle \u201calayl\u0131lar\u0131n\u201d psikanaliz yapmalar\u0131 konusundaki d\u00fc\u015f\u00fcncelerini payla\u015f\u0131yor. Freud<span class=\"excerpt-hellip\"> [\u2026]<\/span><\/p>\n","protected":false},"featured_media":0,"template":"","meta":{"_monsterinsights_skip_tracking":false,"_monsterinsights_sitenote_active":false,"_monsterinsights_sitenote_note":"","_monsterinsights_sitenote_category":0},"product_brand":[],"product_cat":[38801,12357],"product_tag":[],"class_list":{"0":"post-704093","1":"product","2":"type-product","3":"status-publish","5":"product_cat-ekoller-ve-yaklasimlar","6":"product_cat-psikoloji","7":"pa_cilt-ciltsiz","8":"pa_tur-kitap","9":"pa_yayinevi-say-yayinlari","10":"pa_yazar-sigmund-freud","12":"first","13":"instock","14":"sale","15":"shipping-taxable","16":"purchasable","17":"product-type-simple"},"_links":{"self":[{"href":"https:\/\/roveyayinevi.com.tr\/index.php\/wp-json\/wp\/v2\/product\/704093","targetHints":{"allow":["GET"]}}],"collection":[{"href":"https:\/\/roveyayinevi.com.tr\/index.php\/wp-json\/wp\/v2\/product"}],"about":[{"href":"https:\/\/roveyayinevi.com.tr\/index.php\/wp-json\/wp\/v2\/types\/product"}],"wp:attachment":[{"href":"https:\/\/roveyayinevi.com.tr\/index.php\/wp-json\/wp\/v2\/media?parent=704093"}],"wp:term":[{"taxonomy":"product_brand","embeddable":true,"href":"https:\/\/roveyayinevi.com.tr\/index.php\/wp-json\/wp\/v2\/product_brand?post=704093"},{"taxonomy":"product_cat","embeddable":true,"href":"https:\/\/roveyayinevi.com.tr\/index.php\/wp-json\/wp\/v2\/product_cat?post=704093"},{"taxonomy":"product_tag","embeddable":true,"href":"https:\/\/roveyayinevi.com.tr\/index.php\/wp-json\/wp\/v2\/product_tag?post=704093"}],"curies":[{"name":"wp","href":"https:\/\/api.w.org\/{rel}","templated":true}]}}