{"id":704089,"date":"2025-08-27T15:32:11","date_gmt":"2025-08-27T12:32:11","guid":{"rendered":"https:\/\/roveyayinevi.com.tr\/index.php\/urun\/imamlar-ve-haramiler-medyasi\/"},"modified":"2026-04-16T02:13:07","modified_gmt":"2026-04-15T23:13:07","slug":"imamlar-ve-haramiler-medyasi","status":"publish","type":"product","link":"https:\/\/roveyayinevi.com.tr\/index.php\/urun\/imamlar-ve-haramiler-medyasi\/","title":{"rendered":"\u0130mamlar ve Haramiler Medyas\u0131"},"content":{"rendered":"<p>Usta gazeteci yazar Sabahattin \u00d6nkibar, T\u00fcrkiye\u2019nin yak\u0131n tarihinden ba\u015flayarak g\u00fcn\u00fcm\u00fcze uzan\u0131yor ve medya politika ili\u015fkilerine dair sars\u0131c\u0131, \u015fa\u015f\u0131rt\u0131c\u0131 ger\u00e7ekleri if\u015fa ediyor.\u0130mamlar ve Haramiler Medyas\u0131, net bir \u201c\u00e7\u00f6k\u00fc\u015f\u201d manzaras\u0131 sunuyor. \u201cMedyaya zifiri bir karanl\u0131k \u00e7\u00f6km\u00fc\u015f durumdad\u0131r\u201d diyen \u00d6nkibar, yaln\u0131zca yozla\u015fan gazetecilerin de\u011fil, her \u015feye ra\u011fmen direnenlerin, sat\u0131n al\u0131namayanlar\u0131n da portrelerini \u00e7iziyor. AKP \u00f6ncesi ve sonras\u0131ndan \u00e7arp\u0131c\u0131 kesitler aktaran kitap, medya \u00fczerindeki bask\u0131n\u0131n boyutlar\u0131n\u0131 g\u00f6zler \u00f6n\u00fcne seriyor. Erol Simavi\u2019den Ayd\u0131n Do\u011fan\u2019a, Kemal Il\u0131cak\u2019tan Asil Nadir\u2019e, Cem Uzan\u2019dan Din\u00e7 Bilgin\u2019e, Turgay Ciner\u2019den Ethem Sancak\u2019a a\u00e7\u0131lan yelpazede medya tarihi yeniden yaz\u0131l\u0131yor.Burnundan soluyan Turgut \u00d6zal ve ilk \u201chavuz medyas\u0131\u201d\u201cVehbi Ko\u00e7\u2019un gayrime\u015fru o\u011flu\u201d denilen medya patronuErol Simavi neden \u0130svi\u00e7re\u2019ye ka\u00e7t\u0131?\u0130hlas Grubu ve Recep Tayyip Erdo\u011fanSabah-Atv grubunun ger\u00e7ek sat\u0131\u015f \u00f6yk\u00fcs\u00fcMedyadaki M\u0130T\u2019\u00e7ilerCumhuriyet\u2019i tefri\u015f eden \u00fcnl\u00fc gazetecinin amac\u0131 neydi?Cemaat medyas\u0131n\u0131n lejyonerleriT\u00fcrk Silahl\u0131 Kuvvetleri ve medya<\/p>\n","protected":false},"excerpt":{"rendered":"<p>Usta gazeteci yazar Sabahattin \u00d6nkibar, T\u00fcrkiye\u2019nin yak\u0131n tarihinden ba\u015flayarak g\u00fcn\u00fcm\u00fcze uzan\u0131yor ve medya politika ili\u015fkilerine dair sars\u0131c\u0131, \u015fa\u015f\u0131rt\u0131c\u0131 ger\u00e7ekleri if\u015fa ediyor.\u0130mamlar ve Haramiler Medyas\u0131, net bir<span class=\"excerpt-hellip\"> [\u2026]<\/span><\/p>\n","protected":false},"featured_media":0,"template":"","meta":{"_monsterinsights_skip_tracking":false,"_monsterinsights_sitenote_active":false,"_monsterinsights_sitenote_note":"","_monsterinsights_sitenote_category":0},"product_brand":[],"product_cat":[12337,14543],"product_tag":[],"class_list":{"0":"post-704089","1":"product","2":"type-product","3":"status-publish","5":"product_cat-politika-siyaset","6":"product_cat-turkiye-siyaseti-ve-politikasi","7":"pa_cilt-ciltsiz","8":"pa_tur-kitap","9":"pa_yayinevi-kirmizi-kedi-yayinevi","10":"pa_yazar-sabahattin-onkibar","12":"first","13":"instock","14":"sale","15":"shipping-taxable","16":"purchasable","17":"product-type-simple"},"_links":{"self":[{"href":"https:\/\/roveyayinevi.com.tr\/index.php\/wp-json\/wp\/v2\/product\/704089","targetHints":{"allow":["GET"]}}],"collection":[{"href":"https:\/\/roveyayinevi.com.tr\/index.php\/wp-json\/wp\/v2\/product"}],"about":[{"href":"https:\/\/roveyayinevi.com.tr\/index.php\/wp-json\/wp\/v2\/types\/product"}],"wp:attachment":[{"href":"https:\/\/roveyayinevi.com.tr\/index.php\/wp-json\/wp\/v2\/media?parent=704089"}],"wp:term":[{"taxonomy":"product_brand","embeddable":true,"href":"https:\/\/roveyayinevi.com.tr\/index.php\/wp-json\/wp\/v2\/product_brand?post=704089"},{"taxonomy":"product_cat","embeddable":true,"href":"https:\/\/roveyayinevi.com.tr\/index.php\/wp-json\/wp\/v2\/product_cat?post=704089"},{"taxonomy":"product_tag","embeddable":true,"href":"https:\/\/roveyayinevi.com.tr\/index.php\/wp-json\/wp\/v2\/product_tag?post=704089"}],"curies":[{"name":"wp","href":"https:\/\/api.w.org\/{rel}","templated":true}]}}