{"id":704084,"date":"2025-08-27T15:32:08","date_gmt":"2025-08-27T12:32:08","guid":{"rendered":"https:\/\/roveyayinevi.com.tr\/index.php\/urun\/kierkegaard-ile-denizkizi-metis-kucuk-filozoflar-serisi-19\/"},"modified":"2025-11-22T03:36:22","modified_gmt":"2025-11-22T00:36:22","slug":"kierkegaard-ile-denizkizi-metis-kucuk-filozoflar-serisi-19","status":"publish","type":"product","link":"https:\/\/roveyayinevi.com.tr\/index.php\/urun\/kierkegaard-ile-denizkizi-metis-kucuk-filozoflar-serisi-19\/","title":{"rendered":"Kierkegaard ile Denizk\u0131z\u0131 &#8211; Metis K\u00fc\u00e7\u00fck Filozoflar Serisi 19"},"content":{"rendered":"<p>Denizlerin en derin yerinde, yosun ve mercanlar\u0131n insanlardan gizledi\u011fi bir sarayda, bal\u0131k gibi kuyru\u011fu olan gen\u00e7 bir prenses ya\u015f\u0131yordu. Annebabas\u0131n\u0131n \u00e7ok sevdi\u011fi bu prenses denizo\u011flanlar\u0131n\u0131n en yak\u0131\u015f\u0131kl\u0131 ve en tatl\u0131s\u0131yla ni\u015fanland\u0131. G\u00f6renler d\u00fcnyan\u0131n en mutlu denizk\u0131z\u0131 oldu\u011funu s\u00f6yl\u00fcyordu. <\/p>\n","protected":false},"excerpt":{"rendered":"<p>Denizlerin en derin yerinde, yosun ve mercanlar\u0131n insanlardan gizledi\u011fi bir sarayda, bal\u0131k gibi kuyru\u011fu olan gen\u00e7 bir prenses ya\u015f\u0131yordu. Annebabas\u0131n\u0131n \u00e7ok sevdi\u011fi bu prenses denizo\u011flanlar\u0131n\u0131n en<span class=\"excerpt-hellip\"> [\u2026]<\/span><\/p>\n","protected":false},"featured_media":0,"template":"","meta":{"_monsterinsights_skip_tracking":false,"_monsterinsights_sitenote_active":false,"_monsterinsights_sitenote_note":"","_monsterinsights_sitenote_category":0},"product_brand":[],"product_cat":[12312,12304],"product_tag":[],"class_list":{"0":"post-704084","1":"product","2":"type-product","3":"status-publish","5":"product_cat-diger","6":"product_cat-tarih","7":"pa_cilt-ciltsiz","8":"pa_tur-kitap","9":"pa_yayinevi-metis-yayinlari","10":"pa_yazar-jakob-rachmanski","11":"pa_yazar-line-faden-babin","13":"first","14":"instock","15":"sale","16":"shipping-taxable","17":"purchasable","18":"product-type-simple"},"_links":{"self":[{"href":"https:\/\/roveyayinevi.com.tr\/index.php\/wp-json\/wp\/v2\/product\/704084","targetHints":{"allow":["GET"]}}],"collection":[{"href":"https:\/\/roveyayinevi.com.tr\/index.php\/wp-json\/wp\/v2\/product"}],"about":[{"href":"https:\/\/roveyayinevi.com.tr\/index.php\/wp-json\/wp\/v2\/types\/product"}],"wp:attachment":[{"href":"https:\/\/roveyayinevi.com.tr\/index.php\/wp-json\/wp\/v2\/media?parent=704084"}],"wp:term":[{"taxonomy":"product_brand","embeddable":true,"href":"https:\/\/roveyayinevi.com.tr\/index.php\/wp-json\/wp\/v2\/product_brand?post=704084"},{"taxonomy":"product_cat","embeddable":true,"href":"https:\/\/roveyayinevi.com.tr\/index.php\/wp-json\/wp\/v2\/product_cat?post=704084"},{"taxonomy":"product_tag","embeddable":true,"href":"https:\/\/roveyayinevi.com.tr\/index.php\/wp-json\/wp\/v2\/product_tag?post=704084"}],"curies":[{"name":"wp","href":"https:\/\/api.w.org\/{rel}","templated":true}]}}