{"id":704083,"date":"2025-08-27T15:32:08","date_gmt":"2025-08-27T12:32:08","guid":{"rendered":"https:\/\/roveyayinevi.com.tr\/index.php\/urun\/potansiyelinizi-arttirin-korku-ve-endiseyi-yenmek-aura-kitapligi\/"},"modified":"2025-10-30T10:32:13","modified_gmt":"2025-10-30T07:32:13","slug":"potansiyelinizi-arttirin-korku-ve-endiseyi-yenmek-aura-kitapligi","status":"publish","type":"product","link":"https:\/\/roveyayinevi.com.tr\/index.php\/urun\/potansiyelinizi-arttirin-korku-ve-endiseyi-yenmek-aura-kitapligi\/","title":{"rendered":"Potansiyelinizi Artt\u0131r\u0131n &#8211; Korku ve Endi\u015feyi Yenmek &#8211; AURA K\u0130TAPLI\u011eI"},"content":{"rendered":"<p>Potansiyelinizi Artt\u0131r\u0131n  serisinin yazar\u0131, ki\u015fisel geli\u015fim alan\u0131n\u0131n en \u00f6nemli isimlerinden Dr. Joseph Murphy bu kitab\u0131nda, uyku bozuklu\u011fundan ba\u015flayarak en zorlu fiziksel rahats\u0131zl\u0131klar\u0131n, bilin\u00e7alt\u0131m\u0131za i\u015flemi\u015f korku ve endi\u015felerden kaynakland\u0131\u011f\u0131na i\u015faret edip; korkuyu ve endi\u015feyi en aza indirmek i\u00e7in ihtiya\u00e7 duyaca\u011f\u0131m\u0131z temel ara\u00e7lar olan telkinin ve tefekk\u00fcr\u00fcn \u00f6nemine i\u015faret ediyor&#8230; <\/p>\n","protected":false},"excerpt":{"rendered":"<p>Potansiyelinizi Artt\u0131r\u0131n serisinin yazar\u0131, ki\u015fisel geli\u015fim alan\u0131n\u0131n en \u00f6nemli isimlerinden Dr. Joseph Murphy bu kitab\u0131nda, uyku bozuklu\u011fundan ba\u015flayarak en zorlu fiziksel rahats\u0131zl\u0131klar\u0131n, bilin\u00e7alt\u0131m\u0131za i\u015flemi\u015f korku ve<span class=\"excerpt-hellip\"> [\u2026]<\/span><\/p>\n","protected":false},"featured_media":0,"template":"","meta":{"_monsterinsights_skip_tracking":false,"_monsterinsights_sitenote_active":false,"_monsterinsights_sitenote_note":"","_monsterinsights_sitenote_category":0},"product_brand":[],"product_cat":[12364,12376],"product_tag":[],"class_list":{"0":"post-704083","1":"product","2":"type-product","3":"status-publish","5":"product_cat-genel-konular","6":"product_cat-kisisel-gelisim","7":"pa_tur-kitap","8":"pa_yayinevi-aura-kitaplari","9":"pa_yazar-joseph-murphy","11":"first","12":"instock","13":"sale","14":"shipping-taxable","15":"purchasable","16":"product-type-simple"},"_links":{"self":[{"href":"https:\/\/roveyayinevi.com.tr\/index.php\/wp-json\/wp\/v2\/product\/704083","targetHints":{"allow":["GET"]}}],"collection":[{"href":"https:\/\/roveyayinevi.com.tr\/index.php\/wp-json\/wp\/v2\/product"}],"about":[{"href":"https:\/\/roveyayinevi.com.tr\/index.php\/wp-json\/wp\/v2\/types\/product"}],"wp:attachment":[{"href":"https:\/\/roveyayinevi.com.tr\/index.php\/wp-json\/wp\/v2\/media?parent=704083"}],"wp:term":[{"taxonomy":"product_brand","embeddable":true,"href":"https:\/\/roveyayinevi.com.tr\/index.php\/wp-json\/wp\/v2\/product_brand?post=704083"},{"taxonomy":"product_cat","embeddable":true,"href":"https:\/\/roveyayinevi.com.tr\/index.php\/wp-json\/wp\/v2\/product_cat?post=704083"},{"taxonomy":"product_tag","embeddable":true,"href":"https:\/\/roveyayinevi.com.tr\/index.php\/wp-json\/wp\/v2\/product_tag?post=704083"}],"curies":[{"name":"wp","href":"https:\/\/api.w.org\/{rel}","templated":true}]}}