{"id":704077,"date":"2025-08-27T15:32:04","date_gmt":"2025-08-27T12:32:04","guid":{"rendered":"https:\/\/roveyayinevi.com.tr\/index.php\/urun\/ozalin-dis-politikasi-1983-1989\/"},"modified":"2025-09-15T10:25:48","modified_gmt":"2025-09-15T07:25:48","slug":"ozalin-dis-politikasi-1983-1989","status":"publish","type":"product","link":"https:\/\/roveyayinevi.com.tr\/index.php\/urun\/ozalin-dis-politikasi-1983-1989\/","title":{"rendered":"\u00d6zal&#8217;\u0131n D\u0131\u015f Politikas\u0131 (1983-1989)"},"content":{"rendered":"<p>D\u0131\u015f politika uzman\u0131 emekli diplomat H\u00fcner Tuncer, 12 Eyl\u00fcl 1980 askeri darbesinden sonra sivil iktidar\u0131n teslim edildi\u011fi Turgut \u00d6zal&#8217;\u0131n d\u0131\u015f politikas\u0131n\u0131 ele al\u0131yor. \u00d6zal&#8217;\u0131n 1983-1989 y\u0131llar\u0131 aras\u0131ndaki d\u0131\u015f politikas\u0131n\u0131n analiz edildi\u011fi kitapta yer alan konu ba\u015fl\u0131klar\u0131ndan baz\u0131lar\u0131; <\/p>\n","protected":false},"excerpt":{"rendered":"<p>D\u0131\u015f politika uzman\u0131 emekli diplomat H\u00fcner Tuncer, 12 Eyl\u00fcl 1980 askeri darbesinden sonra sivil iktidar\u0131n teslim edildi\u011fi Turgut \u00d6zal&#8217;\u0131n d\u0131\u015f politikas\u0131n\u0131 ele al\u0131yor. \u00d6zal&#8217;\u0131n 1983-1989 y\u0131llar\u0131<span class=\"excerpt-hellip\"> [\u2026]<\/span><\/p>\n","protected":false},"featured_media":0,"template":"","meta":{"_monsterinsights_skip_tracking":false,"_monsterinsights_sitenote_active":false,"_monsterinsights_sitenote_note":"","_monsterinsights_sitenote_category":0},"product_brand":[],"product_cat":[12337,14543],"product_tag":[],"class_list":{"0":"post-704077","1":"product","2":"type-product","3":"status-publish","5":"product_cat-politika-siyaset","6":"product_cat-turkiye-siyaseti-ve-politikasi","7":"pa_tur-kitap","8":"pa_yayinevi-kaynak-yayinlari","9":"pa_yazar-huner-tuncer","11":"first","12":"instock","13":"sale","14":"shipping-taxable","15":"purchasable","16":"product-type-simple"},"_links":{"self":[{"href":"https:\/\/roveyayinevi.com.tr\/index.php\/wp-json\/wp\/v2\/product\/704077","targetHints":{"allow":["GET"]}}],"collection":[{"href":"https:\/\/roveyayinevi.com.tr\/index.php\/wp-json\/wp\/v2\/product"}],"about":[{"href":"https:\/\/roveyayinevi.com.tr\/index.php\/wp-json\/wp\/v2\/types\/product"}],"wp:attachment":[{"href":"https:\/\/roveyayinevi.com.tr\/index.php\/wp-json\/wp\/v2\/media?parent=704077"}],"wp:term":[{"taxonomy":"product_brand","embeddable":true,"href":"https:\/\/roveyayinevi.com.tr\/index.php\/wp-json\/wp\/v2\/product_brand?post=704077"},{"taxonomy":"product_cat","embeddable":true,"href":"https:\/\/roveyayinevi.com.tr\/index.php\/wp-json\/wp\/v2\/product_cat?post=704077"},{"taxonomy":"product_tag","embeddable":true,"href":"https:\/\/roveyayinevi.com.tr\/index.php\/wp-json\/wp\/v2\/product_tag?post=704077"}],"curies":[{"name":"wp","href":"https:\/\/api.w.org\/{rel}","templated":true}]}}