{"id":704047,"date":"2025-08-27T15:31:48","date_gmt":"2025-08-27T12:31:48","guid":{"rendered":"https:\/\/roveyayinevi.com.tr\/index.php\/urun\/fususul-hikem-2\/"},"modified":"2026-04-16T02:13:06","modified_gmt":"2026-04-15T23:13:06","slug":"fususul-hikem-2","status":"publish","type":"product","link":"https:\/\/roveyayinevi.com.tr\/index.php\/urun\/fususul-hikem-2\/","title":{"rendered":"Fususu\u2019l-Hikem"},"content":{"rendered":"<p>Fus\u00fbsu&#8217;l-Hikem , Muhyiddin-i Arab\u00ee&#8217;nin hicri 627 y\u0131l\u0131nda \u015eam&#8217;da bulundu\u011fu s\u0131ralarda bir gece g\u00f6rm\u00fc\u015f oldu\u011fu ger\u00e7ek bir r\u00fcyan\u0131n ilham\u0131yla yaz\u0131lm\u0131\u015f, bilinen manada bir tasavvuf kitab\u0131 olmaktan \u00f6te hakk\u0131ndaki tart\u0131\u015fmalar\u0131n bug\u00fcn de devam etti\u011fi bir ba\u015f yap\u0131tt\u0131r. Kitab\u0131n as\u0131l maksat ve gayesi halk\u0131n baz\u0131 y\u00fcce hakikatlerle ayd\u0131nlat\u0131lmas\u0131d\u0131r. Fus\u00fbsu&#8217;l-Hikem k\u0131sa bir ba\u015flang\u0131\u00e7tan sonra her nebiye bir hikmet verilmi\u015f oldu\u011funu ve yirmi yedi peygamberin ayr\u0131 bir hikmeti temsil ettiklerini beyanla eseri yirmi yedi FAS a ay\u0131r\u0131yor ve bu hikmetlerin izah\u0131 s\u0131ras\u0131nda Vahdet-i V\u00fccud zaviyesinden her nebinin temsil etti\u011fi hikmetin izah ve tahliline giri\u015fiyor. M. Nuri Gen\u00e7osman&#8217;n\u0131n uzun bir u\u011fra\u015f\u0131 sonucu T\u00fcrk\u00e7e&#8217;ye kazand\u0131rd\u0131\u011f\u0131 bu eseri okudu\u011funuzda \u0130bn\u00fc&#8217;l-Arab\u00ee&#8217;nin ne kadar b\u00fcy\u00fck bir d\u00fc\u015f\u00fcn\u00fcr ve marifet ehli oldu\u011funu g\u00f6receksiniz.<\/p>\n","protected":false},"excerpt":{"rendered":"<p>Fus\u00fbsu&#8217;l-Hikem , Muhyiddin-i Arab\u00ee&#8217;nin hicri 627 y\u0131l\u0131nda \u015eam&#8217;da bulundu\u011fu s\u0131ralarda bir gece g\u00f6rm\u00fc\u015f oldu\u011fu ger\u00e7ek bir r\u00fcyan\u0131n ilham\u0131yla yaz\u0131lm\u0131\u015f, bilinen manada bir tasavvuf kitab\u0131 olmaktan \u00f6te<span class=\"excerpt-hellip\"> [\u2026]<\/span><\/p>\n","protected":false},"featured_media":0,"template":"","meta":{"_monsterinsights_skip_tracking":false,"_monsterinsights_sitenote_active":false,"_monsterinsights_sitenote_note":"","_monsterinsights_sitenote_category":0},"product_brand":[],"product_cat":[12718,12719,13025],"product_tag":[],"class_list":{"0":"post-704047","1":"product","2":"type-product","3":"status-publish","5":"product_cat-din","6":"product_cat-islam","7":"product_cat-islam-ve-gunumuz-islam-dusuncesi","8":"pa_cilt-ciltsiz","9":"pa_tur-kitap","10":"pa_yayinevi-atac-yayinlari","11":"pa_yazar-muhyiddin-ibn-arabi","13":"first","14":"instock","15":"sale","16":"shipping-taxable","17":"purchasable","18":"product-type-simple"},"_links":{"self":[{"href":"https:\/\/roveyayinevi.com.tr\/index.php\/wp-json\/wp\/v2\/product\/704047","targetHints":{"allow":["GET"]}}],"collection":[{"href":"https:\/\/roveyayinevi.com.tr\/index.php\/wp-json\/wp\/v2\/product"}],"about":[{"href":"https:\/\/roveyayinevi.com.tr\/index.php\/wp-json\/wp\/v2\/types\/product"}],"wp:attachment":[{"href":"https:\/\/roveyayinevi.com.tr\/index.php\/wp-json\/wp\/v2\/media?parent=704047"}],"wp:term":[{"taxonomy":"product_brand","embeddable":true,"href":"https:\/\/roveyayinevi.com.tr\/index.php\/wp-json\/wp\/v2\/product_brand?post=704047"},{"taxonomy":"product_cat","embeddable":true,"href":"https:\/\/roveyayinevi.com.tr\/index.php\/wp-json\/wp\/v2\/product_cat?post=704047"},{"taxonomy":"product_tag","embeddable":true,"href":"https:\/\/roveyayinevi.com.tr\/index.php\/wp-json\/wp\/v2\/product_tag?post=704047"}],"curies":[{"name":"wp","href":"https:\/\/api.w.org\/{rel}","templated":true}]}}