{"id":703984,"date":"2025-08-27T15:30:56","date_gmt":"2025-08-27T12:30:56","guid":{"rendered":"https:\/\/roveyayinevi.com.tr\/index.php\/urun\/kizilbaslik-alevilik-bektasilik-tarih-kimlik-inanc-rituel\/"},"modified":"2026-04-16T02:13:04","modified_gmt":"2026-04-15T23:13:04","slug":"kizilbaslik-alevilik-bektasilik-tarih-kimlik-inanc-rituel","status":"publish","type":"product","link":"https:\/\/roveyayinevi.com.tr\/index.php\/urun\/kizilbaslik-alevilik-bektasilik-tarih-kimlik-inanc-rituel\/","title":{"rendered":"K\u0131z\u0131lba\u015fl\u0131k Alevilik Bekta\u015filik: Tarih, Kimlik, \u0130nan\u00e7, Rit\u00fcel"},"content":{"rendered":"<p>Alevilik, sadece g\u00fcncel politik de\u011fil, teolojik ve tarihsel ba\u011flamda da, \u00fczerine h\u00e2l\u00e2 \u00e7ok tart\u0131\u015f\u0131lan bir olgu. Alevi-K\u0131z\u0131lba\u015f-Bekta\u015fi tan\u0131mlar\u0131 ve aralar\u0131ndaki ayr\u0131mlar dahil olmak \u00fczere, terminolojiden ba\u015flayan anla\u015fmazl\u0131klar veya belirsizlikler var. \u0130slam i\u00e7i mi, kendine mahsus bir inan\u00e7 m\u0131 oldu\u011fu bahsinde hararetlenen yorum farklar\u0131, Do\u011fulu-Bat\u0131l\u0131, T\u00fcrk-K\u00fcrt gibi ayr\u0131mlarla \u00e7e\u015fitleniyor. Elinizdeki kitap, Suavi Ayd\u0131n\u2019\u0131n sunu\u015funda bir etno-dinsel kimlik olarak tan\u0131mlad\u0131\u011f\u0131 Alevili\u011fi \u00fc\u00e7 d\u00fczlemde ele almaya \u00e7al\u0131\u015f\u0131yor: Tarih, Kimlik, \u0130nan\u00e7 ve Rit\u00fcel. En geni\u015f b\u00f6l\u00fcm\u00fc olu\u015fturan \u201cTarih\u201d b\u00f6l\u00fcm\u00fc, \u00f6zellikle Alevili\u011fin tan\u0131m\u0131n\u0131n geli\u015fimi yan\u0131nda, i\u00e7 ayr\u0131mlar\u0131na \u0131\u015f\u0131k tutuyor. \u201cKimlik\u201d b\u00f6l\u00fcm\u00fcndeki yaz\u0131lar, Alevilerin ve Alevi hareketinin g\u00fcncel g\u00fcndem konular\u0131na odaklan\u0131yor. \u201c\u0130nan\u00e7 ve Rit\u00fcel\u201d b\u00f6l\u00fcm\u00fc, \u00e7ok canl\u0131 bir gelenek tablosu sunuyor. Yal\u00e7\u0131n \u00c7akmak ve \u0130mran G\u00fcrta\u015f\u2019\u0131n haz\u0131rlad\u0131\u011f\u0131 derleme, T\u00fcrkiye\u2019den ve T\u00fcrkiye d\u0131\u015f\u0131ndan, bilinen uzmanlar\u0131n yan\u0131 s\u0131ra yeni ku\u015fak ara\u015ft\u0131rmac\u0131lar\u0131n \u00f6zg\u00fcn verimlerini bir araya getiriyor. Sosyal bilimin bu konuda h\u00e2l\u00e2 yetersiz bulunsa da \u00f6nemli bir geli\u015fme kaydeden \u00fcretimini, sadece akademisyenlerin de\u011fil, g\u00fcncel tart\u0131\u015fmalar\u0131n g\u00fcndemine ta\u015f\u0131mas\u0131 umulan bir \u00e7al\u0131\u015fma. Ali\u015fan Akp\u0131nar, G\u00fcrdal Aksoy, Murat Alanda\u011fl\u0131, Suavi Ayd\u0131n, \u0130brahim Bahad\u0131r, Mehmet Bayrak, Yal\u00e7\u0131n \u00c7akmak, Yavuz \u00c7obano\u011flu, Ercan Ge\u00e7gin, Erdal Gezik, \u0130mran G\u00fcrta\u015f, Ayfer Karakaya, Ahmet Karamustafa, Hans-Lukas Kieser, \u0130lker Kiremit, Robert Langer, Fahri Maden, Ahmet Ya\u015far Ocak, Dilek K\u0131z\u0131lda\u011f Soileau, Martin S\u00f6kefeld, G\u00fclay Tulaso\u011flu, Erdo\u011fan Yalg\u0131n, Ali Yaman, R\u0131za Y\u0131ld\u0131r\u0131m ve Besim Can Z\u0131rh\u2019\u0131n katk\u0131lar\u0131yla.<\/p>\n","protected":false},"excerpt":{"rendered":"<p>Alevilik, sadece g\u00fcncel politik de\u011fil, teolojik ve tarihsel ba\u011flamda da, \u00fczerine h\u00e2l\u00e2 \u00e7ok tart\u0131\u015f\u0131lan bir olgu. Alevi-K\u0131z\u0131lba\u015f-Bekta\u015fi tan\u0131mlar\u0131 ve aralar\u0131ndaki ayr\u0131mlar dahil olmak \u00fczere, terminolojiden ba\u015flayan<span class=\"excerpt-hellip\"> [\u2026]<\/span><\/p>\n","protected":false},"featured_media":0,"template":"","meta":{"_monsterinsights_skip_tracking":false,"_monsterinsights_sitenote_active":false,"_monsterinsights_sitenote_note":"","_monsterinsights_sitenote_category":0},"product_brand":[],"product_cat":[13575,12718,12719],"product_tag":[],"class_list":{"0":"post-703984","1":"product","2":"type-product","3":"status-publish","5":"product_cat-alevilik-bektasilik","6":"product_cat-din","7":"product_cat-islam","8":"pa_cilt-ciltsiz","9":"pa_tur-kitap","10":"pa_yayinevi-iletisim-yayinlari","11":"pa_yazar-imran-gurtas","12":"pa_yazar-yalcin-cakmak","14":"first","15":"instock","16":"sale","17":"shipping-taxable","18":"purchasable","19":"product-type-simple"},"_links":{"self":[{"href":"https:\/\/roveyayinevi.com.tr\/index.php\/wp-json\/wp\/v2\/product\/703984","targetHints":{"allow":["GET"]}}],"collection":[{"href":"https:\/\/roveyayinevi.com.tr\/index.php\/wp-json\/wp\/v2\/product"}],"about":[{"href":"https:\/\/roveyayinevi.com.tr\/index.php\/wp-json\/wp\/v2\/types\/product"}],"wp:attachment":[{"href":"https:\/\/roveyayinevi.com.tr\/index.php\/wp-json\/wp\/v2\/media?parent=703984"}],"wp:term":[{"taxonomy":"product_brand","embeddable":true,"href":"https:\/\/roveyayinevi.com.tr\/index.php\/wp-json\/wp\/v2\/product_brand?post=703984"},{"taxonomy":"product_cat","embeddable":true,"href":"https:\/\/roveyayinevi.com.tr\/index.php\/wp-json\/wp\/v2\/product_cat?post=703984"},{"taxonomy":"product_tag","embeddable":true,"href":"https:\/\/roveyayinevi.com.tr\/index.php\/wp-json\/wp\/v2\/product_tag?post=703984"}],"curies":[{"name":"wp","href":"https:\/\/api.w.org\/{rel}","templated":true}]}}