{"id":703969,"date":"2025-08-27T15:30:46","date_gmt":"2025-08-27T12:30:46","guid":{"rendered":"https:\/\/roveyayinevi.com.tr\/index.php\/urun\/muhasebe-hilelerinin-denetiminde-benford-yasasi\/"},"modified":"2026-04-16T02:13:04","modified_gmt":"2026-04-15T23:13:04","slug":"muhasebe-hilelerinin-denetiminde-benford-yasasi","status":"publish","type":"product","link":"https:\/\/roveyayinevi.com.tr\/index.php\/urun\/muhasebe-hilelerinin-denetiminde-benford-yasasi\/","title":{"rendered":"Muhasebe Hilelerinin Denetiminde Benford Yasas\u0131"},"content":{"rendered":"<p>\u0130\u00e7indekiler Muhasebe Denetimi T\u00fcm Y\u00f6nleriyle Benford Yasas\u0131 Hile Ve Hileli Beyanlarda Benford Yasas\u0131&#8217;n\u0131n Denetim Arac\u0131 Olarak Kullan\u0131lmas\u0131 Benford Yasas\u0131&#8217;n\u0131n Excel Tabanl\u0131 Uygulama \u00d6rne\u011fi <\/p>\n","protected":false},"excerpt":{"rendered":"<p>\u0130\u00e7indekiler Muhasebe Denetimi T\u00fcm Y\u00f6nleriyle Benford Yasas\u0131 Hile Ve Hileli Beyanlarda Benford Yasas\u0131&#8217;n\u0131n Denetim Arac\u0131 Olarak Kullan\u0131lmas\u0131 Benford Yasas\u0131&#8217;n\u0131n Excel Tabanl\u0131 Uygulama \u00d6rne\u011fi<\/p>\n","protected":false},"featured_media":0,"template":"","meta":{"_monsterinsights_skip_tracking":false,"_monsterinsights_sitenote_active":false,"_monsterinsights_sitenote_note":"","_monsterinsights_sitenote_category":0},"product_brand":[],"product_cat":[12573,12566],"product_tag":[],"class_list":{"0":"post-703969","1":"product","2":"type-product","3":"status-publish","5":"product_cat-akademik-kitaplar","6":"product_cat-egitim","7":"pa_cilt-ciltsiz","8":"pa_tur-kitap","9":"pa_yayinevi-gazi-kitabevi","10":"pa_yazar-kolektif","12":"first","13":"instock","14":"sale","15":"shipping-taxable","16":"purchasable","17":"product-type-simple"},"_links":{"self":[{"href":"https:\/\/roveyayinevi.com.tr\/index.php\/wp-json\/wp\/v2\/product\/703969","targetHints":{"allow":["GET"]}}],"collection":[{"href":"https:\/\/roveyayinevi.com.tr\/index.php\/wp-json\/wp\/v2\/product"}],"about":[{"href":"https:\/\/roveyayinevi.com.tr\/index.php\/wp-json\/wp\/v2\/types\/product"}],"wp:attachment":[{"href":"https:\/\/roveyayinevi.com.tr\/index.php\/wp-json\/wp\/v2\/media?parent=703969"}],"wp:term":[{"taxonomy":"product_brand","embeddable":true,"href":"https:\/\/roveyayinevi.com.tr\/index.php\/wp-json\/wp\/v2\/product_brand?post=703969"},{"taxonomy":"product_cat","embeddable":true,"href":"https:\/\/roveyayinevi.com.tr\/index.php\/wp-json\/wp\/v2\/product_cat?post=703969"},{"taxonomy":"product_tag","embeddable":true,"href":"https:\/\/roveyayinevi.com.tr\/index.php\/wp-json\/wp\/v2\/product_tag?post=703969"}],"curies":[{"name":"wp","href":"https:\/\/api.w.org\/{rel}","templated":true}]}}