{"id":703955,"date":"2025-08-27T15:30:37","date_gmt":"2025-08-27T12:30:37","guid":{"rendered":"https:\/\/roveyayinevi.com.tr\/index.php\/urun\/buyuk-hun-kagani-attila\/"},"modified":"2026-04-16T02:13:03","modified_gmt":"2026-04-15T23:13:03","slug":"buyuk-hun-kagani-attila","status":"publish","type":"product","link":"https:\/\/roveyayinevi.com.tr\/index.php\/urun\/buyuk-hun-kagani-attila\/","title":{"rendered":"B\u00fcy\u00fck Hun Ka\u011fan\u0131 Attila"},"content":{"rendered":"<p>\u201cT\u00fcrk okuruna B\u00fcy\u00fck Hun Ka\u011fan\u0131 Attila hakk\u0131nda bir monografya sunmak, hem \u00e7ok zevkli ve hem de b\u00fcy\u00fck sorumluluk gerektiren bir i\u015ftir. Zira daha hayatta iken efsanele\u015fen, devrinin Bat\u0131 d\u00fcnyas\u0131n\u0131 deh\u015fete d\u00fc\u015f\u00fcren, Avrupa\u2019n\u0131n o zamanki nizam\u0131n\u0131 alt\u00fcst eden Hunlar\u0131n ka\u011fan\u0131 Attila, aradan 1500 y\u0131ldan fazla zaman ge\u00e7mi\u015f olmas\u0131na ra\u011fmen bug\u00fcn h\u00e2l\u00e2 insanlar\u0131n alakas\u0131n\u0131 \u00e7eken, d\u00fcnyan\u0131n en b\u00fcy\u00fckleri aras\u0131nda yer alan nadir insanlardan biridir. Devrin Bat\u0131 d\u00fcnyas\u0131na ters d\u00fc\u015fen hayat tarzlar\u0131, muharebe usulleri, v\u00fccut yap\u0131lar\u0131 ile ilk defa T\u00fcrk \u0131rk\u0131n\u0131 cihana tan\u0131tan Hunlar, ayn\u0131 zamanda sonraki y\u00fczy\u0131llar\u0131n \u00f6nc\u00fcleri, Avrupa\u2019da ilk defa devlet kuran Uzak Do\u011fu kavmi, men\u015feleri ve k\u0131sa zamanda \u00e7ok b\u00fcy\u00fck bir imparatorluk kurabilmelerinin muammas\u0131 h\u00e2l\u00e2 \u00e7\u00f6z\u00fclemeyen bir kavimdir. Biz burada, en son ara\u015ft\u0131rmalar\u0131n \u0131\u015f\u0131\u011f\u0131nda Hunlar ve Attila hakk\u0131nda toplu ve herkesin rahat\u00e7a okuyabilece\u011fi bir eseri ortaya koymaya \u00e7al\u0131\u015ft\u0131k. Kitab\u0131m\u0131z\u0131n T\u00fcrk okuruna yararl\u0131 olmas\u0131 en b\u00fcy\u00fck temennimizdir.\u201d <\/p>\n","protected":false},"excerpt":{"rendered":"<p>\u201cT\u00fcrk okuruna B\u00fcy\u00fck Hun Ka\u011fan\u0131 Attila hakk\u0131nda bir monografya sunmak, hem \u00e7ok zevkli ve hem de b\u00fcy\u00fck sorumluluk gerektiren bir i\u015ftir. Zira daha hayatta iken efsanele\u015fen,<span class=\"excerpt-hellip\"> [\u2026]<\/span><\/p>\n","protected":false},"featured_media":0,"template":"","meta":{"_monsterinsights_skip_tracking":false,"_monsterinsights_sitenote_active":false,"_monsterinsights_sitenote_note":"","_monsterinsights_sitenote_category":0},"product_brand":[],"product_cat":[12370,12304],"product_tag":[],"class_list":{"0":"post-703955","1":"product","2":"type-product","3":"status-publish","5":"product_cat-arastirma-inceleme","6":"product_cat-tarih","7":"pa_cilt-ciltsiz","8":"pa_tur-kitap","9":"pa_yayinevi-bilge-kultur-sanat","10":"pa_yazar-serif-bastav","12":"first","13":"instock","14":"sale","15":"shipping-taxable","16":"purchasable","17":"product-type-simple"},"_links":{"self":[{"href":"https:\/\/roveyayinevi.com.tr\/index.php\/wp-json\/wp\/v2\/product\/703955","targetHints":{"allow":["GET"]}}],"collection":[{"href":"https:\/\/roveyayinevi.com.tr\/index.php\/wp-json\/wp\/v2\/product"}],"about":[{"href":"https:\/\/roveyayinevi.com.tr\/index.php\/wp-json\/wp\/v2\/types\/product"}],"wp:attachment":[{"href":"https:\/\/roveyayinevi.com.tr\/index.php\/wp-json\/wp\/v2\/media?parent=703955"}],"wp:term":[{"taxonomy":"product_brand","embeddable":true,"href":"https:\/\/roveyayinevi.com.tr\/index.php\/wp-json\/wp\/v2\/product_brand?post=703955"},{"taxonomy":"product_cat","embeddable":true,"href":"https:\/\/roveyayinevi.com.tr\/index.php\/wp-json\/wp\/v2\/product_cat?post=703955"},{"taxonomy":"product_tag","embeddable":true,"href":"https:\/\/roveyayinevi.com.tr\/index.php\/wp-json\/wp\/v2\/product_tag?post=703955"}],"curies":[{"name":"wp","href":"https:\/\/api.w.org\/{rel}","templated":true}]}}