{"id":703943,"date":"2025-08-27T15:30:30","date_gmt":"2025-08-27T12:30:30","guid":{"rendered":"https:\/\/roveyayinevi.com.tr\/index.php\/urun\/efendi-ile-kopegi\/"},"modified":"2026-04-16T02:13:03","modified_gmt":"2026-04-15T23:13:03","slug":"efendi-ile-kopegi","status":"publish","type":"product","link":"https:\/\/roveyayinevi.com.tr\/index.php\/urun\/efendi-ile-kopegi\/","title":{"rendered":"Efendi \u0130le K\u00f6pe\u011fi"},"content":{"rendered":"<p>Thomas Mann&#8217;\u0131n 1919 y\u0131l\u0131nda yay\u0131mlanan ve otobiyografik \u00f6\u011feler bar\u0131nd\u0131ran anlat\u0131s\u0131, Mann ailesiyle ya\u015fam\u0131\u015f av k\u00f6pe\u011fi k\u0131rmas\u0131 Bauschan ve sahibi ekseninde temellenir. Yazar, salt b\u00fcy\u00fck bir romanc\u0131 de\u011fil, ayn\u0131 zamanda daha k\u00fc\u00e7\u00fck metin t\u00fcrlerinin de \u00fcstad\u0131 oldu\u011funu bir kez daha hissettirdi\u011fi bu anlat\u0131s\u0131nda ola\u011fan\u00fcst\u00fc canl\u0131, titiz ve ayr\u0131nt\u0131l\u0131, yer yer mizah y\u00fckl\u00fc betimlemeleriyle pastoral bir portre \u00e7izer okuruna. Okur, Bauschan ve sahibiyle birlikte M\u00fcnih&#8217;te nehir k\u0131y\u0131s\u0131nda ve kentin ye\u015fil alanlar\u0131nda g\u00fcnl\u00fck gezintilere \u00e7\u0131kar, Bauschan&#8217;\u0131n fiziksel ve karakteristik \u00f6zelliklerine yak\u0131ndan bakma f\u0131rsat\u0131na sahip olur; k\u00f6pek ile sahibinin aras\u0131ndaki ili\u015fkiye tan\u0131kl\u0131k eder: Bauschan&#8217;\u0131n \u00f6yk\u00fcs\u00fc, k\u00f6pe\u011fin, insan\u0131n ya\u015fam alan\u0131n\u0131n bu denli i\u00e7inde olmas\u0131na kar\u015f\u0131n ona hala ne kadar yabanc\u0131 oldu\u011funu anlat\u0131r. <\/p>\n","protected":false},"excerpt":{"rendered":"<p>Thomas Mann&#8217;\u0131n 1919 y\u0131l\u0131nda yay\u0131mlanan ve otobiyografik \u00f6\u011feler bar\u0131nd\u0131ran anlat\u0131s\u0131, Mann ailesiyle ya\u015fam\u0131\u015f av k\u00f6pe\u011fi k\u0131rmas\u0131 Bauschan ve sahibi ekseninde temellenir. Yazar, salt b\u00fcy\u00fck bir romanc\u0131<span class=\"excerpt-hellip\"> [\u2026]<\/span><\/p>\n","protected":false},"featured_media":0,"template":"","meta":{"_monsterinsights_skip_tracking":false,"_monsterinsights_sitenote_active":false,"_monsterinsights_sitenote_note":"","_monsterinsights_sitenote_category":0},"product_brand":[],"product_cat":[12275,12274],"product_tag":[],"class_list":{"0":"post-703943","1":"product","2":"type-product","3":"status-publish","5":"product_cat-6-12-yas-kitaplari","6":"product_cat-cocuk-ve-genclik-kitaplari","7":"pa_cilt-ciltsiz","8":"pa_tur-kitap","9":"pa_yayinevi-can-yayinlari","10":"pa_yazar-thomas-mann","12":"first","13":"instock","14":"sale","15":"shipping-taxable","16":"purchasable","17":"product-type-simple"},"_links":{"self":[{"href":"https:\/\/roveyayinevi.com.tr\/index.php\/wp-json\/wp\/v2\/product\/703943","targetHints":{"allow":["GET"]}}],"collection":[{"href":"https:\/\/roveyayinevi.com.tr\/index.php\/wp-json\/wp\/v2\/product"}],"about":[{"href":"https:\/\/roveyayinevi.com.tr\/index.php\/wp-json\/wp\/v2\/types\/product"}],"wp:attachment":[{"href":"https:\/\/roveyayinevi.com.tr\/index.php\/wp-json\/wp\/v2\/media?parent=703943"}],"wp:term":[{"taxonomy":"product_brand","embeddable":true,"href":"https:\/\/roveyayinevi.com.tr\/index.php\/wp-json\/wp\/v2\/product_brand?post=703943"},{"taxonomy":"product_cat","embeddable":true,"href":"https:\/\/roveyayinevi.com.tr\/index.php\/wp-json\/wp\/v2\/product_cat?post=703943"},{"taxonomy":"product_tag","embeddable":true,"href":"https:\/\/roveyayinevi.com.tr\/index.php\/wp-json\/wp\/v2\/product_tag?post=703943"}],"curies":[{"name":"wp","href":"https:\/\/api.w.org\/{rel}","templated":true}]}}