{"id":703913,"date":"2025-08-27T15:30:13","date_gmt":"2025-08-27T12:30:13","guid":{"rendered":"https:\/\/roveyayinevi.com.tr\/index.php\/urun\/kusku-mevsimi-ve-esaretin-bedeli\/"},"modified":"2026-04-16T02:13:02","modified_gmt":"2026-04-15T23:13:02","slug":"kusku-mevsimi-ve-esaretin-bedeli","status":"publish","type":"product","link":"https:\/\/roveyayinevi.com.tr\/index.php\/urun\/kusku-mevsimi-ve-esaretin-bedeli\/","title":{"rendered":"Ku\u015fku Mevsimi ve Esaretin Bedeli"},"content":{"rendered":"<p>Usta yazar Stephen King\u2019in novela t\u00fcr\u00fcndeki \u00f6yk\u00fclerinden olu\u015fan Ku\u015fku Mevsimi, en fazla \u201cShawshank Redemption\u201d adl\u0131 filme \u00e7ekilmi\u015f \u00f6yk\u00fcs\u00fcyle b\u00fcy\u00fck ilgi g\u00f6rd\u00fc. \u00dclkemizde \u201cEsaretin Bedeli\u201d ismiyle haf\u0131zalara kaz\u0131nan film, Amerikan Film Enstit\u00fcs\u00fc\u2019n\u00fcn haz\u0131rlad\u0131\u011f\u0131 \u201cEn \u0130yi 100 Film\u201d listesinde yer almaktad\u0131r.Bug\u00fcne dek pek \u00e7ok yap\u0131t\u0131 film ve TV dizisi olarak yorumlanan yazar\u0131n Ku\u015fku Mevsimi adl\u0131 roman\u0131nda; Yetenekli \u00d6\u011frenci, Esaretin Bedeli (Shawshank Redemption) ve Solunum Metodu adl\u0131 \u00fc\u00e7 \u00f6yk\u00fc bulunuyor.Stephen King, Ku\u015fku Mevsimi ile yaln\u0131zca korku ve gerilimde de\u011fil dram t\u00fcr\u00fcnde de usta bir yazar odu\u011funu kan\u0131tl\u0131yor&#8230;<\/p>\n","protected":false},"excerpt":{"rendered":"<p>Usta yazar Stephen King\u2019in novela t\u00fcr\u00fcndeki \u00f6yk\u00fclerinden olu\u015fan Ku\u015fku Mevsimi, en fazla \u201cShawshank Redemption\u201d adl\u0131 filme \u00e7ekilmi\u015f \u00f6yk\u00fcs\u00fcyle b\u00fcy\u00fck ilgi g\u00f6rd\u00fc. \u00dclkemizde \u201cEsaretin Bedeli\u201d ismiyle haf\u0131zalara<span class=\"excerpt-hellip\"> [\u2026]<\/span><\/p>\n","protected":false},"featured_media":0,"template":"","meta":{"_monsterinsights_skip_tracking":false,"_monsterinsights_sitenote_active":false,"_monsterinsights_sitenote_note":"","_monsterinsights_sitenote_category":0},"product_brand":[],"product_cat":[12291,12711],"product_tag":[],"class_list":{"0":"post-703913","1":"product","2":"type-product","3":"status-publish","5":"product_cat-edebiyat","6":"product_cat-roman-oyku","7":"pa_cilt-ciltsiz","8":"pa_tur-kitap","9":"pa_yayinevi-altin-kitaplar","10":"pa_yazar-stephen-king","12":"first","13":"instock","14":"sale","15":"shipping-taxable","16":"purchasable","17":"product-type-simple"},"_links":{"self":[{"href":"https:\/\/roveyayinevi.com.tr\/index.php\/wp-json\/wp\/v2\/product\/703913","targetHints":{"allow":["GET"]}}],"collection":[{"href":"https:\/\/roveyayinevi.com.tr\/index.php\/wp-json\/wp\/v2\/product"}],"about":[{"href":"https:\/\/roveyayinevi.com.tr\/index.php\/wp-json\/wp\/v2\/types\/product"}],"wp:attachment":[{"href":"https:\/\/roveyayinevi.com.tr\/index.php\/wp-json\/wp\/v2\/media?parent=703913"}],"wp:term":[{"taxonomy":"product_brand","embeddable":true,"href":"https:\/\/roveyayinevi.com.tr\/index.php\/wp-json\/wp\/v2\/product_brand?post=703913"},{"taxonomy":"product_cat","embeddable":true,"href":"https:\/\/roveyayinevi.com.tr\/index.php\/wp-json\/wp\/v2\/product_cat?post=703913"},{"taxonomy":"product_tag","embeddable":true,"href":"https:\/\/roveyayinevi.com.tr\/index.php\/wp-json\/wp\/v2\/product_tag?post=703913"}],"curies":[{"name":"wp","href":"https:\/\/api.w.org\/{rel}","templated":true}]}}