{"id":703908,"date":"2025-08-27T15:30:11","date_gmt":"2025-08-27T12:30:11","guid":{"rendered":"https:\/\/roveyayinevi.com.tr\/index.php\/urun\/yolun-sonu\/"},"modified":"2026-04-16T02:13:02","modified_gmt":"2026-04-15T23:13:02","slug":"yolun-sonu","status":"publish","type":"product","link":"https:\/\/roveyayinevi.com.tr\/index.php\/urun\/yolun-sonu\/","title":{"rendered":"Yolun Sonu"},"content":{"rendered":"<p>Yak\u0131n d\u00f6nem T\u00fcrkiye Ekonomisi\u2019nin ele al\u0131nd\u0131\u011f\u0131 bu kitap, Profes\u00f6r G\u00fcn\u00e7avd\u0131\u2019n\u0131n \u00e7eyrek y\u00fczy\u0131la yakla\u015fan yo\u011fun akademik \u00e7al\u0131\u015fmalar\u0131na ekledi\u011fi \u00f6nemli bir halkad\u0131r. Bug\u00fcne kadarki \u00e7al\u0131\u015fmalar\u0131 daha ziyade belirli iktisadi konulara y\u00f6nelik makalelerden olu\u015furken, yazar bu eserinde ekonomiye ili\u015fkin analizlerini bir b\u00fct\u00fcnl\u00fck i\u00e7erisinde ger\u00e7ekle\u015ftirmi\u015ftir. \u00d6zellikle faiz politikalar\u0131 ve uygulamalar\u0131, gelir b\u00f6l\u00fc\u015f\u00fcm\u00fc ve iktisadi b\u00fcy\u00fcme gibi g\u00fcncelli\u011fini on y\u0131llard\u0131r yitirmeyen konularda olaylar ve geli\u015fmeler aras\u0131ndaki karma\u015f\u0131k nedensellik ili\u015fkilerine \u0131\u015f\u0131k tutulmaktad\u0131r. \ufffcTan\u0131t\u0131m Metni<\/p>\n","protected":false},"excerpt":{"rendered":"<p>Yak\u0131n d\u00f6nem T\u00fcrkiye Ekonomisi\u2019nin ele al\u0131nd\u0131\u011f\u0131 bu kitap, Profes\u00f6r G\u00fcn\u00e7avd\u0131\u2019n\u0131n \u00e7eyrek y\u00fczy\u0131la yakla\u015fan yo\u011fun akademik \u00e7al\u0131\u015fmalar\u0131na ekledi\u011fi \u00f6nemli bir halkad\u0131r. Bug\u00fcne kadarki \u00e7al\u0131\u015fmalar\u0131 daha ziyade belirli<span class=\"excerpt-hellip\"> [\u2026]<\/span><\/p>\n","protected":false},"featured_media":0,"template":"","meta":{"_monsterinsights_skip_tracking":false,"_monsterinsights_sitenote_active":false,"_monsterinsights_sitenote_note":"","_monsterinsights_sitenote_category":0},"product_brand":[],"product_cat":[20333,13043],"product_tag":[],"class_list":{"0":"post-703908","1":"product","2":"type-product","3":"status-publish","5":"product_cat-diger-ekonomi","6":"product_cat-ekonomi","7":"pa_tur-kitap","8":"pa_yayinevi-efil-yayinevi","9":"pa_yazar-oner-guncavdi","11":"first","12":"instock","13":"sale","14":"shipping-taxable","15":"purchasable","16":"product-type-simple"},"_links":{"self":[{"href":"https:\/\/roveyayinevi.com.tr\/index.php\/wp-json\/wp\/v2\/product\/703908","targetHints":{"allow":["GET"]}}],"collection":[{"href":"https:\/\/roveyayinevi.com.tr\/index.php\/wp-json\/wp\/v2\/product"}],"about":[{"href":"https:\/\/roveyayinevi.com.tr\/index.php\/wp-json\/wp\/v2\/types\/product"}],"wp:attachment":[{"href":"https:\/\/roveyayinevi.com.tr\/index.php\/wp-json\/wp\/v2\/media?parent=703908"}],"wp:term":[{"taxonomy":"product_brand","embeddable":true,"href":"https:\/\/roveyayinevi.com.tr\/index.php\/wp-json\/wp\/v2\/product_brand?post=703908"},{"taxonomy":"product_cat","embeddable":true,"href":"https:\/\/roveyayinevi.com.tr\/index.php\/wp-json\/wp\/v2\/product_cat?post=703908"},{"taxonomy":"product_tag","embeddable":true,"href":"https:\/\/roveyayinevi.com.tr\/index.php\/wp-json\/wp\/v2\/product_tag?post=703908"}],"curies":[{"name":"wp","href":"https:\/\/api.w.org\/{rel}","templated":true}]}}