{"id":703889,"date":"2025-08-27T15:30:03","date_gmt":"2025-08-27T12:30:03","guid":{"rendered":"https:\/\/roveyayinevi.com.tr\/index.php\/urun\/doganin-ofkesi\/"},"modified":"2026-04-16T02:13:02","modified_gmt":"2026-04-15T23:13:02","slug":"doganin-ofkesi","status":"publish","type":"product","link":"https:\/\/roveyayinevi.com.tr\/index.php\/urun\/doganin-ofkesi\/","title":{"rendered":"Do\u011fan\u0131n \u00d6fkesi"},"content":{"rendered":"<p>Merhaba&#8230; Kitab\u0131m\u0131 eline ald\u0131\u011f\u0131nda g\u00f6zlerinin parlad\u0131\u011f\u0131n\u0131 g\u00f6rd\u00fcm. Yoksa sen de mi bir kitap kurdusun? Okumay\u0131 \u00e7ok mu seviyorsun? \u00d6yleyse, Tomurcuk Kitaplar\u2019la arkada\u015f ol&#8230; Her birinde, yeni \u015feyler \u00f6\u011frenecek, de\u011fi\u015fik bir ser\u00fcvenle kar\u015f\u0131la\u015facaks\u0131n. Zeynep bir gece kendini ans\u0131z\u0131n \u0131ss\u0131z bir yerde buldu. \u00c7evrede yaln\u0131zca kirli bir bulut, yapraklar\u0131 sararm\u0131\u015f bir a\u011fa\u00e7, kara bir mart\u0131, k\u00fc\u00e7\u00fck bir bal\u0131k ve \u00f6fkeli bir deniz vard\u0131. Zeynep k\u00fc\u00e7\u00fck bal\u0131kla heyecanl\u0131 bir yolculu\u011fa \u00e7\u0131kt\u0131. Haydi sen de kat\u0131l onlara. B\u00f6ylece, do\u011fan\u0131n \u00f6fkesinin nedenini de \u00f6\u011frenebileceksin&#8230; \ufffcTan\u0131t\u0131m Metni<\/p>\n","protected":false},"excerpt":{"rendered":"<p>Merhaba&#8230; Kitab\u0131m\u0131 eline ald\u0131\u011f\u0131nda g\u00f6zlerinin parlad\u0131\u011f\u0131n\u0131 g\u00f6rd\u00fcm. Yoksa sen de mi bir kitap kurdusun? Okumay\u0131 \u00e7ok mu seviyorsun? \u00d6yleyse, Tomurcuk Kitaplar\u2019la arkada\u015f ol&#8230; Her birinde, yeni<span class=\"excerpt-hellip\"> [\u2026]<\/span><\/p>\n","protected":false},"featured_media":0,"template":"","meta":{"_monsterinsights_skip_tracking":false,"_monsterinsights_sitenote_active":false,"_monsterinsights_sitenote_note":"","_monsterinsights_sitenote_category":0},"product_brand":[],"product_cat":[12274,12284],"product_tag":[],"class_list":{"0":"post-703889","1":"product","2":"type-product","3":"status-publish","5":"product_cat-cocuk-ve-genclik-kitaplari","6":"product_cat-hikayeler","7":"pa_cilt-ciltsiz","8":"pa_tur-kitap","9":"pa_yayinevi-say-cocuk","10":"pa_yazar-gulsum-cengiz","12":"first","13":"instock","14":"sale","15":"shipping-taxable","16":"purchasable","17":"product-type-simple"},"_links":{"self":[{"href":"https:\/\/roveyayinevi.com.tr\/index.php\/wp-json\/wp\/v2\/product\/703889","targetHints":{"allow":["GET"]}}],"collection":[{"href":"https:\/\/roveyayinevi.com.tr\/index.php\/wp-json\/wp\/v2\/product"}],"about":[{"href":"https:\/\/roveyayinevi.com.tr\/index.php\/wp-json\/wp\/v2\/types\/product"}],"wp:attachment":[{"href":"https:\/\/roveyayinevi.com.tr\/index.php\/wp-json\/wp\/v2\/media?parent=703889"}],"wp:term":[{"taxonomy":"product_brand","embeddable":true,"href":"https:\/\/roveyayinevi.com.tr\/index.php\/wp-json\/wp\/v2\/product_brand?post=703889"},{"taxonomy":"product_cat","embeddable":true,"href":"https:\/\/roveyayinevi.com.tr\/index.php\/wp-json\/wp\/v2\/product_cat?post=703889"},{"taxonomy":"product_tag","embeddable":true,"href":"https:\/\/roveyayinevi.com.tr\/index.php\/wp-json\/wp\/v2\/product_tag?post=703889"}],"curies":[{"name":"wp","href":"https:\/\/api.w.org\/{rel}","templated":true}]}}