{"id":703886,"date":"2025-08-27T15:30:02","date_gmt":"2025-08-27T12:30:02","guid":{"rendered":"https:\/\/roveyayinevi.com.tr\/index.php\/urun\/kuresellesme-ve-turkiyede-din-ve-siyaset\/"},"modified":"2026-04-16T02:13:02","modified_gmt":"2026-04-15T23:13:02","slug":"kuresellesme-ve-turkiyede-din-ve-siyaset","status":"publish","type":"product","link":"https:\/\/roveyayinevi.com.tr\/index.php\/urun\/kuresellesme-ve-turkiyede-din-ve-siyaset\/","title":{"rendered":"K\u00fcreselle\u015fme ve T\u00fcrkiye&#8217;de Din ve Siyaset"},"content":{"rendered":"<p>\u0130\u00e7indekiler 1-K\u00fcreselle\u015fme ve T\u00fcrkiye \u00dczerindeki Etkileri 2-T\u00fcrkiyede din ve siyaset \u0130li\u015fkileri 3-T\u00fcrkiyede misyonerlik \u00e7al\u0131\u015fmalar\u0131 4-T\u00fcrkiyede Alevi-s\u00fcnni farkl\u0131l\u0131\u011f\u0131 ve sorunlar 5-Bat\u0131 \u00dclkelerinde ve t\u00fcrkiyede demokrasi 6-T\u00fcrkiyede demokrasinin tarihsel geli\u015fimi 7-Neden Milli egemenlik? <\/p>\n","protected":false},"excerpt":{"rendered":"<p>\u0130\u00e7indekiler 1-K\u00fcreselle\u015fme ve T\u00fcrkiye \u00dczerindeki Etkileri 2-T\u00fcrkiyede din ve siyaset \u0130li\u015fkileri 3-T\u00fcrkiyede misyonerlik \u00e7al\u0131\u015fmalar\u0131 4-T\u00fcrkiyede Alevi-s\u00fcnni farkl\u0131l\u0131\u011f\u0131 ve sorunlar 5-Bat\u0131 \u00dclkelerinde ve t\u00fcrkiyede demokrasi 6-T\u00fcrkiyede demokrasinin<span class=\"excerpt-hellip\"> [\u2026]<\/span><\/p>\n","protected":false},"featured_media":0,"template":"","meta":{"_monsterinsights_skip_tracking":false,"_monsterinsights_sitenote_active":false,"_monsterinsights_sitenote_note":"","_monsterinsights_sitenote_category":0},"product_brand":[],"product_cat":[12573,12566],"product_tag":[],"class_list":{"0":"post-703886","1":"product","2":"type-product","3":"status-publish","5":"product_cat-akademik-kitaplar","6":"product_cat-egitim","7":"pa_cilt-ciltsiz","8":"pa_tur-kitap","9":"pa_yayinevi-gazi-kitabevi","10":"pa_yazar-ibrahim-arslanoglu","12":"first","13":"instock","14":"sale","15":"shipping-taxable","16":"purchasable","17":"product-type-simple"},"_links":{"self":[{"href":"https:\/\/roveyayinevi.com.tr\/index.php\/wp-json\/wp\/v2\/product\/703886","targetHints":{"allow":["GET"]}}],"collection":[{"href":"https:\/\/roveyayinevi.com.tr\/index.php\/wp-json\/wp\/v2\/product"}],"about":[{"href":"https:\/\/roveyayinevi.com.tr\/index.php\/wp-json\/wp\/v2\/types\/product"}],"wp:attachment":[{"href":"https:\/\/roveyayinevi.com.tr\/index.php\/wp-json\/wp\/v2\/media?parent=703886"}],"wp:term":[{"taxonomy":"product_brand","embeddable":true,"href":"https:\/\/roveyayinevi.com.tr\/index.php\/wp-json\/wp\/v2\/product_brand?post=703886"},{"taxonomy":"product_cat","embeddable":true,"href":"https:\/\/roveyayinevi.com.tr\/index.php\/wp-json\/wp\/v2\/product_cat?post=703886"},{"taxonomy":"product_tag","embeddable":true,"href":"https:\/\/roveyayinevi.com.tr\/index.php\/wp-json\/wp\/v2\/product_tag?post=703886"}],"curies":[{"name":"wp","href":"https:\/\/api.w.org\/{rel}","templated":true}]}}