{"id":703878,"date":"2025-08-27T15:29:58","date_gmt":"2025-08-27T12:29:58","guid":{"rendered":"https:\/\/roveyayinevi.com.tr\/index.php\/urun\/gunumuzde-yeni-siyasal-yaklasimlar-2\/"},"modified":"2026-04-16T02:13:02","modified_gmt":"2026-04-15T23:13:02","slug":"gunumuzde-yeni-siyasal-yaklasimlar-2","status":"publish","type":"product","link":"https:\/\/roveyayinevi.com.tr\/index.php\/urun\/gunumuzde-yeni-siyasal-yaklasimlar-2\/","title":{"rendered":"G\u00fcn\u00fcm\u00fczde Yeni Siyasal Yakla\u015f\u0131mlar &#8211; 2"},"content":{"rendered":"<p>Kitap iki b\u00f6l\u00fcmden olu\u015fmaktad\u0131r. \u0130lk b\u00f6l\u00fcmde k\u00f6klerinden kopmu\u015f, asl\u0131ndan uzakla\u015fm\u0131\u015f, toplumda yabanc\u0131la\u015fm\u0131\u015f mutsuz ve huzursuz insan\u0131n, toplumda bu korku ve tehdit alg\u0131s\u0131 i\u00e7inde giderek sinen ve pasifize edilen bireyin en canl\u0131 ve etkili betimlemelerinden birini yapm\u0131\u015f olan Jean-Paul Sartre&#8217;\u0131n \u00f6zg\u00fcrl\u00fck problemine yakla\u015f\u0131m\u0131 temelinde bir giri\u015fle ba\u015flanmaktad\u0131r. \u00d6zg\u00fcrl\u00fck ve H\u00fcmanizm ad\u0131 alt\u0131ndaki bu b\u00f6l\u00fcmde, Leo Kofler taraf\u0131ndan kavramsalla\u015ft\u0131r\u0131lan bu iki kavram\u0131n yan\u0131s\u0131ra Isaah Berlin&#8217;in negatif \u00f6zg\u00fcrl\u00fck kavram\u0131 ve onun etraf\u0131nda geli\u015fen tart\u0131\u015fmalar ile Gilles Deleuze&#8217;\u00fcn sivil toplum i\u00e7erisinde silik konumdaki bireylerin edimsellik sorununa getirdi\u011fi tan\u0131mdan hareketle onun genel felsefi yakla\u015f\u0131m\u0131 ele al\u0131nmaktad\u0131r. \ufffcTan\u0131t\u0131m Metni<\/p>\n","protected":false},"excerpt":{"rendered":"<p>Kitap iki b\u00f6l\u00fcmden olu\u015fmaktad\u0131r. \u0130lk b\u00f6l\u00fcmde k\u00f6klerinden kopmu\u015f, asl\u0131ndan uzakla\u015fm\u0131\u015f, toplumda yabanc\u0131la\u015fm\u0131\u015f mutsuz ve huzursuz insan\u0131n, toplumda bu korku ve tehdit alg\u0131s\u0131 i\u00e7inde giderek sinen ve<span class=\"excerpt-hellip\"> [\u2026]<\/span><\/p>\n","protected":false},"featured_media":0,"template":"","meta":{"_monsterinsights_skip_tracking":false,"_monsterinsights_sitenote_active":false,"_monsterinsights_sitenote_note":"","_monsterinsights_sitenote_category":0},"product_brand":[],"product_cat":[12337,14706],"product_tag":[],"class_list":{"0":"post-703878","1":"product","2":"type-product","3":"status-publish","5":"product_cat-politika-siyaset","6":"product_cat-siyaset-bilimi","7":"pa_cilt-ciltsiz","8":"pa_tur-kitap","9":"pa_yayinevi-dogu-bati-yayinlari","10":"pa_yazar-kolektif","12":"first","13":"instock","14":"sale","15":"shipping-taxable","16":"purchasable","17":"product-type-simple"},"_links":{"self":[{"href":"https:\/\/roveyayinevi.com.tr\/index.php\/wp-json\/wp\/v2\/product\/703878","targetHints":{"allow":["GET"]}}],"collection":[{"href":"https:\/\/roveyayinevi.com.tr\/index.php\/wp-json\/wp\/v2\/product"}],"about":[{"href":"https:\/\/roveyayinevi.com.tr\/index.php\/wp-json\/wp\/v2\/types\/product"}],"wp:attachment":[{"href":"https:\/\/roveyayinevi.com.tr\/index.php\/wp-json\/wp\/v2\/media?parent=703878"}],"wp:term":[{"taxonomy":"product_brand","embeddable":true,"href":"https:\/\/roveyayinevi.com.tr\/index.php\/wp-json\/wp\/v2\/product_brand?post=703878"},{"taxonomy":"product_cat","embeddable":true,"href":"https:\/\/roveyayinevi.com.tr\/index.php\/wp-json\/wp\/v2\/product_cat?post=703878"},{"taxonomy":"product_tag","embeddable":true,"href":"https:\/\/roveyayinevi.com.tr\/index.php\/wp-json\/wp\/v2\/product_tag?post=703878"}],"curies":[{"name":"wp","href":"https:\/\/api.w.org\/{rel}","templated":true}]}}