{"id":703873,"date":"2025-08-27T15:29:56","date_gmt":"2025-08-27T12:29:56","guid":{"rendered":"https:\/\/roveyayinevi.com.tr\/index.php\/urun\/atese-ucan-pervaneler\/"},"modified":"2026-04-16T02:13:01","modified_gmt":"2026-04-15T23:13:01","slug":"atese-ucan-pervaneler","status":"publish","type":"product","link":"https:\/\/roveyayinevi.com.tr\/index.php\/urun\/atese-ucan-pervaneler\/","title":{"rendered":"Ate\u015fe U\u00e7an Pervaneler"},"content":{"rendered":"<p>Kitapta, Devrimci Yol Hareketi i\u00e7inde yer alm\u0131\u015f kad\u0131nlar konu\u015fuyor. 1975-1985 y\u0131llar\u0131 aras\u0131na odaklanan anlat\u0131mlar, T\u00fcrkiye&#8217;nin \u00e7ok \u00f6nemli bir d\u00f6nemine \u0131\u015f\u0131k tutuyor. Bu anlat\u0131mlarda, 70&#8217;li y\u0131llarda T\u00fcrkiye&#8217;de geli\u015fen sosyalist m\u00fccadelenin farkl\u0131 b\u00f6lgelerde ve farkl\u0131 alanlarda nas\u0131l ya\u015fand\u0131\u011f\u0131na tan\u0131k oluyor; Devrimci Yol&#8217;un bir halk hareketi olmas\u0131nda kad\u0131nlar\u0131n \u00fcstlendi\u011fi sorumlulu\u011fu g\u00f6r\u00fcyoruz. Yitirdi\u011fimiz arkada\u015flar\u0131m\u0131z\u0131n an\u0131s\u0131n\u0131 y\u00fcre\u011fimizde hissediyor; onlarla bir kez daha gurur duyuyoruz. <\/p>\n","protected":false},"excerpt":{"rendered":"<p>Kitapta, Devrimci Yol Hareketi i\u00e7inde yer alm\u0131\u015f kad\u0131nlar konu\u015fuyor. 1975-1985 y\u0131llar\u0131 aras\u0131na odaklanan anlat\u0131mlar, T\u00fcrkiye&#8217;nin \u00e7ok \u00f6nemli bir d\u00f6nemine \u0131\u015f\u0131k tutuyor. Bu anlat\u0131mlarda, 70&#8217;li y\u0131llarda T\u00fcrkiye&#8217;de<span class=\"excerpt-hellip\"> [\u2026]<\/span><\/p>\n","protected":false},"featured_media":0,"template":"","meta":{"_monsterinsights_skip_tracking":false,"_monsterinsights_sitenote_active":false,"_monsterinsights_sitenote_note":"","_monsterinsights_sitenote_category":0},"product_brand":[],"product_cat":[16098,12337],"product_tag":[],"class_list":{"0":"post-703873","1":"product","2":"type-product","3":"status-publish","5":"product_cat-politik-akimlar-hareketler","6":"product_cat-politika-siyaset","7":"pa_tur-kitap","8":"pa_yayinevi-kalkedon-yayincilik","9":"pa_yazar-kolektif","11":"first","12":"instock","13":"sale","14":"shipping-taxable","15":"purchasable","16":"product-type-simple"},"_links":{"self":[{"href":"https:\/\/roveyayinevi.com.tr\/index.php\/wp-json\/wp\/v2\/product\/703873","targetHints":{"allow":["GET"]}}],"collection":[{"href":"https:\/\/roveyayinevi.com.tr\/index.php\/wp-json\/wp\/v2\/product"}],"about":[{"href":"https:\/\/roveyayinevi.com.tr\/index.php\/wp-json\/wp\/v2\/types\/product"}],"wp:attachment":[{"href":"https:\/\/roveyayinevi.com.tr\/index.php\/wp-json\/wp\/v2\/media?parent=703873"}],"wp:term":[{"taxonomy":"product_brand","embeddable":true,"href":"https:\/\/roveyayinevi.com.tr\/index.php\/wp-json\/wp\/v2\/product_brand?post=703873"},{"taxonomy":"product_cat","embeddable":true,"href":"https:\/\/roveyayinevi.com.tr\/index.php\/wp-json\/wp\/v2\/product_cat?post=703873"},{"taxonomy":"product_tag","embeddable":true,"href":"https:\/\/roveyayinevi.com.tr\/index.php\/wp-json\/wp\/v2\/product_tag?post=703873"}],"curies":[{"name":"wp","href":"https:\/\/api.w.org\/{rel}","templated":true}]}}

Ateşe Uçan Pervaneler

<p>Kitapta, Devrimci Yol Hareketi içinde yer almış kadınlar konuşuyor. 1975-1985 yılları arasına odaklanan anlatımlar, Türkiye&#8217;nin çok önemli bir dönemine ışık tutuyor. Bu anlatımlarda, 70&#8217;li yıllarda Türkiye&#8217;de gelişen sosyalist mücadelenin farklı bölgelerde ve farklı alanlarda nasıl yaşandığına tanık oluyor; Devrimci Yol&#8217;un bir halk hareketi olmasında kadınların üstlendiği sorumluluğu görüyoruz. Yitirdiğimiz arkadaşlarımızın anısını yüreğimizde hissediyor; onlarla bir kez daha gurur duyuyoruz. </p>

<p>Kitapta, Devrimci Yol Hareketi içinde yer almış kadınlar konuşuyor. 1975-1985 yılları arasına odaklanan anlatımlar, Türkiye&#8217;nin çok önemli bir dönemine ışık tutuyor. Bu anlatımlarda, 70&#8217;li yıllarda Türkiye&#8217;de<span class="excerpt-hellip"> […]</span></p>
