{"id":703864,"date":"2025-08-27T15:29:53","date_gmt":"2025-08-27T12:29:53","guid":{"rendered":"https:\/\/roveyayinevi.com.tr\/index.php\/urun\/anitkabirin-otesi-ataturkun-mezar-mimarisi\/"},"modified":"2026-04-16T02:13:01","modified_gmt":"2026-04-15T23:13:01","slug":"anitkabirin-otesi-ataturkun-mezar-mimarisi","status":"publish","type":"product","link":"https:\/\/roveyayinevi.com.tr\/index.php\/urun\/anitkabirin-otesi-ataturkun-mezar-mimarisi\/","title":{"rendered":"An\u0131tkabir\u2019in \u00d6tesi Atat\u00fcrk\u2019\u00fcn Mezar Mimarisi"},"content":{"rendered":"<p>\u00d6l\u00fcm\u00fcn\u00fcn ard\u0131ndan An\u0131tkabir\u2019e nakledilene kadar Atat\u00fcrk\u2019\u00fcn naa\u015f\u0131 farkl\u0131 yerlerde kald\u0131, halk\u0131n ziyaretine a\u00e7\u0131ld\u0131. An\u0131tkabir\u2019in \u00d6tesi: Atat\u00fcrk\u2019\u00fcn Mezar Mimarisi Ulusal Belle\u011fin \u0130n\u015fas\u0131 ve S\u00fcrd\u00fcr\u00fclmesi adl\u0131 kitap Atat\u00fcrk\u2019\u00fcn naa\u015f\u0131n\u0131n tutuldu\u011fu bu yerleri; cenaze t\u00f6renlerini; An\u0131tkabir\u2019in in\u015fas\u0131n\u0131, muhafazas\u0131n\u0131 ve kurumsalla\u015fmas\u0131n\u0131 inceliyor. Bunlardan hareketle, mezar mimarisinde ortaya \u00e7\u0131kan Atat\u00fcrk temsillerinin ulusal ve kolektif belle\u011fi \u015fekillendiren fakt\u00f6rlerle ili\u015fkisini ortaya koyuyor. <\/p>\n","protected":false},"excerpt":{"rendered":"<p>\u00d6l\u00fcm\u00fcn\u00fcn ard\u0131ndan An\u0131tkabir\u2019e nakledilene kadar Atat\u00fcrk\u2019\u00fcn naa\u015f\u0131 farkl\u0131 yerlerde kald\u0131, halk\u0131n ziyaretine a\u00e7\u0131ld\u0131. An\u0131tkabir\u2019in \u00d6tesi: Atat\u00fcrk\u2019\u00fcn Mezar Mimarisi Ulusal Belle\u011fin \u0130n\u015fas\u0131 ve S\u00fcrd\u00fcr\u00fclmesi adl\u0131 kitap Atat\u00fcrk\u2019\u00fcn<span class=\"excerpt-hellip\"> [\u2026]<\/span><\/p>\n","protected":false},"featured_media":0,"template":"","meta":{"_monsterinsights_skip_tracking":false,"_monsterinsights_sitenote_active":false,"_monsterinsights_sitenote_note":"","_monsterinsights_sitenote_category":0},"product_brand":[],"product_cat":[12530,12304],"product_tag":[],"class_list":{"0":"post-703864","1":"product","2":"type-product","3":"status-publish","5":"product_cat-mustafa-kemal-ataturk","6":"product_cat-tarih","7":"pa_tur-kitap","8":"pa_yayinevi-koc-universitesi-yayinlari","9":"pa_yazar-christopher-s-wilson","11":"first","12":"instock","13":"sale","14":"shipping-taxable","15":"purchasable","16":"product-type-simple"},"_links":{"self":[{"href":"https:\/\/roveyayinevi.com.tr\/index.php\/wp-json\/wp\/v2\/product\/703864","targetHints":{"allow":["GET"]}}],"collection":[{"href":"https:\/\/roveyayinevi.com.tr\/index.php\/wp-json\/wp\/v2\/product"}],"about":[{"href":"https:\/\/roveyayinevi.com.tr\/index.php\/wp-json\/wp\/v2\/types\/product"}],"wp:attachment":[{"href":"https:\/\/roveyayinevi.com.tr\/index.php\/wp-json\/wp\/v2\/media?parent=703864"}],"wp:term":[{"taxonomy":"product_brand","embeddable":true,"href":"https:\/\/roveyayinevi.com.tr\/index.php\/wp-json\/wp\/v2\/product_brand?post=703864"},{"taxonomy":"product_cat","embeddable":true,"href":"https:\/\/roveyayinevi.com.tr\/index.php\/wp-json\/wp\/v2\/product_cat?post=703864"},{"taxonomy":"product_tag","embeddable":true,"href":"https:\/\/roveyayinevi.com.tr\/index.php\/wp-json\/wp\/v2\/product_tag?post=703864"}],"curies":[{"name":"wp","href":"https:\/\/api.w.org\/{rel}","templated":true}]}}

Anıtkabir’in Ötesi Atatürk’ün Mezar Mimarisi

<p>Ölümünün ardından Anıtkabir’e nakledilene kadar Atatürk’ün naaşı farklı yerlerde kaldı, halkın ziyaretine açıldı. Anıtkabir’in Ötesi: Atatürk’ün Mezar Mimarisi Ulusal Belleğin İnşası ve Sürdürülmesi adlı kitap Atatürk’ün naaşının tutulduğu bu yerleri; cenaze törenlerini; Anıtkabir’in inşasını, muhafazasını ve kurumsallaşmasını inceliyor. Bunlardan hareketle, mezar mimarisinde ortaya çıkan Atatürk temsillerinin ulusal ve kolektif belleği şekillendiren faktörlerle ilişkisini ortaya koyuyor. </p>

<p>Ölümünün ardından Anıtkabir’e nakledilene kadar Atatürk’ün naaşı farklı yerlerde kaldı, halkın ziyaretine açıldı. Anıtkabir’in Ötesi: Atatürk’ün Mezar Mimarisi Ulusal Belleğin İnşası ve Sürdürülmesi adlı kitap Atatürk’ün<span class="excerpt-hellip"> […]</span></p>
