{"id":703836,"date":"2025-08-27T15:29:35","date_gmt":"2025-08-27T12:29:35","guid":{"rendered":"https:\/\/roveyayinevi.com.tr\/index.php\/urun\/krediokrasi\/"},"modified":"2026-04-16T02:13:00","modified_gmt":"2026-04-15T23:13:00","slug":"krediokrasi","status":"publish","type":"product","link":"https:\/\/roveyayinevi.com.tr\/index.php\/urun\/krediokrasi\/","title":{"rendered":"Krediokrasi"},"content":{"rendered":"<p>D\u00fcnya bir s\u00fcredir bitmek t\u00fckenmek bilmeyen, hatta g\u00fcna\u015f\u0131r\u0131 artan bor\u00e7 krizleriyle bo\u011fu\u015fuyor. 2008 Mortgage Krizi olarak da bilinen, k\u00fcresel sermayenin dibe \u00e7\u00f6k\u00fc\u015f\u00fc d\u00fcnyay\u0131 daha fazla bor\u00e7la ya\u015fanan, ya\u015fanmak zorunda kal\u0131nan bir yere d\u00f6n\u00fc\u015ft\u00fcrd\u00fc. Krizin patlad\u0131\u011f\u0131 \u00fclkede, ABD\u2019de bug\u00fcn hane halk\u0131n\u0131n %77\u2019si ciddi bir bor\u00e7 sorunuyla ba\u015f etmeye \u00e7al\u0131\u015f\u0131yor ve her 7 ki\u015fiden 1\u2019inin icra takibinde oldu\u011fu biliniyor. Bu kriz, ba\u015fta ABD olmak \u00fczere Fransa, \u0130ngiltere, \u0130talya, Yunanistan, \u0130spanya gibi bir\u00e7ok \u00fclkede e\u011fitim, sa\u011fl\u0131k, ula\u015f\u0131m, kent haklar\u0131n\u0131n daha yo\u011fun s\u00f6m\u00fcr\u00fclmesi nedeniyle, kitlesel hareketlerin ortaya \u00e7\u0131kmas\u0131na neden oldu. Finanssalla\u015fma ve bor\u00e7 verenin bor\u00e7 alan \u00fczerine kurdu\u011fu tahakk\u00fcm, tarihin en y\u00fcksek noktas\u0131na ula\u015fm\u0131\u015f durumda. <\/p>\n","protected":false},"excerpt":{"rendered":"<p>D\u00fcnya bir s\u00fcredir bitmek t\u00fckenmek bilmeyen, hatta g\u00fcna\u015f\u0131r\u0131 artan bor\u00e7 krizleriyle bo\u011fu\u015fuyor. 2008 Mortgage Krizi olarak da bilinen, k\u00fcresel sermayenin dibe \u00e7\u00f6k\u00fc\u015f\u00fc d\u00fcnyay\u0131 daha fazla bor\u00e7la<span class=\"excerpt-hellip\"> [\u2026]<\/span><\/p>\n","protected":false},"featured_media":0,"template":"","meta":{"_monsterinsights_skip_tracking":false,"_monsterinsights_sitenote_active":false,"_monsterinsights_sitenote_note":"","_monsterinsights_sitenote_category":0},"product_brand":[],"product_cat":[13044,13043],"product_tag":[],"class_list":{"0":"post-703836","1":"product","2":"type-product","3":"status-publish","5":"product_cat-dunya-ekonomisi","6":"product_cat-ekonomi","7":"pa_cilt-ciltsiz","8":"pa_tur-kitap","9":"pa_yayinevi-ayrinti-yayinlari","10":"pa_yazar-andrew-ross","12":"first","13":"instock","14":"sale","15":"shipping-taxable","16":"purchasable","17":"product-type-simple"},"_links":{"self":[{"href":"https:\/\/roveyayinevi.com.tr\/index.php\/wp-json\/wp\/v2\/product\/703836","targetHints":{"allow":["GET"]}}],"collection":[{"href":"https:\/\/roveyayinevi.com.tr\/index.php\/wp-json\/wp\/v2\/product"}],"about":[{"href":"https:\/\/roveyayinevi.com.tr\/index.php\/wp-json\/wp\/v2\/types\/product"}],"wp:attachment":[{"href":"https:\/\/roveyayinevi.com.tr\/index.php\/wp-json\/wp\/v2\/media?parent=703836"}],"wp:term":[{"taxonomy":"product_brand","embeddable":true,"href":"https:\/\/roveyayinevi.com.tr\/index.php\/wp-json\/wp\/v2\/product_brand?post=703836"},{"taxonomy":"product_cat","embeddable":true,"href":"https:\/\/roveyayinevi.com.tr\/index.php\/wp-json\/wp\/v2\/product_cat?post=703836"},{"taxonomy":"product_tag","embeddable":true,"href":"https:\/\/roveyayinevi.com.tr\/index.php\/wp-json\/wp\/v2\/product_tag?post=703836"}],"curies":[{"name":"wp","href":"https:\/\/api.w.org\/{rel}","templated":true}]}}