{"id":703831,"date":"2025-08-27T15:29:32","date_gmt":"2025-08-27T12:29:32","guid":{"rendered":"https:\/\/roveyayinevi.com.tr\/index.php\/urun\/7-14-yas-donemi-cocuk-egitiminde-100-temel-kural\/"},"modified":"2026-04-16T02:13:00","modified_gmt":"2026-04-15T23:13:00","slug":"7-14-yas-donemi-cocuk-egitiminde-100-temel-kural","status":"publish","type":"product","link":"https:\/\/roveyayinevi.com.tr\/index.php\/urun\/7-14-yas-donemi-cocuk-egitiminde-100-temel-kural\/","title":{"rendered":"7-14 Ya\u015f D\u00f6nemi \u00c7ocuk E\u011fitiminde 100 Temel Kural"},"content":{"rendered":"<p>7-14 ya\u015f ki\u015fili\u011fin \u015fekillendi\u011fi d\u00f6nemdir\u2026 \u00c7ocu\u011fun, var oldu\u011fu hali ile kendini ortaya koyabilmek i\u00e7in \u00e7aba harcad\u0131\u011f\u0131 d\u00f6nem\u2026Ondand\u0131r ki bu d\u00f6nemde k\u0131z \u00e7ocuklar\u0131 annesi gibi \u00e7anta ister&#8230;Erkek \u00e7ocuklar\u0131 babas\u0131 gibi c\u00fczdan\u2026\u00c7ocu\u011fun bu d\u00f6nemde ne ya\u015fad\u0131\u011f\u0131n\u0131n fark\u0131ndal\u0131\u011f\u0131na eri\u015fmi\u015f yeti\u015fkinler, onun kendini var oldu\u011fu hali ile ortaya koymas\u0131ndan keyif al\u0131r, ki\u015filik geli\u015fim s\u00fcrecine e\u015flik ederler\u2026  Ki\u015filik geli\u015fimi fark\u0131ndal\u0131\u011f\u0131 olmayan yeti\u015fkinler ise \u00e7ocu\u011fu \u201cadam etmek i\u00e7in\u201d k\u0131rar, incitir, bask\u0131lar\u2026 ya\u015f\u0131na uygun olmayan beklentilerle onun \u00e7ocuksu co\u015fkusunu hayal k\u0131r\u0131kl\u0131klar\u0131 ile t\u00fcketir\u2026 B\u00f6ylesi \u00f6nemli bir d\u00f6neme bir de \u00e7ocu\u011fun okulu, \u00f6\u011fretmeni, \u00f6devi, arkada\u015f ili\u015fkileri eklendi\u011finde ebeveynlerin problem \u00e7\u00f6zme becerilerini art\u0131rmalar\u0131 bir zorunluluk haline gelir\u2026 Pedagog Dr. Adem G\u00fcne\u015f, \u201cokul \u00e7a\u011f\u0131 \u00e7ocu\u011fu\u201d da diyebilece\u011fimiz 7-14 ya\u015f d\u00f6nemi \u00e7ocu\u011fuyla ilgili temel \u00f6zellikleri k\u0131sa ve net bilgilerle bir kitapta toplad\u0131\u2026 Uzun okumalara f\u0131rsat bulamayan\u2026K\u0131sa ve \u00f6z bilgilerle bu d\u00f6nemin fark\u0131ndal\u0131\u011f\u0131n\u0131 kazanmak isteyen yeti\u015fkinler i\u00e7in 7-14 Ya\u015f D\u00f6nemi \u00c7ocuk E\u011fitiminde 100 Temel Kural bir ilke kitab\u0131 niteli\u011finde\u2026<\/p>\n","protected":false},"excerpt":{"rendered":"<p>7-14 ya\u015f ki\u015fili\u011fin \u015fekillendi\u011fi d\u00f6nemdir\u2026 \u00c7ocu\u011fun, var oldu\u011fu hali ile kendini ortaya koyabilmek i\u00e7in \u00e7aba harcad\u0131\u011f\u0131 d\u00f6nem\u2026Ondand\u0131r ki bu d\u00f6nemde k\u0131z \u00e7ocuklar\u0131 annesi gibi \u00e7anta ister&#8230;Erkek<span class=\"excerpt-hellip\"> [\u2026]<\/span><\/p>\n","protected":false},"featured_media":0,"template":"","meta":{"_monsterinsights_skip_tracking":false,"_monsterinsights_sitenote_active":false,"_monsterinsights_sitenote_note":"","_monsterinsights_sitenote_category":0},"product_brand":[],"product_cat":[12831,12324],"product_tag":[],"class_list":{"0":"post-703831","1":"product","2":"type-product","3":"status-publish","5":"product_cat-aile-ve-cocuk","6":"product_cat-sosyoloji","7":"pa_cilt-ciltsiz","8":"pa_tur-kitap","9":"pa_yayinevi-timas-yayinlari","10":"pa_yazar-adem-gunes","12":"first","13":"instock","14":"sale","15":"shipping-taxable","16":"purchasable","17":"product-type-simple"},"_links":{"self":[{"href":"https:\/\/roveyayinevi.com.tr\/index.php\/wp-json\/wp\/v2\/product\/703831","targetHints":{"allow":["GET"]}}],"collection":[{"href":"https:\/\/roveyayinevi.com.tr\/index.php\/wp-json\/wp\/v2\/product"}],"about":[{"href":"https:\/\/roveyayinevi.com.tr\/index.php\/wp-json\/wp\/v2\/types\/product"}],"wp:attachment":[{"href":"https:\/\/roveyayinevi.com.tr\/index.php\/wp-json\/wp\/v2\/media?parent=703831"}],"wp:term":[{"taxonomy":"product_brand","embeddable":true,"href":"https:\/\/roveyayinevi.com.tr\/index.php\/wp-json\/wp\/v2\/product_brand?post=703831"},{"taxonomy":"product_cat","embeddable":true,"href":"https:\/\/roveyayinevi.com.tr\/index.php\/wp-json\/wp\/v2\/product_cat?post=703831"},{"taxonomy":"product_tag","embeddable":true,"href":"https:\/\/roveyayinevi.com.tr\/index.php\/wp-json\/wp\/v2\/product_tag?post=703831"}],"curies":[{"name":"wp","href":"https:\/\/api.w.org\/{rel}","templated":true}]}}