{"id":703830,"date":"2025-08-27T15:29:32","date_gmt":"2025-08-27T12:29:32","guid":{"rendered":"https:\/\/roveyayinevi.com.tr\/index.php\/urun\/enstrumantal-analiz\/"},"modified":"2026-04-16T02:13:00","modified_gmt":"2026-04-15T23:13:00","slug":"enstrumantal-analiz","status":"publish","type":"product","link":"https:\/\/roveyayinevi.com.tr\/index.php\/urun\/enstrumantal-analiz\/","title":{"rendered":"Enstr\u00fcmantal Analiz"},"content":{"rendered":"<p>1-Elektrik Ve Elektrik Devreleri 2-Elementel Elektronikler 3-Elektromagnetik I\u015f\u0131n ve Maddeyle etkile\u015fimi 4-Optik Spektroskopisi cihazlar\u01315-Absorbsiyon Spektroskopisine giri\u015f 6-Ultraviyole ve g\u00f6r\u00fcn\u00fcr spektrofotometre 7-Ir absorbsiyon Spektroskopisi 8-Raman spektroskopisi 9-Molek\u00fcler fluoresans spektroskopisi 10-Atomik spektroskopi 11-Emisyon spektroskopisi 12-\u00c7e\u015fitli optik metotlar 13-N\u00fckleer magnetik Rezonans spektroskopisi 14-X-\u0131\u015f\u0131n\u0131 spektroskopisi 15-Radyokimyasal y\u00f6ntemler 16-K\u00fctle Spektrometresi 17-Elektroanalitik kimyaya giri\u015f 18-Potansiyometrik y\u00f6ntemler 19-Elektrogravimetrik ve kulometrik y\u00f6ntemler 20-Voltametri ve polarografi 21-Kond\u00fcktometrik y\u00f6ntemler 22-Termal analiz y\u00f6ntemleri 23-Kromatografinin temel ilkeleri <\/p>\n","protected":false},"excerpt":{"rendered":"<p>1-Elektrik Ve Elektrik Devreleri 2-Elementel Elektronikler 3-Elektromagnetik I\u015f\u0131n ve Maddeyle etkile\u015fimi 4-Optik Spektroskopisi cihazlar\u01315-Absorbsiyon Spektroskopisine giri\u015f 6-Ultraviyole ve g\u00f6r\u00fcn\u00fcr spektrofotometre 7-Ir absorbsiyon Spektroskopisi 8-Raman spektroskopisi 9-Molek\u00fcler<span class=\"excerpt-hellip\"> [\u2026]<\/span><\/p>\n","protected":false},"featured_media":0,"template":"","meta":{"_monsterinsights_skip_tracking":false,"_monsterinsights_sitenote_active":false,"_monsterinsights_sitenote_note":"","_monsterinsights_sitenote_category":0},"product_brand":[],"product_cat":[12573,12566],"product_tag":[],"class_list":{"0":"post-703830","1":"product","2":"type-product","3":"status-publish","5":"product_cat-akademik-kitaplar","6":"product_cat-egitim","7":"pa_cilt-ciltsiz","8":"pa_tur-kitap","9":"pa_yayinevi-gazi-kitabevi","10":"pa_yazar-bilsen-besergil","12":"first","13":"instock","14":"sale","15":"shipping-taxable","16":"purchasable","17":"product-type-simple"},"_links":{"self":[{"href":"https:\/\/roveyayinevi.com.tr\/index.php\/wp-json\/wp\/v2\/product\/703830","targetHints":{"allow":["GET"]}}],"collection":[{"href":"https:\/\/roveyayinevi.com.tr\/index.php\/wp-json\/wp\/v2\/product"}],"about":[{"href":"https:\/\/roveyayinevi.com.tr\/index.php\/wp-json\/wp\/v2\/types\/product"}],"wp:attachment":[{"href":"https:\/\/roveyayinevi.com.tr\/index.php\/wp-json\/wp\/v2\/media?parent=703830"}],"wp:term":[{"taxonomy":"product_brand","embeddable":true,"href":"https:\/\/roveyayinevi.com.tr\/index.php\/wp-json\/wp\/v2\/product_brand?post=703830"},{"taxonomy":"product_cat","embeddable":true,"href":"https:\/\/roveyayinevi.com.tr\/index.php\/wp-json\/wp\/v2\/product_cat?post=703830"},{"taxonomy":"product_tag","embeddable":true,"href":"https:\/\/roveyayinevi.com.tr\/index.php\/wp-json\/wp\/v2\/product_tag?post=703830"}],"curies":[{"name":"wp","href":"https:\/\/api.w.org\/{rel}","templated":true}]}}