{"id":703818,"date":"2025-08-27T15:29:27","date_gmt":"2025-08-27T12:29:27","guid":{"rendered":"https:\/\/roveyayinevi.com.tr\/index.php\/urun\/ayisiginda-caliskur\/"},"modified":"2026-04-16T02:13:00","modified_gmt":"2026-04-15T23:13:00","slug":"ayisiginda-caliskur","status":"publish","type":"product","link":"https:\/\/roveyayinevi.com.tr\/index.php\/urun\/ayisiginda-caliskur\/","title":{"rendered":"Ay\u0131\u015f\u0131\u011f\u0131nda \u00c7al\u0131\u015fkur"},"content":{"rendered":"<p>Ay\u0131\u015f\u0131\u011f\u0131nda \u201c\u00c7al\u0131\u015fkur\u201d yaln\u0131z Haldun Taner\u2019in de\u011fil, ilk kez 1954\u2019te yay\u0131mland\u0131\u011f\u0131 g\u00f6z \u00f6n\u00fcne al\u0131n\u0131rsa, edebiyat\u0131m\u0131z\u0131n da en \u00f6zg\u00fcn ve \u00f6nc\u00fc say\u0131labilecek \u00f6yk\u00fclerinden. Taner, ince mizah\u0131n\u0131 adeta bir \u00f6yk\u00fc dersi vererek konu\u015fturuyor. \ufffcTan\u0131t\u0131m Metni<\/p>\n","protected":false},"excerpt":{"rendered":"<p>Ay\u0131\u015f\u0131\u011f\u0131nda \u201c\u00c7al\u0131\u015fkur\u201d yaln\u0131z Haldun Taner\u2019in de\u011fil, ilk kez 1954\u2019te yay\u0131mland\u0131\u011f\u0131 g\u00f6z \u00f6n\u00fcne al\u0131n\u0131rsa, edebiyat\u0131m\u0131z\u0131n da en \u00f6zg\u00fcn ve \u00f6nc\u00fc say\u0131labilecek \u00f6yk\u00fclerinden. Taner, ince mizah\u0131n\u0131 adeta bir<span class=\"excerpt-hellip\"> [\u2026]<\/span><\/p>\n","protected":false},"featured_media":0,"template":"","meta":{"_monsterinsights_skip_tracking":false,"_monsterinsights_sitenote_active":false,"_monsterinsights_sitenote_note":"","_monsterinsights_sitenote_category":0},"product_brand":[],"product_cat":[12291,12711],"product_tag":[],"class_list":{"0":"post-703818","1":"product","2":"type-product","3":"status-publish","5":"product_cat-edebiyat","6":"product_cat-roman-oyku","7":"pa_cilt-ciltsiz","8":"pa_tur-kitap","9":"pa_yayinevi-yapi-kredi-yayinlari","10":"pa_yazar-haldun-taner","12":"first","13":"instock","14":"sale","15":"shipping-taxable","16":"purchasable","17":"product-type-simple"},"_links":{"self":[{"href":"https:\/\/roveyayinevi.com.tr\/index.php\/wp-json\/wp\/v2\/product\/703818","targetHints":{"allow":["GET"]}}],"collection":[{"href":"https:\/\/roveyayinevi.com.tr\/index.php\/wp-json\/wp\/v2\/product"}],"about":[{"href":"https:\/\/roveyayinevi.com.tr\/index.php\/wp-json\/wp\/v2\/types\/product"}],"wp:attachment":[{"href":"https:\/\/roveyayinevi.com.tr\/index.php\/wp-json\/wp\/v2\/media?parent=703818"}],"wp:term":[{"taxonomy":"product_brand","embeddable":true,"href":"https:\/\/roveyayinevi.com.tr\/index.php\/wp-json\/wp\/v2\/product_brand?post=703818"},{"taxonomy":"product_cat","embeddable":true,"href":"https:\/\/roveyayinevi.com.tr\/index.php\/wp-json\/wp\/v2\/product_cat?post=703818"},{"taxonomy":"product_tag","embeddable":true,"href":"https:\/\/roveyayinevi.com.tr\/index.php\/wp-json\/wp\/v2\/product_tag?post=703818"}],"curies":[{"name":"wp","href":"https:\/\/api.w.org\/{rel}","templated":true}]}}