{"id":703812,"date":"2025-08-27T15:29:24","date_gmt":"2025-08-27T12:29:24","guid":{"rendered":"https:\/\/roveyayinevi.com.tr\/index.php\/urun\/meslegimi-seciyorum-dizisi-7-kitap-set\/"},"modified":"2026-04-16T02:13:00","modified_gmt":"2026-04-15T23:13:00","slug":"meslegimi-seciyorum-dizisi-7-kitap-set","status":"publish","type":"product","link":"https:\/\/roveyayinevi.com.tr\/index.php\/urun\/meslegimi-seciyorum-dizisi-7-kitap-set\/","title":{"rendered":"Mesle\u011fimi Se\u00e7iyorum Dizisi (7 Kitap Set)"},"content":{"rendered":"<p>Setin \u0130\u00e7indeki Kitaplar; B\u00fcy\u00fcy\u00fcnce Doktor Olaca\u011f\u0131m B\u00fcy\u00fcy\u00fcnce \u00d6\u011fretmen Olaca\u011f\u0131m B\u00fcy\u00fcy\u00fcnce M\u00fchendis Olaca\u011f\u0131m B\u00fcy\u00fcy\u00fcnce Polis Olaca\u011f\u0131m B\u00fcy\u00fcy\u00fcnce Veteriner Olaca\u011f\u0131m B\u00fcy\u00fcy\u00fcnce Kaptan Olaca\u011f\u0131m B\u00fcy\u00fcy\u00fcnce Pilot Olaca\u011f\u0131m<\/p>\n","protected":false},"excerpt":{"rendered":"<p>Setin \u0130\u00e7indeki Kitaplar; B\u00fcy\u00fcy\u00fcnce Doktor Olaca\u011f\u0131m B\u00fcy\u00fcy\u00fcnce \u00d6\u011fretmen Olaca\u011f\u0131m B\u00fcy\u00fcy\u00fcnce M\u00fchendis Olaca\u011f\u0131m B\u00fcy\u00fcy\u00fcnce Polis Olaca\u011f\u0131m B\u00fcy\u00fcy\u00fcnce Veteriner Olaca\u011f\u0131m B\u00fcy\u00fcy\u00fcnce Kaptan Olaca\u011f\u0131m B\u00fcy\u00fcy\u00fcnce Pilot Olaca\u011f\u0131m<\/p>\n","protected":false},"featured_media":0,"template":"","meta":{"_monsterinsights_skip_tracking":false,"_monsterinsights_sitenote_active":false,"_monsterinsights_sitenote_note":"","_monsterinsights_sitenote_category":0},"product_brand":[],"product_cat":[12644,12274],"product_tag":[],"class_list":{"0":"post-703812","1":"product","2":"type-product","3":"status-publish","5":"product_cat-boyama-kitaplari","6":"product_cat-cocuk-ve-genclik-kitaplari","7":"pa_cilt-ciltsiz","8":"pa_tur-kitap","9":"pa_yayinevi-cinaralti-yayinlari","10":"pa_yazar-kolektif","12":"first","13":"instock","14":"sale","15":"shipping-taxable","16":"purchasable","17":"product-type-simple"},"_links":{"self":[{"href":"https:\/\/roveyayinevi.com.tr\/index.php\/wp-json\/wp\/v2\/product\/703812","targetHints":{"allow":["GET"]}}],"collection":[{"href":"https:\/\/roveyayinevi.com.tr\/index.php\/wp-json\/wp\/v2\/product"}],"about":[{"href":"https:\/\/roveyayinevi.com.tr\/index.php\/wp-json\/wp\/v2\/types\/product"}],"wp:attachment":[{"href":"https:\/\/roveyayinevi.com.tr\/index.php\/wp-json\/wp\/v2\/media?parent=703812"}],"wp:term":[{"taxonomy":"product_brand","embeddable":true,"href":"https:\/\/roveyayinevi.com.tr\/index.php\/wp-json\/wp\/v2\/product_brand?post=703812"},{"taxonomy":"product_cat","embeddable":true,"href":"https:\/\/roveyayinevi.com.tr\/index.php\/wp-json\/wp\/v2\/product_cat?post=703812"},{"taxonomy":"product_tag","embeddable":true,"href":"https:\/\/roveyayinevi.com.tr\/index.php\/wp-json\/wp\/v2\/product_tag?post=703812"}],"curies":[{"name":"wp","href":"https:\/\/api.w.org\/{rel}","templated":true}]}}