{"id":703799,"date":"2025-08-27T15:29:19","date_gmt":"2025-08-27T12:29:19","guid":{"rendered":"https:\/\/roveyayinevi.com.tr\/index.php\/urun\/ellerin-zamanlarla-dolu\/"},"modified":"2026-04-16T02:13:00","modified_gmt":"2026-04-15T23:13:00","slug":"ellerin-zamanlarla-dolu","status":"publish","type":"product","link":"https:\/\/roveyayinevi.com.tr\/index.php\/urun\/ellerin-zamanlarla-dolu\/","title":{"rendered":"Ellerin Zamanlarla Dolu"},"content":{"rendered":"<p>[\u2026] Birbirimize sar\u0131lm\u0131\u015f, duruyoruz pencerede, sokaktan bizi seyrediyorlar: zaman\u0131 geldi art\u0131k bilmelerinin!Ta\u015flar\u0131n \u00e7i\u00e7eklenmesinin, bir y\u00fcre\u011fin tedirgin atmas\u0131n\u0131n zaman\u0131 geldi.Zaman\u0131d\u0131r art\u0131k zaman\u0131n\u0131n gelmesinin.Zaman\u0131 geldi. <\/p>\n","protected":false},"excerpt":{"rendered":"<p>[\u2026] Birbirimize sar\u0131lm\u0131\u015f, duruyoruz pencerede, sokaktan bizi seyrediyorlar: zaman\u0131 geldi art\u0131k bilmelerinin!Ta\u015flar\u0131n \u00e7i\u00e7eklenmesinin, bir y\u00fcre\u011fin tedirgin atmas\u0131n\u0131n zaman\u0131 geldi.Zaman\u0131d\u0131r art\u0131k zaman\u0131n\u0131n gelmesinin.Zaman\u0131 geldi.<\/p>\n","protected":false},"featured_media":0,"template":"","meta":{"_monsterinsights_skip_tracking":false,"_monsterinsights_sitenote_active":false,"_monsterinsights_sitenote_note":"","_monsterinsights_sitenote_category":0},"product_brand":[],"product_cat":[12291,12509],"product_tag":[],"class_list":{"0":"post-703799","1":"product","2":"type-product","3":"status-publish","5":"product_cat-edebiyat","6":"product_cat-siir","7":"pa_cilt-ciltsiz","8":"pa_tur-kitap","9":"pa_yayinevi-is-bankasi-kultur-yayinlari","10":"pa_yazar-paul-celan","12":"first","13":"instock","14":"sale","15":"shipping-taxable","16":"purchasable","17":"product-type-simple"},"_links":{"self":[{"href":"https:\/\/roveyayinevi.com.tr\/index.php\/wp-json\/wp\/v2\/product\/703799","targetHints":{"allow":["GET"]}}],"collection":[{"href":"https:\/\/roveyayinevi.com.tr\/index.php\/wp-json\/wp\/v2\/product"}],"about":[{"href":"https:\/\/roveyayinevi.com.tr\/index.php\/wp-json\/wp\/v2\/types\/product"}],"wp:attachment":[{"href":"https:\/\/roveyayinevi.com.tr\/index.php\/wp-json\/wp\/v2\/media?parent=703799"}],"wp:term":[{"taxonomy":"product_brand","embeddable":true,"href":"https:\/\/roveyayinevi.com.tr\/index.php\/wp-json\/wp\/v2\/product_brand?post=703799"},{"taxonomy":"product_cat","embeddable":true,"href":"https:\/\/roveyayinevi.com.tr\/index.php\/wp-json\/wp\/v2\/product_cat?post=703799"},{"taxonomy":"product_tag","embeddable":true,"href":"https:\/\/roveyayinevi.com.tr\/index.php\/wp-json\/wp\/v2\/product_tag?post=703799"}],"curies":[{"name":"wp","href":"https:\/\/api.w.org\/{rel}","templated":true}]}}