{"id":703779,"date":"2025-08-27T15:29:10","date_gmt":"2025-08-27T12:29:10","guid":{"rendered":"https:\/\/roveyayinevi.com.tr\/index.php\/urun\/bermuda\/"},"modified":"2026-04-16T02:12:59","modified_gmt":"2026-04-15T23:12:59","slug":"bermuda","status":"publish","type":"product","link":"https:\/\/roveyayinevi.com.tr\/index.php\/urun\/bermuda\/","title":{"rendered":"Bermuda"},"content":{"rendered":"<p>Devlet ile Paralel Devlet Yap\u0131lanmas\u0131 aras\u0131ndaki sava\u015f\u0131n en somut tablosunu ortaya koyuyor. \u201cDarbeye te\u015febb\u00fcs\u201d ve \u201cSilahl\u0131 Ter\u00f6r \u00d6rg\u00fct\u00fc kurmak, y\u00f6netmek\u201d iddias\u0131yla hakk\u0131nda \u00fc\u00e7 yakalama karar\u0131 bulunan Fetullah G\u00fclen\u2019in liderli\u011findeki Paralel Devlet Yap\u0131lanmas\u0131n\u0131n Emniyet ve Yarg\u0131 \u00fczerinden devlete nas\u0131l operasyon yapt\u0131\u011f\u0131na dair belgeler ilk kez bu kitapta yer al\u0131yor. 17 ve 25 Aral\u0131k operasyonlar\u0131n\u0131n ilk olarak ne zaman planland\u0131\u011f\u0131ndan, operasyon g\u00fcn\u00fc adliyede ve Emniyet\u2019te neler ya\u015fand\u0131\u011f\u0131na; polis-savc\u0131-hakim \u00fc\u00e7geninde y\u0131llarca nas\u0131l yasad\u0131\u015f\u0131 dinlemeler yap\u0131ld\u0131\u011f\u0131ndan, G\u00fclen yap\u0131lanmas\u0131n\u0131n ana unsurlar\u0131na kadar pek \u00e7ok bilgi ve belge perde arkas\u0131yla sunuluyor. <\/p>\n","protected":false},"excerpt":{"rendered":"<p>Devlet ile Paralel Devlet Yap\u0131lanmas\u0131 aras\u0131ndaki sava\u015f\u0131n en somut tablosunu ortaya koyuyor. \u201cDarbeye te\u015febb\u00fcs\u201d ve \u201cSilahl\u0131 Ter\u00f6r \u00d6rg\u00fct\u00fc kurmak, y\u00f6netmek\u201d iddias\u0131yla hakk\u0131nda \u00fc\u00e7 yakalama karar\u0131 bulunan<span class=\"excerpt-hellip\"> [\u2026]<\/span><\/p>\n","protected":false},"featured_media":0,"template":"","meta":{"_monsterinsights_skip_tracking":false,"_monsterinsights_sitenote_active":false,"_monsterinsights_sitenote_note":"","_monsterinsights_sitenote_category":0},"product_brand":[],"product_cat":[13059,12337],"product_tag":[],"class_list":{"0":"post-703779","1":"product","2":"type-product","3":"status-publish","5":"product_cat-diger-politika-siyaset","6":"product_cat-politika-siyaset","7":"pa_tur-kitap","8":"pa_yayinevi-profil-kitap","9":"pa_yazar-helin-sahin","11":"first","12":"instock","13":"sale","14":"shipping-taxable","15":"purchasable","16":"product-type-simple"},"_links":{"self":[{"href":"https:\/\/roveyayinevi.com.tr\/index.php\/wp-json\/wp\/v2\/product\/703779","targetHints":{"allow":["GET"]}}],"collection":[{"href":"https:\/\/roveyayinevi.com.tr\/index.php\/wp-json\/wp\/v2\/product"}],"about":[{"href":"https:\/\/roveyayinevi.com.tr\/index.php\/wp-json\/wp\/v2\/types\/product"}],"wp:attachment":[{"href":"https:\/\/roveyayinevi.com.tr\/index.php\/wp-json\/wp\/v2\/media?parent=703779"}],"wp:term":[{"taxonomy":"product_brand","embeddable":true,"href":"https:\/\/roveyayinevi.com.tr\/index.php\/wp-json\/wp\/v2\/product_brand?post=703779"},{"taxonomy":"product_cat","embeddable":true,"href":"https:\/\/roveyayinevi.com.tr\/index.php\/wp-json\/wp\/v2\/product_cat?post=703779"},{"taxonomy":"product_tag","embeddable":true,"href":"https:\/\/roveyayinevi.com.tr\/index.php\/wp-json\/wp\/v2\/product_tag?post=703779"}],"curies":[{"name":"wp","href":"https:\/\/api.w.org\/{rel}","templated":true}]}}