{"id":703770,"date":"2025-08-27T15:29:07","date_gmt":"2025-08-27T12:29:07","guid":{"rendered":"https:\/\/roveyayinevi.com.tr\/index.php\/urun\/bilincli-genc-olmak\/"},"modified":"2026-04-16T02:12:59","modified_gmt":"2026-04-15T23:12:59","slug":"bilincli-genc-olmak","status":"publish","type":"product","link":"https:\/\/roveyayinevi.com.tr\/index.php\/urun\/bilincli-genc-olmak\/","title":{"rendered":"Bilin\u00e7li Gen\u00e7 Olmak"},"content":{"rendered":"<p>D\u00fcnya de\u011fi\u015fiyor.Di\u011fer gen\u00e7ler gibi, sen de ailenden \u00e7ok daha farkl\u0131 bakabiliyorsun d\u00fcnyaya\u2026Ebeveynlerin ve \u00f6\u011fretmenlerinle ufak tefek tart\u0131\u015fmalar ya\u015faman \u00e7ok normal. \u00d6zg\u00fcr olmak istemen, gelecek hakk\u0131nda kayg\u0131lanman, teknolojiye kolayca adapte olman gayet do\u011fal\u2026 \u00c7\u00fcnk\u00fc anla\u015f\u0131lmaya ve anlamaya ihtiya\u00e7 duyuyorsun.Seni duyuyorum ve seni ger\u00e7ekten anl\u0131yorum\u2026Ben, Prof. Dr. Nevzat Tarhan.Bu kitab\u0131 sana nasihat vermek i\u00e7in yazmad\u0131m. Bir dostunun, yol arkada\u015f\u0131n\u0131n tavsiyeleri olarak g\u00f6rebilirsin yazd\u0131klar\u0131m\u0131. Sorunlar\u0131n\u0131 arkanda b\u0131rakabilmen, hayata sevgi ve g\u00fcvenle bakabilmen, yani gen\u00e7li\u011finin tad\u0131na bilin\u00e7li \u015fekilde varabilmen i\u00e7in t\u00fcm s\u00f6ylediklerim.Senin \u00e7ok ak\u0131c\u0131 bulaca\u011f\u0131ndan emin oldu\u011fum bu kitab\u0131, ebeveynlerin ve \u00f6\u011fretmenlerin de  seni daha iyi anlamak istediklerinde  rahatl\u0131kla a\u00e7\u0131p okuyabilecekler\u2026 B\u00f6ylece belki de senin s\u00f6yleyemediklerini de okuyabilir, seni daha iyi anlamaya \u00e7al\u0131\u015fabilirler\u2026 Belki onlara sen tavsiye edersin, kim bilir? Gen\u00e7 dostum\u2026 <\/p>\n","protected":false},"excerpt":{"rendered":"<p>D\u00fcnya de\u011fi\u015fiyor.Di\u011fer gen\u00e7ler gibi, sen de ailenden \u00e7ok daha farkl\u0131 bakabiliyorsun d\u00fcnyaya\u2026Ebeveynlerin ve \u00f6\u011fretmenlerinle ufak tefek tart\u0131\u015fmalar ya\u015faman \u00e7ok normal. \u00d6zg\u00fcr olmak istemen, gelecek hakk\u0131nda kayg\u0131lanman,<span class=\"excerpt-hellip\"> [\u2026]<\/span><\/p>\n","protected":false},"featured_media":0,"template":"","meta":{"_monsterinsights_skip_tracking":false,"_monsterinsights_sitenote_active":false,"_monsterinsights_sitenote_note":"","_monsterinsights_sitenote_category":0},"product_brand":[],"product_cat":[12357],"product_tag":[],"class_list":{"0":"post-703770","1":"product","2":"type-product","3":"status-publish","5":"product_cat-psikoloji","6":"pa_cilt-ciltsiz","7":"pa_tur-kitap","8":"pa_yayinevi-timas-yayinlari","9":"pa_yazar-nevzat-tarhan","11":"first","12":"instock","13":"sale","14":"shipping-taxable","15":"purchasable","16":"product-type-simple"},"_links":{"self":[{"href":"https:\/\/roveyayinevi.com.tr\/index.php\/wp-json\/wp\/v2\/product\/703770","targetHints":{"allow":["GET"]}}],"collection":[{"href":"https:\/\/roveyayinevi.com.tr\/index.php\/wp-json\/wp\/v2\/product"}],"about":[{"href":"https:\/\/roveyayinevi.com.tr\/index.php\/wp-json\/wp\/v2\/types\/product"}],"wp:attachment":[{"href":"https:\/\/roveyayinevi.com.tr\/index.php\/wp-json\/wp\/v2\/media?parent=703770"}],"wp:term":[{"taxonomy":"product_brand","embeddable":true,"href":"https:\/\/roveyayinevi.com.tr\/index.php\/wp-json\/wp\/v2\/product_brand?post=703770"},{"taxonomy":"product_cat","embeddable":true,"href":"https:\/\/roveyayinevi.com.tr\/index.php\/wp-json\/wp\/v2\/product_cat?post=703770"},{"taxonomy":"product_tag","embeddable":true,"href":"https:\/\/roveyayinevi.com.tr\/index.php\/wp-json\/wp\/v2\/product_tag?post=703770"}],"curies":[{"name":"wp","href":"https:\/\/api.w.org\/{rel}","templated":true}]}}