{"id":703768,"date":"2025-08-27T15:29:06","date_gmt":"2025-08-27T12:29:06","guid":{"rendered":"https:\/\/roveyayinevi.com.tr\/index.php\/urun\/bay-lemoncellonun-kutuphanesinden-kacis\/"},"modified":"2026-04-16T02:12:59","modified_gmt":"2026-04-15T23:12:59","slug":"bay-lemoncellonun-kutuphanesinden-kacis","status":"publish","type":"product","link":"https:\/\/roveyayinevi.com.tr\/index.php\/urun\/bay-lemoncellonun-kutuphanesinden-kacis\/","title":{"rendered":"Bay Lemoncello\u2019nun K\u00fct\u00fcphanesinden Ka\u00e7\u0131\u015f"},"content":{"rendered":"<p>Lemoncello\u2019nun K\u00fct\u00fcphanesine Giri\u015f Kolay, \u00c7\u0131k\u0131\u015f Zordur. Bunun \u0130\u00e7in \u015eans Kart\u0131, \u0130yi Bir Zar Veya Zekadan Fazlas\u0131na \u0130htiyac\u0131n\u0131z Var.Kyle Keeley\u2019nin iki a\u011fabeyiyle rekabet etme \u015fans\u0131 yoktu. Ama kutu oyunlar\u0131nda herkesin kazanma \u015fans\u0131 vard\u0131r&#8230; \u0130yi bir zar at\u0131\u015f\u0131, \u015fansl\u0131 bir kart \u00e7ekili\u015fi ve biraz zek\u00e2yla o da bir oyunda kazanabilir.  Kyle d\u00fcnyan\u0131n en \u00fcnl\u00fc oyun \u00fcreticisinin, ya\u015fad\u0131\u011f\u0131 kasaban\u0131n yeni k\u00fct\u00fcphanesini tasarlad\u0131\u011f\u0131n\u0131 ve kendisinin de bu ilk gecede k\u00fct\u00fcphanede oyun oynayacak \u00e7ocuklardan biri oldu\u011funu \u00f6\u011frenince \u00e7ok sevinir. Ancak oyunun son \u015fart\u0131 k\u00fct\u00fcphaneden ka\u00e7\u0131\u015ft\u0131r. Ne var ki Kyle\u2019\u0131n bilmedi\u011fi \u015fey, k\u00fct\u00fcphaneye giri\u015fin kolay, \u00e7\u0131k\u0131\u015f\u0131n ise zor oldu\u011fudur.\u00d6d\u00fcll\u00fc yazar Chris Grabenstein kahkaha dolu son hik\u00e2yesinde gerilimli bir ser\u00fcvenden heyecan verici bilmecelere d\u00f6n\u00fc\u015f yap\u0131yor. Peki, siz k\u00fct\u00fcphaneden nas\u0131l \u00e7\u0131k\u0131laca\u011f\u0131n\u0131 bulabilir misiniz?<\/p>\n","protected":false},"excerpt":{"rendered":"<p>Lemoncello\u2019nun K\u00fct\u00fcphanesine Giri\u015f Kolay, \u00c7\u0131k\u0131\u015f Zordur. Bunun \u0130\u00e7in \u015eans Kart\u0131, \u0130yi Bir Zar Veya Zekadan Fazlas\u0131na \u0130htiyac\u0131n\u0131z Var.Kyle Keeley\u2019nin iki a\u011fabeyiyle rekabet etme \u015fans\u0131 yoktu. Ama<span class=\"excerpt-hellip\"> [\u2026]<\/span><\/p>\n","protected":false},"featured_media":0,"template":"","meta":{"_monsterinsights_skip_tracking":false,"_monsterinsights_sitenote_active":false,"_monsterinsights_sitenote_note":"","_monsterinsights_sitenote_category":0},"product_brand":[],"product_cat":[12274,12284],"product_tag":[],"class_list":{"0":"post-703768","1":"product","2":"type-product","3":"status-publish","5":"product_cat-cocuk-ve-genclik-kitaplari","6":"product_cat-hikayeler","7":"pa_cilt-ciltsiz","8":"pa_tur-kitap","9":"pa_yayinevi-altin-kitaplar-ozel-urun","10":"pa_yazar-chris-grabenstein","12":"first","13":"instock","14":"sale","15":"shipping-taxable","16":"purchasable","17":"product-type-simple"},"_links":{"self":[{"href":"https:\/\/roveyayinevi.com.tr\/index.php\/wp-json\/wp\/v2\/product\/703768","targetHints":{"allow":["GET"]}}],"collection":[{"href":"https:\/\/roveyayinevi.com.tr\/index.php\/wp-json\/wp\/v2\/product"}],"about":[{"href":"https:\/\/roveyayinevi.com.tr\/index.php\/wp-json\/wp\/v2\/types\/product"}],"wp:attachment":[{"href":"https:\/\/roveyayinevi.com.tr\/index.php\/wp-json\/wp\/v2\/media?parent=703768"}],"wp:term":[{"taxonomy":"product_brand","embeddable":true,"href":"https:\/\/roveyayinevi.com.tr\/index.php\/wp-json\/wp\/v2\/product_brand?post=703768"},{"taxonomy":"product_cat","embeddable":true,"href":"https:\/\/roveyayinevi.com.tr\/index.php\/wp-json\/wp\/v2\/product_cat?post=703768"},{"taxonomy":"product_tag","embeddable":true,"href":"https:\/\/roveyayinevi.com.tr\/index.php\/wp-json\/wp\/v2\/product_tag?post=703768"}],"curies":[{"name":"wp","href":"https:\/\/api.w.org\/{rel}","templated":true}]}}