{"id":703757,"date":"2025-08-27T15:29:01","date_gmt":"2025-08-27T12:29:01","guid":{"rendered":"https:\/\/roveyayinevi.com.tr\/index.php\/urun\/fizi-k-ve-gizemli-tas\/"},"modified":"2026-04-16T02:12:59","modified_gmt":"2026-04-15T23:12:59","slug":"fizi-k-ve-gizemli-tas","status":"publish","type":"product","link":"https:\/\/roveyayinevi.com.tr\/index.php\/urun\/fizi-k-ve-gizemli-tas\/","title":{"rendered":"Fizi K ve Gizemli Ta\u015f"},"content":{"rendered":"<p>Fizi, ne oldu\u011funu anlamad\u0131\u011f\u0131 bu nesneyi avucunun i\u00e7inde s\u0131k\u0131 s\u0131k\u0131 tutuyordu. Etraf\u0131na bak\u0131nd\u0131. Kimseye fark ettirmeden avucuna bir g\u00f6z att\u0131. Bu nesne, rengi ya\u011fmur bulutlar\u0131 gibi gri, kaygan bir ta\u015ft\u0131. Boyu ba\u015fparma\u011f\u0131ndan biraz daha uzun ve geni\u015fti. Bu ta\u015fta bir ola\u011fan\u00fcst\u00fcl\u00fck vard\u0131 ama neydi&#8230; \ufffcTan\u0131t\u0131m Metni<\/p>\n","protected":false},"excerpt":{"rendered":"<p>Fizi, ne oldu\u011funu anlamad\u0131\u011f\u0131 bu nesneyi avucunun i\u00e7inde s\u0131k\u0131 s\u0131k\u0131 tutuyordu. Etraf\u0131na bak\u0131nd\u0131. Kimseye fark ettirmeden avucuna bir g\u00f6z att\u0131. Bu nesne, rengi ya\u011fmur bulutlar\u0131 gibi<span class=\"excerpt-hellip\"> [\u2026]<\/span><\/p>\n","protected":false},"featured_media":0,"template":"","meta":{"_monsterinsights_skip_tracking":false,"_monsterinsights_sitenote_active":false,"_monsterinsights_sitenote_note":"","_monsterinsights_sitenote_category":0},"product_brand":[],"product_cat":[13829,12274],"product_tag":[],"class_list":{"0":"post-703757","1":"product","2":"type-product","3":"status-publish","5":"product_cat-bilimsel-kitaplar","6":"product_cat-cocuk-ve-genclik-kitaplari","7":"pa_tur-kitap","8":"pa_yayinevi-odtu-gelistirme-vakfi-yayincilik","9":"pa_yazar-blandine-pluchet","11":"first","12":"instock","13":"sale","14":"shipping-taxable","15":"purchasable","16":"product-type-simple"},"_links":{"self":[{"href":"https:\/\/roveyayinevi.com.tr\/index.php\/wp-json\/wp\/v2\/product\/703757","targetHints":{"allow":["GET"]}}],"collection":[{"href":"https:\/\/roveyayinevi.com.tr\/index.php\/wp-json\/wp\/v2\/product"}],"about":[{"href":"https:\/\/roveyayinevi.com.tr\/index.php\/wp-json\/wp\/v2\/types\/product"}],"wp:attachment":[{"href":"https:\/\/roveyayinevi.com.tr\/index.php\/wp-json\/wp\/v2\/media?parent=703757"}],"wp:term":[{"taxonomy":"product_brand","embeddable":true,"href":"https:\/\/roveyayinevi.com.tr\/index.php\/wp-json\/wp\/v2\/product_brand?post=703757"},{"taxonomy":"product_cat","embeddable":true,"href":"https:\/\/roveyayinevi.com.tr\/index.php\/wp-json\/wp\/v2\/product_cat?post=703757"},{"taxonomy":"product_tag","embeddable":true,"href":"https:\/\/roveyayinevi.com.tr\/index.php\/wp-json\/wp\/v2\/product_tag?post=703757"}],"curies":[{"name":"wp","href":"https:\/\/api.w.org\/{rel}","templated":true}]}}