{"id":703753,"date":"2025-08-27T15:28:59","date_gmt":"2025-08-27T12:28:59","guid":{"rendered":"https:\/\/roveyayinevi.com.tr\/index.php\/urun\/kapital-manga-cilt-1-kurtce\/"},"modified":"2026-04-16T02:12:59","modified_gmt":"2026-04-15T23:12:59","slug":"kapital-manga-cilt-1-kurtce","status":"publish","type":"product","link":"https:\/\/roveyayinevi.com.tr\/index.php\/urun\/kapital-manga-cilt-1-kurtce\/","title":{"rendered":"Kapital Manga Cilt: 1 (K\u00fcrt\u00e7e)"},"content":{"rendered":"<p>Marksizmin en yayg\u0131n eseri Kom\u00fcnist Manifesto ve Kapital&#8217;in \u00e7izgi roman\u0131 Kapital Manga K\u00fcrt\u00e7ede! Man\u00eefestoya Komun\u00eest \u00fb x\u00eazeromana Kap\u00eetal\u00ea Kap\u00eetal Manga \u00ead\u00ee bi kurd\u00ee ne! T\u00fcrk\u00e7esi b\u00fcy\u00fck yank\u0131 yaratan Kapital Manga, \u015fimdi de K\u00fcrt\u00e7ede! Karl Marx&#8217;\u0131n temel ve oylumlu yap\u0131t\u0131 Kapital&#8217;in \u00e7izgi romana uyarlanm\u0131\u015f halini i\u00e7eren Kapital Manga, ilk olarak 2008 y\u0131l\u0131nda Japonya&#8217;da yay\u0131nlanm\u0131\u015f, 2009 y\u0131l\u0131nda da Yordam Kitap taraf\u0131ndan T\u00fcrk\u00e7eye \u00e7evrilmi\u015fti. Kapital Manga, Kapital&#8217;in \u00f6z\u00fcn\u00fc ve temel kavramlar\u0131n\u0131 bir peynir fabrikas\u0131ndaki \u00fcretim s\u00fcre\u00e7leri etraf\u0131nda geli\u015fen bir \u00f6yk\u00fcyle i\u00e7 i\u00e7e anlatmas\u0131 nedeniyle K\u00fcrt\u00e7ede de ilgiyle kar\u015f\u0131lanacak \u00f6zellikte. S\u00f6m\u00fcr\u00fcn\u00fcn nas\u0131l ger\u00e7ekle\u015fti\u011fini, kapitalist \u00fcretim s\u00fcrecinin nas\u0131l i\u015fledi\u011fini \u00f6yk\u00fcle\u015ftirerek, \u00e7arp\u0131c\u0131 diyaloglarla ve \u00e7izginin g\u00fcc\u00fcn\u00fc kullanarak anlatan Kapital Manga&#8217;n\u0131n K\u00fcrt\u00e7e bas\u0131m\u0131, hem K\u00fcrt\u00e7eyi iyi bilenler i\u00e7in hem de K\u00fcrt\u00e7eyi \u00f6\u011frenme a\u015famas\u0131nda olan okurlar i\u00e7in zevkle okunabilecek bir kitap. Pirt\u00fbka duyem\u00een a ku Yordam K\u00eetap\u00ea li kelepora kurd\u00ee z\u00eade kiriye j\u00ee x\u00eazeromana berhema bingeh\u00een a Karl Marks Kap\u00eetal Manga ye. Kap\u00eetal Manga cara p\u00ea\u015f\u00een di sala 2008&#8217;an de li Japonyay\u00ea hatiye we\u015fandin, pi\u015ftre di sala 2009&#8217;an de ji h\u00eala Yordam K\u00eetap\u00ea ve li tirk\u00ee hatiye wergerandin. Her wek\u00ee li Japonyay\u00ea li Tirkiyey\u00ea j\u00ee pirt\u00fbk\u00ea gelek\u00ee bal ki\u015fandiye ser xwe. Di v\u00ea pirt\u00fbk\u00ea de puxteya Kap\u00eetal\u00ea \u00fb t\u00eagih\u00ean bingeh\u00een bi al\u00eekariya \u00e7\u00eerokeke ku p\u00eavajoya hilberandin\u00ea ya li pal\u00fbkeya pen\u00ear vedib\u00eaje, t\u00ean p\u00ea\u015fk\u00ea\u015fkirin. Ji ber ziman \u00fb \u015f\u00eawaza xwe, em bawer dikin ku d\u00ea ev pirt\u00fbk bi kurd\u00ee j\u00ee gelek\u00ee bal\u00ea biki\u015f\u00eene ser xwe. Di Kap\u00eetal Mangay\u00ea de r\u00ea \u00fb r\u00eabaz\u00ean kedxwariy\u00ea \u00fb domana hilber\u00eena kap\u00eetal\u00eest bi zimanek\u00ee \u00e7\u00eerok\u00ee, bi diyalog\u00ean balk\u00ea\u015f \u00fb bi h\u00eaza x\u00eazan t\u00ean p\u00ea\u015fk\u00ea\u015fkirin. Ji ber van taybetiy\u00ean xwe ev pirt\u00fbk d\u00ea hem bala kes\u00ean ku bi kurd\u00ee dizanin, hem j\u00ee kes\u00ean ku dixwazin h\u00een\u00ee kurd\u00ee bibin an j\u00ee kurdiya xwe bi p\u00ea\u015f bixin were. \ufffcTan\u0131t\u0131m Metni<\/p>\n","protected":false},"excerpt":{"rendered":"<p>Marksizmin en yayg\u0131n eseri Kom\u00fcnist Manifesto ve Kapital&#8217;in \u00e7izgi roman\u0131 Kapital Manga K\u00fcrt\u00e7ede! Man\u00eefestoya Komun\u00eest \u00fb x\u00eazeromana Kap\u00eetal\u00ea Kap\u00eetal Manga \u00ead\u00ee bi kurd\u00ee ne! T\u00fcrk\u00e7esi b\u00fcy\u00fck<span class=\"excerpt-hellip\"> [\u2026]<\/span><\/p>\n","protected":false},"featured_media":0,"template":"","meta":{"_monsterinsights_skip_tracking":false,"_monsterinsights_sitenote_active":false,"_monsterinsights_sitenote_note":"","_monsterinsights_sitenote_category":0},"product_brand":[],"product_cat":[12689,12274],"product_tag":[],"class_list":{"0":"post-703753","1":"product","2":"type-product","3":"status-publish","5":"product_cat-cizgi-roman-cocuk-ve-genclik-kitaplari","6":"product_cat-cocuk-ve-genclik-kitaplari","7":"pa_cilt-ciltsiz","8":"pa_tur-kitap","9":"pa_yayinevi-yordam-kitap","10":"pa_yazar-karl-marx","12":"first","13":"instock","14":"sale","15":"shipping-taxable","16":"purchasable","17":"product-type-simple"},"_links":{"self":[{"href":"https:\/\/roveyayinevi.com.tr\/index.php\/wp-json\/wp\/v2\/product\/703753","targetHints":{"allow":["GET"]}}],"collection":[{"href":"https:\/\/roveyayinevi.com.tr\/index.php\/wp-json\/wp\/v2\/product"}],"about":[{"href":"https:\/\/roveyayinevi.com.tr\/index.php\/wp-json\/wp\/v2\/types\/product"}],"wp:attachment":[{"href":"https:\/\/roveyayinevi.com.tr\/index.php\/wp-json\/wp\/v2\/media?parent=703753"}],"wp:term":[{"taxonomy":"product_brand","embeddable":true,"href":"https:\/\/roveyayinevi.com.tr\/index.php\/wp-json\/wp\/v2\/product_brand?post=703753"},{"taxonomy":"product_cat","embeddable":true,"href":"https:\/\/roveyayinevi.com.tr\/index.php\/wp-json\/wp\/v2\/product_cat?post=703753"},{"taxonomy":"product_tag","embeddable":true,"href":"https:\/\/roveyayinevi.com.tr\/index.php\/wp-json\/wp\/v2\/product_tag?post=703753"}],"curies":[{"name":"wp","href":"https:\/\/api.w.org\/{rel}","templated":true}]}}

Kapital Manga Cilt: 1 (Kürtçe)

<p>Marksizmin en yaygın eseri Komünist Manifesto ve Kapital&#8217;in çizgi romanı Kapital Manga Kürtçede! Manîfestoya Komunîst û xêzeromana Kapîtalê Kapîtal Manga êdî bi kurdî ne! Türkçesi büyük yankı yaratan Kapital Manga, şimdi de Kürtçede! Karl Marx&#8217;ın temel ve oylumlu yapıtı Kapital&#8217;in çizgi romana uyarlanmış halini içeren Kapital Manga, ilk olarak 2008 yılında Japonya&#8217;da yayınlanmış, 2009 yılında da Yordam Kitap tarafından Türkçeye çevrilmişti. Kapital Manga, Kapital&#8217;in özünü ve temel kavramlarını bir peynir fabrikasındaki üretim süreçleri etrafında gelişen bir öyküyle iç içe anlatması nedeniyle Kürtçede de ilgiyle karşılanacak özellikte. Sömürünün nasıl gerçekleştiğini, kapitalist üretim sürecinin nasıl işlediğini öyküleştirerek, çarpıcı diyaloglarla ve çizginin gücünü kullanarak anlatan Kapital Manga&#8217;nın Kürtçe basımı, hem Kürtçeyi iyi bilenler için hem de Kürtçeyi öğrenme aşamasında olan okurlar için zevkle okunabilecek bir kitap. Pirtûka duyemîn a ku Yordam Kîtapê li kelepora kurdî zêde kiriye jî xêzeromana berhema bingehîn a Karl Marks Kapîtal Manga ye. Kapîtal Manga cara pêşîn di sala 2008&#8217;an de li Japonyayê hatiye weşandin, piştre di sala 2009&#8217;an de ji hêla Yordam Kîtapê ve li tirkî hatiye wergerandin. Her wekî li Japonyayê li Tirkiyeyê jî pirtûkê gelekî bal kişandiye ser xwe. Di vê pirtûkê de puxteya Kapîtalê û têgihên bingehîn bi alîkariya çîrokeke ku pêvajoya hilberandinê ya li palûkeya penêr vedibêje, tên pêşkêşkirin. Ji ber ziman û şêwaza xwe, em bawer dikin ku dê ev pirtûk bi kurdî jî gelekî balê bikişîne ser xwe. Di Kapîtal Mangayê de rê û rêbazên kedxwariyê û domana hilberîna kapîtalîst bi zimanekî çîrokî, bi diyalogên balkêş û bi hêza xêzan tên pêşkêşkirin. Ji ber van taybetiyên xwe ev pirtûk dê hem bala kesên ku bi kurdî dizanin, hem jî kesên ku dixwazin hînî kurdî bibin an jî kurdiya xwe bi pêş bixin were. ￼Tanıtım Metni</p>

<p>Marksizmin en yaygın eseri Komünist Manifesto ve Kapital&#8217;in çizgi romanı Kapital Manga Kürtçede! Manîfestoya Komunîst û xêzeromana Kapîtalê Kapîtal Manga êdî bi kurdî ne! Türkçesi büyük<span class="excerpt-hellip"> […]</span></p>
