{"id":703751,"date":"2025-08-27T15:28:58","date_gmt":"2025-08-27T12:28:58","guid":{"rendered":"https:\/\/roveyayinevi.com.tr\/index.php\/urun\/karahindiba-sarabi\/"},"modified":"2026-04-16T02:12:58","modified_gmt":"2026-04-15T23:12:58","slug":"karahindiba-sarabi","status":"publish","type":"product","link":"https:\/\/roveyayinevi.com.tr\/index.php\/urun\/karahindiba-sarabi\/","title":{"rendered":"Karahindiba \u015earab\u0131"},"content":{"rendered":"<p>D\u00fczyaz\u0131n\u0131n \u015fairi olarak da nitelendirilen Ray Bradbury bilimkurgudan polisiyeye, fantastikten korkuya pek \u00e7ok t\u00fcrde eserler verip Amerikan edebiyat\u0131n\u0131n en sevilen, en \u00e7ok okunan yazarlar\u0131ndan biri oldu ve edebi miras\u0131 dolay\u0131s\u0131yla hem Pulitzer Onur \u00d6d\u00fcl\u00fc\u2019ne hem de Amerikan Ulusal Sanat Madalyas\u0131\u2019na lay\u0131k g\u00f6r\u00fcld\u00fc. Kendi \u00e7ocuklu\u011fundan esinlenerek kaleme ald\u0131\u011f\u0131 roman\u0131 Karahindiba \u015earab\u0131, yazar\u0131n k\u00fclliyat\u0131ndaki di\u011fer eserlerden ayr\u0131\u015fsa da her zaman en \u00f6nemli metinlerinden biri olarak nitelendirildi.   On iki ya\u015f\u0131ndaki Douglas Spaulding, \u00f6l\u00fcm\u00fcn ka\u00e7\u0131n\u0131lmazl\u0131\u011f\u0131na ra\u011fmen ya\u015fama tutunman\u0131n ne demek oldu\u011funu anlayaca\u011f\u0131 yaz mevsimi boyunca ba\u015f\u0131ndan ge\u00e7ecekleri kayda ge\u00e7irmeye karar verir. Ya\u015fad\u0131\u011f\u0131 Green Town\u2019da mutluluk makinesi yapmaya \u00e7al\u0131\u015fan, hi\u00e7 gen\u00e7 olmad\u0131\u011f\u0131na inand\u0131r\u0131lan, anlatt\u0131klar\u0131yla \u00e7ocuklar\u0131 \u00e2deta zaman yolculu\u011funa \u00e7\u0131karan kom\u015fular\u0131n\u0131n hik\u00e2yelerine tan\u0131k olan Douglas, \u00e7evresinde ger\u00e7ekle\u015fen t\u00fcm co\u015fkuya ra\u011fmen kay\u0131p ve \u00f6l\u00fcmle de tan\u0131\u015f\u0131r.   Bradbury, bu yar\u0131otobiyografik roman\u0131nda ge\u00e7mi\u015fini olmas\u0131n\u0131 istedi\u011fi gibi yeniden canland\u0131r\u0131rken, okuru kendi cennetinde misafir ediyor.   \u201cHerkesin ba\u015flad\u0131\u011f\u0131 ya da ba\u015flamas\u0131 gerekti\u011fi gibi, ben de okumaya Bradbury\u2019yle ba\u015flad\u0131m ve t\u00fcm kitaplar\u0131n\u0131 okudum.\u201d \u2013Jonathan Lethem   \u201cRay Bradbury, Stephen King\u2019den Steven Spielberg\u2019e kadar \u00e7a\u011f\u0131m\u0131z\u0131n en b\u00fcy\u00fck hayalperestlerini derinden etkiledi.\u201d \u2013Junot D\u00edaz<\/p>\n","protected":false},"excerpt":{"rendered":"<p>D\u00fczyaz\u0131n\u0131n \u015fairi olarak da nitelendirilen Ray Bradbury bilimkurgudan polisiyeye, fantastikten korkuya pek \u00e7ok t\u00fcrde eserler verip Amerikan edebiyat\u0131n\u0131n en sevilen, en \u00e7ok okunan yazarlar\u0131ndan biri oldu<span class=\"excerpt-hellip\"> [\u2026]<\/span><\/p>\n","protected":false},"featured_media":0,"template":"","meta":{"_monsterinsights_skip_tracking":false,"_monsterinsights_sitenote_active":false,"_monsterinsights_sitenote_note":"","_monsterinsights_sitenote_category":0},"product_brand":[],"product_cat":[12291,12711],"product_tag":[],"class_list":{"0":"post-703751","1":"product","2":"type-product","3":"status-publish","5":"product_cat-edebiyat","6":"product_cat-roman-oyku","7":"pa_cilt-ciltsiz","8":"pa_tur-kitap","9":"pa_yayinevi-ithaki-yayinlari","10":"pa_yazar-ray-bradbury","12":"first","13":"instock","14":"sale","15":"shipping-taxable","16":"purchasable","17":"product-type-simple"},"_links":{"self":[{"href":"https:\/\/roveyayinevi.com.tr\/index.php\/wp-json\/wp\/v2\/product\/703751","targetHints":{"allow":["GET"]}}],"collection":[{"href":"https:\/\/roveyayinevi.com.tr\/index.php\/wp-json\/wp\/v2\/product"}],"about":[{"href":"https:\/\/roveyayinevi.com.tr\/index.php\/wp-json\/wp\/v2\/types\/product"}],"wp:attachment":[{"href":"https:\/\/roveyayinevi.com.tr\/index.php\/wp-json\/wp\/v2\/media?parent=703751"}],"wp:term":[{"taxonomy":"product_brand","embeddable":true,"href":"https:\/\/roveyayinevi.com.tr\/index.php\/wp-json\/wp\/v2\/product_brand?post=703751"},{"taxonomy":"product_cat","embeddable":true,"href":"https:\/\/roveyayinevi.com.tr\/index.php\/wp-json\/wp\/v2\/product_cat?post=703751"},{"taxonomy":"product_tag","embeddable":true,"href":"https:\/\/roveyayinevi.com.tr\/index.php\/wp-json\/wp\/v2\/product_tag?post=703751"}],"curies":[{"name":"wp","href":"https:\/\/api.w.org\/{rel}","templated":true}]}}