{"id":703731,"date":"2025-08-27T15:28:49","date_gmt":"2025-08-27T12:28:49","guid":{"rendered":"https:\/\/roveyayinevi.com.tr\/index.php\/urun\/cinayetti\/"},"modified":"2026-04-03T02:17:29","modified_gmt":"2026-04-02T23:17:29","slug":"cinayetti","status":"publish","type":"product","link":"https:\/\/roveyayinevi.com.tr\/index.php\/urun\/cinayetti\/","title":{"rendered":"Cinayetti"},"content":{"rendered":"<p>\u0130li\u015fkileri kad\u0131n a\u00e7\u0131s\u0131ndan tehlikeli k\u0131lan bu durum, s\u0131r de\u011fil. G\u00fcn gibi ortada! \u0130stismara a\u00e7\u0131k&#8230; Bah\u00e7edeki en g\u00fczel \u00e7i\u00e7e\u011fin kopar\u0131lmas\u0131n\u0131 and\u0131r\u0131yor. \u0130\u00e7g\u00fcd\u00fcleriyle ana\u00e7 tavuk olan kad\u0131n, t\u00fcm k\u00fcmesi isteyen horoza, kolay lokma\u2026 Av. Ba\u011flanmaktan korktu\u011fu halde a\u015fk laf\u0131 edene, a\u015fk\u0131 duyar duymaz atl\u0131yor. Vaatlerle g\u00f6z\u00fc boyan\u0131p ayaklar\u0131 yerden kesilmi\u015f, oltadaki yemi \u00e7abuk yutuyor. Duygu taciri cana kastettik\u00e7e, niceleri \u00f6l\u00fcyor. Tuhaf\u0131, kanmaktan vazge\u00e7meyi\u015f\u2026 \u0130ntihara meyilli, cinayete yine izin veri\u015f\u2026 &#8220;Cinayetti&#8221;, \u015eenay Akdemir&#8217;in \u00fc\u00e7\u00fcnc\u00fc roman\u0131. Yazar, sevgisizli\u011fin yok edici g\u00fcc\u00fcn\u00fc tan\u0131mlamaya \u00e7a\u011f\u0131r\u0131yor okurunu. Y\u00fcreklendirerek \u00fcstelik\u2026 Zira tan\u0131, tedavinin ilk ad\u0131m\u0131d\u0131r. <\/p>\n","protected":false},"excerpt":{"rendered":"<p>\u0130li\u015fkileri kad\u0131n a\u00e7\u0131s\u0131ndan tehlikeli k\u0131lan bu durum, s\u0131r de\u011fil. G\u00fcn gibi ortada! \u0130stismara a\u00e7\u0131k&#8230; Bah\u00e7edeki en g\u00fczel \u00e7i\u00e7e\u011fin kopar\u0131lmas\u0131n\u0131 and\u0131r\u0131yor. \u0130\u00e7g\u00fcd\u00fcleriyle ana\u00e7 tavuk olan kad\u0131n, t\u00fcm<span class=\"excerpt-hellip\"> [\u2026]<\/span><\/p>\n","protected":false},"featured_media":0,"template":"","meta":{"_monsterinsights_skip_tracking":false,"_monsterinsights_sitenote_active":false,"_monsterinsights_sitenote_note":"","_monsterinsights_sitenote_category":0},"product_brand":[],"product_cat":[12291,12711],"product_tag":[],"class_list":{"0":"post-703731","1":"product","2":"type-product","3":"status-publish","5":"product_cat-edebiyat","6":"product_cat-roman-oyku","7":"pa_cilt-ciltsiz","8":"pa_tur-kitap","9":"pa_yayinevi-bencekitap","10":"pa_yazar-senay-akdemir","12":"first","13":"instock","14":"sale","15":"shipping-taxable","16":"purchasable","17":"product-type-simple"},"_links":{"self":[{"href":"https:\/\/roveyayinevi.com.tr\/index.php\/wp-json\/wp\/v2\/product\/703731","targetHints":{"allow":["GET"]}}],"collection":[{"href":"https:\/\/roveyayinevi.com.tr\/index.php\/wp-json\/wp\/v2\/product"}],"about":[{"href":"https:\/\/roveyayinevi.com.tr\/index.php\/wp-json\/wp\/v2\/types\/product"}],"wp:attachment":[{"href":"https:\/\/roveyayinevi.com.tr\/index.php\/wp-json\/wp\/v2\/media?parent=703731"}],"wp:term":[{"taxonomy":"product_brand","embeddable":true,"href":"https:\/\/roveyayinevi.com.tr\/index.php\/wp-json\/wp\/v2\/product_brand?post=703731"},{"taxonomy":"product_cat","embeddable":true,"href":"https:\/\/roveyayinevi.com.tr\/index.php\/wp-json\/wp\/v2\/product_cat?post=703731"},{"taxonomy":"product_tag","embeddable":true,"href":"https:\/\/roveyayinevi.com.tr\/index.php\/wp-json\/wp\/v2\/product_tag?post=703731"}],"curies":[{"name":"wp","href":"https:\/\/api.w.org\/{rel}","templated":true}]}}